000
CDUS41 KALY 010624
CLIPSF


CLIMATE REPORT
NATIONAL WEATHER SERVICE ALBANY NY
224 AM EDT WED JUN 1 2016


...................................

...THE PITTSFIELD MA CLIMATE SUMMARY FOR MAY 31 2016...

CLIMATE NORMAL PERIOD 1981 TO 2010
CLIMATE RECORD PERIOD 9999 TO 9999


WEATHER ITEM   OBSERVED TIME   NORMAL DEPARTURE LAST
                VALUE   (LST)  VALUE  FROM      YEAR
                                      NORMAL
......................................................
TEMPERATURE (F)
 YESTERDAY
  MAXIMUM         79    304 PM  71      8       69
  MINIMUM         56   1159 PM  48      8       49
  AVERAGE         68            59      9       59

PRECIPITATION (IN)
  YESTERDAY        0.00          0.16  -0.16     0.28
  MONTH TO DATE    3.98          4.21  -0.23     1.58
  SINCE MAR 1      8.73         11.44  -2.71     6.05
  SINCE JAN 1     14.10         17.04  -2.94    11.14

DEGREE DAYS
 HEATING
  YESTERDAY        0             6     -6        6
  MONTH TO DATE  313           325    -12      172
  SINCE MAR 1   1762          1980   -218     2001
  SINCE JUL 1   6129          7360  -1231     7664

 COOLING
  YESTERDAY        3             1      2        0
  MONTH TO DATE   41            11     30       44
  SINCE MAR 1     41            13     28       44
  SINCE JAN 1     41            13     28       44
......................................................


WIND (MPH)
  HIGHEST WIND SPEED    22   HIGHEST WIND DIRECTION     W (280)
  HIGHEST GUST SPEED    31   HIGHEST GUST DIRECTION    NW (310)
  AVERAGE WIND SPEED     8.0


SKY COVER
  AVERAGE SKY COVER 0.1



RELATIVE HUMIDITY (PERCENT)
 HIGHEST   100
 LOWEST     33
 AVERAGE    67

..........................................................


THE PITTSFIELD MA CLIMATE NORMALS FOR TODAY
                         NORMAL
 MAXIMUM TEMPERATURE (F)   71
 MINIMUM TEMPERATURE (F)   49


SUNRISE AND SUNSET
JUNE  1 2016..........SUNRISE   519 AM EDT   SUNSET   824 PM EDT
JUNE  2 2016..........SUNRISE   518 AM EDT   SUNSET   825 PM EDT


-  INDICATES NEGATIVE NUMBERS.
R  INDICATES RECORD WAS SET OR TIED.
MM INDICATES DATA IS MISSING.
T  INDICATES TRACE AMOUNT.




$$
