000
CDUS41 KALY 240624
CLIPSF


CLIMATE REPORT
NATIONAL WEATHER SERVICE ALBANY NY
223 AM EDT THU AUG 24 2017


...................................

...THE PITTSFIELD MA CLIMATE SUMMARY FOR AUGUST 23 2017...

CLIMATE NORMAL PERIOD 1981 TO 2010
CLIMATE RECORD PERIOD 9999 TO 9999


WEATHER ITEM   OBSERVED TIME   NORMAL DEPARTURE LAST
                VALUE   (LST)  VALUE  FROM      YEAR
                                      NORMAL
......................................................
TEMPERATURE (F)
 YESTERDAY
  MAXIMUM         73    256 PM  76     -3       74
  MINIMUM         53   1159 PM  55     -2       45
  AVERAGE         63            66     -3       60

PRECIPITATION (IN)
  YESTERDAY        0.08          0.13  -0.05     0.00
  MONTH TO DATE    4.59          3.11   1.48     2.61
  SINCE JUN 1     12.01         11.76   0.25     9.26
  SINCE JAN 1     30.79         28.80   1.99    23.36

DEGREE DAYS
 HEATING
  YESTERDAY        2             2      0        5
  MONTH TO DATE   14            25    -11       11
  SINCE JUN 1    143           157    -14       98
  SINCE JUL 1     37            56    -19       22

 COOLING
  YESTERDAY        0             2     -2        0
  MONTH TO DATE   68            80    -12      119
  SINCE JUN 1    256           244     12      313
  SINCE JAN 1    270           257     13      354
......................................................


WIND (MPH)
  HIGHEST WIND SPEED    21   HIGHEST WIND DIRECTION     W (280)
  HIGHEST GUST SPEED    27   HIGHEST GUST DIRECTION     W (280)
  AVERAGE WIND SPEED     6.7


SKY COVER
  AVERAGE SKY COVER 0.4



RELATIVE HUMIDITY (PERCENT)
 HIGHEST    93
 LOWEST     46
 AVERAGE    70

..........................................................


THE PITTSFIELD MA CLIMATE NORMALS FOR TODAY
                         NORMAL
 MAXIMUM TEMPERATURE (F)   76
 MINIMUM TEMPERATURE (F)   55


SUNRISE AND SUNSET
AUGUST 24 2017........SUNRISE   610 AM EDT   SUNSET   740 PM EDT
AUGUST 25 2017........SUNRISE   611 AM EDT   SUNSET   739 PM EDT


-  INDICATES NEGATIVE NUMBERS.
R  INDICATES RECORD WAS SET OR TIED.
MM INDICATES DATA IS MISSING.
T  INDICATES TRACE AMOUNT.




$$
