000
CDUS41 KALY 180625
CLIPSF


CLIMATE REPORT
NATIONAL WEATHER SERVICE ALBANY NY
223 AM EDT WED OCT 18 2017


...................................

...THE PITTSFIELD MA CLIMATE SUMMARY FOR OCTOBER 17 2017...

CLIMATE NORMAL PERIOD 1981 TO 2010
CLIMATE RECORD PERIOD 9999 TO 9999


WEATHER ITEM   OBSERVED TIME   NORMAL DEPARTURE LAST
                VALUE   (LST)  VALUE  FROM      YEAR
                                      NORMAL
......................................................
TEMPERATURE (F)
 YESTERDAY
  MAXIMUM         54    329 PM  57     -3       69
  MINIMUM         29    640 AM  37     -8       56
  AVERAGE         42            47     -5       63

PRECIPITATION (IN)
  YESTERDAY        0.00          0.17  -0.17      T
  MONTH TO DATE    1.27          2.88  -1.61     0.20
  SINCE SEP 1      4.05          6.84  -2.79     2.07
  SINCE JAN 1     34.84         36.62  -1.78    25.44

DEGREE DAYS
 HEATING
  YESTERDAY       23            18      5        2
  MONTH TO DATE  158           261   -103      218
  SINCE SEP 1    294           475   -181      346
  SINCE JUL 1    380           553   -173      370

 COOLING
  YESTERDAY        0             0      0        0
  MONTH TO DATE    6             0      6        0
  SINCE SEP 1     79            19     60       50
  SINCE JAN 1    349           289     60      431
......................................................


WIND (MPH)
  HIGHEST WIND SPEED    10   HIGHEST WIND DIRECTION     W (260)
  HIGHEST GUST SPEED    16   HIGHEST GUST DIRECTION     W (270)
  AVERAGE WIND SPEED     3.0


SKY COVER
  AVERAGE SKY COVER 0.0



RELATIVE HUMIDITY (PERCENT)
 HIGHEST    85
 LOWEST     32
 AVERAGE    59

..........................................................


THE PITTSFIELD MA CLIMATE NORMALS FOR TODAY
                         NORMAL
 MAXIMUM TEMPERATURE (F)   57
 MINIMUM TEMPERATURE (F)   37


SUNRISE AND SUNSET
OCTOBER 18 2017.......SUNRISE   710 AM EDT   SUNSET   606 PM EDT
OCTOBER 19 2017.......SUNRISE   711 AM EDT   SUNSET   605 PM EDT


-  INDICATES NEGATIVE NUMBERS.
R  INDICATES RECORD WAS SET OR TIED.
MM INDICATES DATA IS MISSING.
T  INDICATES TRACE AMOUNT.




$$
