000
CDUS41 KALY 280623
CLIPSF


CLIMATE REPORT
NATIONAL WEATHER SERVICE ALBANY NY
122 AM EST SAT FEB 28 2015


...................................

...THE PITTSFIELD MA CLIMATE SUMMARY FOR FEBRUARY 27 2015...

CLIMATE NORMAL PERIOD 1981 TO 2010
CLIMATE RECORD PERIOD 9999 TO 9999


WEATHER ITEM   OBSERVED TIME   NORMAL DEPARTURE LAST
                VALUE   (LST)  VALUE  FROM      YEAR
                                      NORMAL
......................................................
TEMPERATURE (F)
 YESTERDAY
  MAXIMUM         19   1251 PM  36    -17       21
  MINIMUM          3    704 AM  18    -15       -1
  AVERAGE         11            27    -16       10

PRECIPITATION (IN)
  YESTERDAY        0.00          0.10  -0.10     0.06
  MONTH TO DATE    1.73          2.59  -0.86     3.03
  SINCE DEC 1      8.84          8.51   0.33     9.17
  SINCE JAN 1      5.09          5.51  -0.42     6.38

DEGREE DAYS
 HEATING
  YESTERDAY       54            38     16       55
  MONTH TO DATE 1446          1118    328     1212
  SINCE DEC 1   3988          3692    296     3811
  SINCE JUL 1   5610          5343    267     5491

 COOLING
  YESTERDAY        0             0      0        0
  MONTH TO DATE    0             0      0        0
  SINCE DEC 1      0             0      0        0
  SINCE JAN 1      0             0      0        0
......................................................


WIND (MPH)
  HIGHEST WIND SPEED    16   HIGHEST WIND DIRECTION    NW (300)
  HIGHEST GUST SPEED    23   HIGHEST GUST DIRECTION    NW (300)
  AVERAGE WIND SPEED     7.9


SKY COVER
  AVERAGE SKY COVER 0.3



RELATIVE HUMIDITY (PERCENT)
 HIGHEST    83
 LOWEST     42
 AVERAGE    63

..........................................................


THE PITTSFIELD MA CLIMATE NORMALS FOR TODAY
                         NORMAL
 MAXIMUM TEMPERATURE (F)   36
 MINIMUM TEMPERATURE (F)   18


SUNRISE AND SUNSET
FEBRUARY 28 2015......SUNRISE   631 AM EST   SUNSET   541 PM EST
MARCH  1 2015.........SUNRISE   629 AM EST   SUNSET   543 PM EST


-  INDICATES NEGATIVE NUMBERS.
R  INDICATES RECORD WAS SET OR TIED.
MM INDICATES DATA IS MISSING.
T  INDICATES TRACE AMOUNT.




$$
