000
CDUS46 KSGX 191235
CLIPSP


CLIMATE REPORT
NATIONAL WEATHER SERVICE SAN DIEGO, CA
434 AM PST MON FEB 19 2018


...................................

...THE PALM SPRINGS INTL AIRPORT CA CLIMATE SUMMARY FOR FEBRUARY 18 2018...

CLIMATE NORMAL PERIOD 1981 TO 2010
CLIMATE RECORD PERIOD 1893 TO 2018


WEATHER ITEM   OBSERVED TIME   RECORD YEAR NORMAL DEPARTURE LAST
                VALUE   (LST)  VALUE       VALUE  FROM      YEAR
                                                  NORMAL
..................................................................
TEMPERATURE (F)
 YESTERDAY
  MAXIMUM         76    357 PM  95    1981  73      3       60
  MINIMUM         47    610 AM  30    1956  48     -1       53
  AVERAGE         62                        61      1       57

PRECIPITATION (IN)
  YESTERDAY        0.00          0.74 1980   0.05  -0.05     0.34
  MONTH TO DATE    0.00                      0.60  -0.60     0.48
  SINCE OCT 1      1.45                      3.45  -2.00     5.80
  SINCE JAN 1      1.45                      1.60  -0.15     4.01

DEGREE DAYS
 HEATING
  YESTERDAY        3                         5     -2        8
  MONTH TO DATE   20                       110    -90       30
  SINCE DEC 1    184                       641   -457      542
  SINCE JUL 1    184                       737   -553      603

 COOLING
  YESTERDAY        0                         1     -1        0
  MONTH TO DATE   64                        17     47       44
  SINCE DEC 1    142                        29    113       45
  SINCE JAN 1    113                        25     88       44
..................................................................


WIND (MPH)
  RESULTANT WIND SPEED   4   RESULTANT WIND DIRECTION   E (100)
  HIGHEST WIND SPEED    24   HIGHEST WIND DIRECTION     N (350)
  HIGHEST GUST SPEED    30   HIGHEST GUST DIRECTION     N (340)
  AVERAGE WIND SPEED     5.8


SKY COVER
  POSSIBLE SUNSHINE  MM
  AVERAGE SKY COVER 0.0


WEATHER CONDITIONS
 THE FOLLOWING WEATHER WAS RECORDED YESTERDAY.
  NO SIGNIFICANT WEATHER WAS OBSERVED.


RELATIVE HUMIDITY (PERCENT)
 HIGHEST    50           300 AM
 LOWEST     19           200 PM
 AVERAGE    35

..........................................................


THE PALM SPRINGS INTL AIRPORT CA CLIMATE NORMALS FOR TODAY
                         NORMAL    RECORD    YEAR
 MAXIMUM TEMPERATURE (F)   73        94      1977
 MINIMUM TEMPERATURE (F)   49        32      1952
                                             1944


SUNRISE AND SUNSET
FEBRUARY 19 2018......SUNRISE   626 AM PST   SUNSET   534 PM PST
FEBRUARY 20 2018......SUNRISE   625 AM PST   SUNSET   535 PM PST


-  INDICATES NEGATIVE NUMBERS.
R  INDICATES RECORD WAS SET OR TIED.
MM INDICATES DATA IS MISSING.
T  INDICATES TRACE AMOUNT.




$$
