000
CDUS46 KSGX 250117
CLIPSP


CLIMATE REPORT
NATIONAL WEATHER SERVICE SAN DIEGO, CA
517 PM PST FRI NOV 24 2017


...................................

...THE PALM SPRINGS INTL AIRPORT CA CLIMATE SUMMARY FOR NOVEMBER 24 2017...
VALID TODAY AS OF 0500 PM LOCAL TIME.

CLIMATE NORMAL PERIOD 1981 TO 2010
CLIMATE RECORD PERIOD 1893 TO 2017


WEATHER ITEM   OBSERVED TIME   RECORD YEAR NORMAL DEPARTURE LAST
                VALUE   (LST)  VALUE       VALUE  FROM      YEAR
                                                  NORMAL
..................................................................
TEMPERATURE (F)
 TODAY
  MAXIMUM         90    233 PM  93    1933  73     17       78
  MINIMUM         61    353 AM  34    1941  49     12       54
                                      1931
  AVERAGE         76                        61     15       66

PRECIPITATION (IN)
  TODAY            0.00          0.90 1978   0.02  -0.02     0.00
  MONTH TO DATE    T                         0.38  -0.38     0.14
  SINCE OCT 1      T                         0.82  -0.82     0.23
  SINCE JAN 1      7.17                      4.71   2.46     3.59

DEGREE DAYS
 HEATING
  TODAY            0                         5     -5        0
  MONTH TO DATE    0                        56    -56       11
  SINCE SEP 1      0                        60    -60       11
  SINCE JUL 1      0                        60    -60       11

 COOLING
  TODAY           11                         1     10        1
  MONTH TO DATE  153                        72     81      160
  SINCE SEP 1   1277                      1050    227     1153
  SINCE JAN 1   5160                      4134   1026     4808
..................................................................


WIND (MPH)
  RESULTANT WIND SPEED   2   RESULTANT WIND DIRECTION   N (10)
  HIGHEST WIND SPEED    10   HIGHEST WIND DIRECTION     N (340)
  HIGHEST GUST SPEED    11   HIGHEST GUST DIRECTION     E (100)
  AVERAGE WIND SPEED     4.8


SKY COVER
  POSSIBLE SUNSHINE  MM
  AVERAGE SKY COVER 0.0


WEATHER CONDITIONS
 THE FOLLOWING WEATHER WAS RECORDED TODAY.
  NO SIGNIFICANT WEATHER WAS OBSERVED.


RELATIVE HUMIDITY (PERCENT)
 HIGHEST    51           400 AM
 LOWEST     16           300 PM
 AVERAGE    34

..........................................................


THE PALM SPRINGS INTL AIRPORT CA CLIMATE NORMALS FOR TOMORROW
                         NORMAL    RECORD    YEAR
 MAXIMUM TEMPERATURE (F)   73        93      1933
 MINIMUM TEMPERATURE (F)   48        32      1952


SUNRISE AND SUNSET
NOVEMBER 24 2017......SUNRISE   627 AM PST   SUNSET   439 PM PST
NOVEMBER 25 2017......SUNRISE   628 AM PST   SUNSET   438 PM PST


-  INDICATES NEGATIVE NUMBERS.
R  INDICATES RECORD WAS SET OR TIED.
MM INDICATES DATA IS MISSING.
T  INDICATES TRACE AMOUNT.




$$
