000
CDUS46 KSGX 240016
CLIPSP


CLIMATE REPORT
NATIONAL WEATHER SERVICE SAN DIEGO, CA
516 PM PDT SAT MAY 23 2015


...................................

...THE PALM SPRINGS INTL AIRPORT CA CLIMATE SUMMARY FOR MAY 23 2015...
VALID TODAY AS OF 0500 PM LOCAL TIME.

CLIMATE NORMAL PERIOD 1981 TO 2010
CLIMATE RECORD PERIOD 1893 TO 2015


WEATHER ITEM   OBSERVED TIME   RECORD YEAR NORMAL DEPARTURE LAST
                VALUE   (LST)  VALUE       VALUE  FROM      YEAR
                                                  NORMAL
..................................................................
TEMPERATURE (F)
 TODAY
  MAXIMUM         83    153 PM 114    2001  95    -12       92
  MINIMUM         59    457 AM  49    1960  66     -7       64
  AVERAGE         71                        81    -10       78

PRECIPITATION (IN)
  TODAY            0.00          0.03 2008   0.01  -0.01     0.00
  MONTH TO DATE    0.12                      0.12   0.00      T
  SINCE OCT 1      2.21                      4.72  -2.51     0.93
  SINCE JAN 1      1.34                      2.87  -1.53     0.75

SNOWFALL (IN)
  TODAY            0.0
  MONTH TO DATE    0.0
  SINCE MAR 1      0.0
  SINCE JUL 1      0.0
  SNOW DEPTH       0

DEGREE DAYS
 HEATING
  TODAY            0                         0      0        0
  MONTH TO DATE    6                         0      6        0
  SINCE MAR 1     36                        94    -58       20
  SINCE JUL 1    407                       872   -465      431

 COOLING
  TODAY            6                        16    -10       13
  MONTH TO DATE  215                       303    -88      349
  SINCE MAR 1    806                       596    210      814
  SINCE JAN 1    926                       623    303      922
..................................................................


WIND (MPH)
  RESULTANT WIND SPEED   8   RESULTANT WIND DIRECTION  NW (320)
  HIGHEST WIND SPEED    28   HIGHEST WIND DIRECTION    NW (330)
  HIGHEST GUST SPEED    36   HIGHEST GUST DIRECTION    NW (330)
  AVERAGE WIND SPEED     9.6


SKY COVER
  POSSIBLE SUNSHINE  MM
  AVERAGE SKY COVER 0.1


WEATHER CONDITIONS
 THE FOLLOWING WEATHER WAS RECORDED TODAY.
  NO SIGNIFICANT WEATHER WAS OBSERVED.


RELATIVE HUMIDITY (PERCENT)
 HIGHEST    64           400 AM
 LOWEST     28           100 PM
 AVERAGE    46

..........................................................


THE PALM SPRINGS INTL AIRPORT CA CLIMATE NORMALS FOR TOMORROW
                         NORMAL    RECORD    YEAR
 MAXIMUM TEMPERATURE (F)   96       115      1952
 MINIMUM TEMPERATURE (F)   67        48      1960


SUNRISE AND SUNSET
MAY 23 2015...........SUNRISE   540 AM PDT   SUNSET   746 PM PDT
MAY 24 2015...........SUNRISE   539 AM PDT   SUNSET   747 PM PDT


-  INDICATES NEGATIVE NUMBERS.
R  INDICATES RECORD WAS SET OR TIED.
MM INDICATES DATA IS MISSING.
T  INDICATES TRACE AMOUNT.




$$
