000
CDUS46 KSGX 011430
CLIPSP


CLIMATE REPORT
NATIONAL WEATHER SERVICE SAN DIEGO, CA
729 AM PDT WED JUL 1 2015


...................................

...THE PALM SPRINGS INTL AIRPORT CA CLIMATE SUMMARY FOR JUNE 30 2015...

CLIMATE NORMAL PERIOD 1981 TO 2010
CLIMATE RECORD PERIOD 1893 TO 2015


WEATHER ITEM   OBSERVED TIME   RECORD YEAR NORMAL DEPARTURE LAST
                VALUE   (LST)  VALUE       VALUE  FROM      YEAR
                                                  NORMAL
..................................................................
TEMPERATURE (F)
 YESTERDAY
  MAXIMUM        106    421 PM 120    1950 106      0      107
  MINIMUM         88    522 AM  56    1943  75     13       81
  AVERAGE         97                        90      7       94

PRECIPITATION (IN)
  YESTERDAY        0.00          0.80 1980   0.00   0.00     0.00
  MONTH TO DATE    T                         0.06  -0.06     0.00
  SINCE OCT 1      2.21                      4.79  -2.58     0.93
  SINCE JAN 1      1.34                      2.94  -1.60     0.75

SNOWFALL (IN)
  YESTERDAY        0.0
  MONTH TO DATE    0.0
  SINCE JUN 1      0.0
  SINCE JUL 1      0.0
  SNOW DEPTH       0

DEGREE DAYS
 HEATING
  YESTERDAY        0                         0      0        0
  MONTH TO DATE    0                         0      0        0
  SINCE JUN 1      0                         0      0        0
  SINCE JUL 1    407                       874   -467      431

 COOLING
  YESTERDAY       32                        25      7       29
  MONTH TO DATE  786                       647    139      743
  SINCE JUN 1    786                       647    139      743
  SINCE JAN 1   1851                      1406    445     1853
..................................................................


WIND (MPH)
  RESULTANT WIND SPEED   2   RESULTANT WIND DIRECTION   N (20)
  HIGHEST WIND SPEED    29   HIGHEST WIND DIRECTION    NW (330)
  HIGHEST GUST SPEED    35   HIGHEST GUST DIRECTION     N (340)
  AVERAGE WIND SPEED     8.4


SKY COVER
  POSSIBLE SUNSHINE  MM
  AVERAGE SKY COVER 0.1


WEATHER CONDITIONS
 THE FOLLOWING WEATHER WAS RECORDED YESTERDAY.
  NO SIGNIFICANT WEATHER WAS OBSERVED.


RELATIVE HUMIDITY (PERCENT)
 HIGHEST    38           900 AM
 LOWEST     24           500 PM
 AVERAGE    31

..........................................................


THE PALM SPRINGS INTL AIRPORT CA CLIMATE NORMALS FOR TODAY
                         NORMAL    RECORD    YEAR
 MAXIMUM TEMPERATURE (F)  106       118      1967
 MINIMUM TEMPERATURE (F)   75        58      1933


SUNRISE AND SUNSET
JULY  1 2015..........SUNRISE   539 AM PDT   SUNSET   801 PM PDT
JULY  2 2015..........SUNRISE   539 AM PDT   SUNSET   801 PM PDT


-  INDICATES NEGATIVE NUMBERS.
R  INDICATES RECORD WAS SET OR TIED.
MM INDICATES DATA IS MISSING.
T  INDICATES TRACE AMOUNT.




$$
