595
CDUS46 KSGX 311420
CLIPSP


CLIMATE REPORT
NATIONAL WEATHER SERVICE SAN DIEGO, CA
719 AM PDT WED AUG 31 2016


...................................

...THE PALM SPRINGS INTL AIRPORT CA CLIMATE SUMMARY FOR AUGUST 30 2016...

CLIMATE NORMAL PERIOD 1981 TO 2010
CLIMATE RECORD PERIOD 1893 TO 2016


WEATHER ITEM   OBSERVED TIME   RECORD YEAR NORMAL DEPARTURE LAST
                VALUE   (LST)  VALUE       VALUE  FROM      YEAR
                                                  NORMAL
..................................................................
TEMPERATURE (F)
 YESTERDAY
  MAXIMUM        114    310 PM 119    1984 105      9      110
  MINIMUM         82    509 AM  52    1957  77      5       83
  AVERAGE         98                        91      7       97

PRECIPITATION (IN)
  YESTERDAY        0.00          0.60 2012   0.01  -0.01     0.00
  MONTH TO DATE    0.00                      0.33  -0.33      T
  SINCE OCT 1      2.63                      5.37  -2.74     2.63
  SINCE JAN 1      2.44                      3.52  -1.08     1.76

DEGREE DAYS
 HEATING
  YESTERDAY        0                         0      0        0
  MONTH TO DATE    0                         0      0        0
  SINCE JUN 1      0                         0      0        0
  SINCE JUL 1      0                         0      0        0

 COOLING
  YESTERDAY       33                        26      7       32
  MONTH TO DATE  878                       807     71      929
  SINCE JUN 1   2627                      2300    327     2519
  SINCE JAN 1   3624                      3059    565     3584
..................................................................


WIND (MPH)
  RESULTANT WIND SPEED   1   RESULTANT WIND DIRECTION   N (340)
  HIGHEST WIND SPEED    18   HIGHEST WIND DIRECTION    NW (330)
  HIGHEST GUST SPEED    25   HIGHEST GUST DIRECTION    NE (60)
  AVERAGE WIND SPEED     6.9


SKY COVER
  POSSIBLE SUNSHINE  MM
  AVERAGE SKY COVER 0.1


WEATHER CONDITIONS
 THE FOLLOWING WEATHER WAS RECORDED YESTERDAY.
  NO SIGNIFICANT WEATHER WAS OBSERVED.


RELATIVE HUMIDITY (PERCENT)
 HIGHEST    32           600 AM
 LOWEST      7           100 PM
 AVERAGE    20

..........................................................


THE PALM SPRINGS INTL AIRPORT CA CLIMATE NORMALS FOR TODAY
                         NORMAL    RECORD    YEAR
 MAXIMUM TEMPERATURE (F)  105       118      1950
 MINIMUM TEMPERATURE (F)   76        56      1957


SUNRISE AND SUNSET
AUGUST 31 2016........SUNRISE   619 AM PDT   SUNSET   712 PM PDT
SEPTEMBER  1 2016.....SUNRISE   620 AM PDT   SUNSET   711 PM PDT


-  INDICATES NEGATIVE NUMBERS.
R  INDICATES RECORD WAS SET OR TIED.
MM INDICATES DATA IS MISSING.
T  INDICATES TRACE AMOUNT.




$$
