000
CDUS46 KSGX 220125
CLIPSP


CLIMATE REPORT
NATIONAL WEATHER SERVICE SAN DIEGO, CA
525 PM PST SAT JAN 21 2017


...................................

...THE PALM SPRINGS INTL AIRPORT CA CLIMATE SUMMARY FOR JANUARY 21 2017...
VALID TODAY AS OF 0500 PM LOCAL TIME.

CLIMATE NORMAL PERIOD 1981 TO 2010
CLIMATE RECORD PERIOD 1893 TO 2017


WEATHER ITEM   OBSERVED TIME   RECORD YEAR NORMAL DEPARTURE LAST
                VALUE   (LST)  VALUE       VALUE  FROM      YEAR
                                                  NORMAL
..................................................................
TEMPERATURE (F)
 TODAY
  MAXIMUM         64    236 PM  92    1944  70     -6       74
  MINIMUM         49    121 AM  24    1937  46      3       51
  AVERAGE         57                        58     -1       63

PRECIPITATION (IN)
  TODAY            0.01          1.69 2010   0.03  -0.02     0.00
  MONTH TO DATE    1.63                      0.83   0.80     2.12
  SINCE OCT 1      3.42                      2.68   0.74     2.31
  SINCE JAN 1      1.63                      0.83   0.80     2.12

DEGREE DAYS
 HEATING
  TODAY            8                         7      1        2
  MONTH TO DATE  188                       171     17      205
  SINCE DEC 1    410                       461    -51      500
  SINCE JUL 1    471                       557    -86      607

 COOLING
  TODAY            0                         0      0        0
  MONTH TO DATE    0                         0      0        0
  SINCE DEC 1      1                         4     -3        0
  SINCE JAN 1      0                         0      0        0
..................................................................


WIND (MPH)
  RESULTANT WIND SPEED   8   RESULTANT WIND DIRECTION  NW (310)
  HIGHEST WIND SPEED    24   HIGHEST WIND DIRECTION    NW (310)
  HIGHEST GUST SPEED    36   HIGHEST GUST DIRECTION     W (280)
  AVERAGE WIND SPEED    10.2


SKY COVER
  POSSIBLE SUNSHINE  MM
  AVERAGE SKY COVER 0.2


WEATHER CONDITIONS
 THE FOLLOWING WEATHER WAS RECORDED TODAY.
  LIGHT RAIN


RELATIVE HUMIDITY (PERCENT)
 HIGHEST    93           200 AM
 LOWEST     36          1100 AM
 AVERAGE    65

..........................................................


THE PALM SPRINGS INTL AIRPORT CA CLIMATE NORMALS FOR TOMORROW
                         NORMAL    RECORD    YEAR
 MAXIMUM TEMPERATURE (F)   70        89      1948
 MINIMUM TEMPERATURE (F)   46        19      1937


SUNRISE AND SUNSET
JANUARY 21 2017.......SUNRISE   649 AM PST   SUNSET   506 PM PST
JANUARY 22 2017.......SUNRISE   648 AM PST   SUNSET   507 PM PST


-  INDICATES NEGATIVE NUMBERS.
R  INDICATES RECORD WAS SET OR TIED.
MM INDICATES DATA IS MISSING.
T  INDICATES TRACE AMOUNT.




$$
