000
CDUS46 KSGX 231435
CLIPSP


CLIMATE REPORT
NATIONAL WEATHER SERVICE SAN DIEGO, CA
735 AM PDT SUN APR 23 2017


...................................

...THE PALM SPRINGS INTL AIRPORT CA CLIMATE SUMMARY FOR APRIL 22 2017...

CLIMATE NORMAL PERIOD 1981 TO 2010
CLIMATE RECORD PERIOD 1893 TO 2017


WEATHER ITEM   OBSERVED TIME   RECORD YEAR NORMAL DEPARTURE LAST
                VALUE   (LST)  VALUE       VALUE  FROM      YEAR
                                                  NORMAL
..................................................................
TEMPERATURE (F)
 YESTERDAY
  MAXIMUM         99    343 PM 105    1949  86     13       95
  MINIMUM         67    514 AM  38    1932  59      8       62
  AVERAGE         83                        72     11       79

PRECIPITATION (IN)
  YESTERDAY        0.00          1.25 1942   0.01  -0.01     0.00
  MONTH TO DATE    0.00                      0.09  -0.09     0.11
  SINCE OCT 1      6.97                      4.58   2.39     2.58
  SINCE JAN 1      5.18                      2.73   2.45     2.39

DEGREE DAYS
 HEATING
  YESTERDAY        0                         0      0        0
  MONTH TO DATE    0                        17    -17        0
  SINCE MAR 1     19                        90    -71       28
  SINCE JUL 1    679                       868   -189      738

 COOLING
  YESTERDAY       18                         8     10       14
  MONTH TO DATE  240                       129    111      232
  SINCE MAR 1    486                       222    264      419
  SINCE JAN 1    531                       249    282      569
..................................................................


WIND (MPH)
  RESULTANT WIND SPEED   1   RESULTANT WIND DIRECTION   N (20)
  HIGHEST WIND SPEED    13   HIGHEST WIND DIRECTION    NE (30)
  HIGHEST GUST SPEED    16   HIGHEST GUST DIRECTION    NE (30)
  AVERAGE WIND SPEED     4.6


SKY COVER
  POSSIBLE SUNSHINE  MM
  AVERAGE SKY COVER 0.0


WEATHER CONDITIONS
 THE FOLLOWING WEATHER WAS RECORDED YESTERDAY.
  NO SIGNIFICANT WEATHER WAS OBSERVED.


RELATIVE HUMIDITY (PERCENT)
 HIGHEST    23           400 AM
 LOWEST      6          1200 PM
 AVERAGE    15

..........................................................


THE PALM SPRINGS INTL AIRPORT CA CLIMATE NORMALS FOR TODAY
                         NORMAL    RECORD    YEAR
 MAXIMUM TEMPERATURE (F)   87       105      1949
 MINIMUM TEMPERATURE (F)   59        41      1967


SUNRISE AND SUNSET
APRIL 23 2017.........SUNRISE   605 AM PDT   SUNSET   724 PM PDT
APRIL 24 2017.........SUNRISE   604 AM PDT   SUNSET   724 PM PDT


-  INDICATES NEGATIVE NUMBERS.
R  INDICATES RECORD WAS SET OR TIED.
MM INDICATES DATA IS MISSING.
T  INDICATES TRACE AMOUNT.




$$
