000
CDUS45 KPUB 250031
CLIPUB


CLIMATE REPORT
NATIONAL WEATHER SERVICE PUEBLO
631 PM MDT TUE MAY 24 2016


...................................

...THE PUEBLO CO CLIMATE SUMMARY FOR MAY 24 2016...
VALID TODAY AS OF 0500 PM LOCAL TIME.

CLIMATE NORMAL PERIOD 1981 TO 2010
CLIMATE RECORD PERIOD 1888 TO 2016


WEATHER ITEM   OBSERVED TIME   RECORD YEAR NORMAL DEPARTURE LAST
                VALUE   (LST)  VALUE       VALUE  FROM      YEAR
                                                  NORMAL
..................................................................
TEMPERATURE (F)
 TODAY
  MAXIMUM         85    400 PM  97    1984  79      6       62
  MINIMUM         52    445 AM  36    2008  47      5       43
                                      2007
                                      2002
  AVERAGE         69                        63      6       53

PRECIPITATION (IN)
  TODAY            0.00          0.85 1974   0.05  -0.05     0.02
  MONTH TO DATE    0.78                      1.17  -0.39     4.92
  SINCE MAR 1      4.33                      3.50   0.83     6.91
  SINCE JAN 1      5.19                      4.15   1.04     8.29

SNOWFALL (IN)
  TODAY            0.0           0.0  2002   0.0    0.0      0.0
                                      2001
  MONTH TO DATE    0.0                       0.5   -0.5       T
  SINCE MAR 1      7.2                      10.0   -2.8      1.7
  SINCE JUL 1     31.4                      31.8   -0.4     42.8
  SNOW DEPTH       0

DEGREE DAYS
 HEATING
  TODAY            0                         4     -4       12
  MONTH TO DATE  133                       153    -20      219
  SINCE MAR 1   1097                      1290   -193     1207
  SINCE JUL 1   4606                      5593   -987     5229

 COOLING
  TODAY            4                         2      2        0
  MONTH TO DATE   26                        16     10        1
  SINCE MAR 1     26                        18      8        1
  SINCE JAN 1     26                        18      8        1
..................................................................


WIND (MPH)
  HIGHEST WIND SPEED    22   HIGHEST WIND DIRECTION     S (160)
  HIGHEST GUST SPEED    28   HIGHEST GUST DIRECTION    SE (150)
  AVERAGE WIND SPEED     8.5


SKY COVER
  POSSIBLE SUNSHINE  MM
  AVERAGE SKY COVER 0.1


WEATHER CONDITIONS
 THE FOLLOWING WEATHER WAS RECORDED TODAY.
  NO SIGNIFICANT WEATHER WAS OBSERVED.


RELATIVE HUMIDITY (PERCENT)
 HIGHEST    66           300 AM
 LOWEST     16           400 PM
 AVERAGE    41

..........................................................


THE PUEBLO CO CLIMATE NORMALS FOR TOMORROW
                         NORMAL    RECORD    YEAR
 MAXIMUM TEMPERATURE (F)   80        94      1964
 MINIMUM TEMPERATURE (F)   47        32      2002


SUNRISE AND SUNSET
MAY 24 2016...........SUNRISE   540 AM MDT   SUNSET   810 PM MDT
MAY 25 2016...........SUNRISE   539 AM MDT   SUNSET   811 PM MDT


-  INDICATES NEGATIVE NUMBERS.
R  INDICATES RECORD WAS SET OR TIED.
MM INDICATES DATA IS MISSING.
T  INDICATES TRACE AMOUNT.




$$
