000
CDUS45 KPUB 290021
CLIPUB


CLIMATE REPORT
NATIONAL WEATHER SERVICE PUEBLO
521 PM MST FRI NOV 28 2014


...................................

...THE PUEBLO CO CLIMATE SUMMARY FOR NOVEMBER 28 2014...
VALID TODAY AS OF 0500 PM LOCAL TIME.

CLIMATE NORMAL PERIOD 1981 TO 2010
CLIMATE RECORD PERIOD 1888 TO 2014


WEATHER ITEM   OBSERVED TIME   RECORD YEAR NORMAL DEPARTURE LAST
                VALUE   (LST)  VALUE       VALUE  FROM      YEAR
                                                  NORMAL
..................................................................
TEMPERATURE (F)
 TODAY
  MAXIMUM         75R   232 PM  75    1998  50     25       43
  MINIMUM         29    717 AM -16    1896  18     11       24
  AVERAGE         52                        34     18       34

PRECIPITATION (IN)
  TODAY            0.00          0.74 1997   0.02  -0.02     0.00
  MONTH TO DATE    0.46                      0.44   0.02     0.34
  SINCE SEP 1      1.99                      1.93   0.06     1.85
  SINCE JAN 1     11.59                     12.16  -0.57     9.65

SNOWFALL (IN)
  TODAY            0.0           5.0  1997   0.2   -0.2      0.0
  MONTH TO DATE    9.4                       4.1    5.3      3.6
  SINCE SEP 1      9.4                       5.7    3.7      3.7
  SINCE JUL 1      9.4                       5.7    3.7      3.7
  SNOW DEPTH       0

DEGREE DAYS
 HEATING
  TODAY           13                        31    -18       31
  MONTH TO DATE  799                       707     92      684
  SINCE SEP 1   1124                      1212    -88     1138
  SINCE JUL 1   1125                      1217    -92     1138

 COOLING
  TODAY            0                         0      0        0
  MONTH TO DATE    0                         0      0        0
  SINCE SEP 1    127                        86     41      170
  SINCE JAN 1   1002                       897    105     1230
..................................................................


WIND (MPH)
  HIGHEST WIND SPEED    18   HIGHEST WIND DIRECTION    SW (220)
  HIGHEST GUST SPEED    26   HIGHEST GUST DIRECTION    SW (240)
  AVERAGE WIND SPEED     7.4


SKY COVER
  POSSIBLE SUNSHINE  MM
  AVERAGE SKY COVER 0.0


WEATHER CONDITIONS
 THE FOLLOWING WEATHER WAS RECORDED TODAY.
  NO SIGNIFICANT WEATHER WAS OBSERVED.


RELATIVE HUMIDITY (PERCENT)
 HIGHEST    63           300 AM
 LOWEST      9           200 PM
 AVERAGE    36

..........................................................


THE PUEBLO CO CLIMATE NORMALS FOR TOMORROW
                         NORMAL    RECORD    YEAR
 MAXIMUM TEMPERATURE (F)   49        74      2003
                                             1973
                                             1945
 MINIMUM TEMPERATURE (F)   17       -17      1896


SUNRISE AND SUNSET
NOVEMBER 28 2014......SUNRISE   653 AM MST   SUNSET   439 PM MST
NOVEMBER 29 2014......SUNRISE   654 AM MST   SUNSET   439 PM MST


-  INDICATES NEGATIVE NUMBERS.
R  INDICATES RECORD WAS SET OR TIED.
MM INDICATES DATA IS MISSING.
T  INDICATES TRACE AMOUNT.




$$
