000
CDUS45 KPUB 070028
CLIPUB


CLIMATE REPORT
NATIONAL WEATHER SERVICE PUEBLO
528 PM MST FRI MAR 6 2015


...................................

...THE PUEBLO CO CLIMATE SUMMARY FOR MARCH 6 2015...
VALID TODAY AS OF 0500 PM LOCAL TIME.

CLIMATE NORMAL PERIOD 1981 TO 2010
CLIMATE RECORD PERIOD 1888 TO 2015


WEATHER ITEM   OBSERVED TIME   RECORD YEAR NORMAL DEPARTURE LAST
                VALUE   (LST)  VALUE       VALUE  FROM      YEAR
                                                  NORMAL
..................................................................
TEMPERATURE (F)
 TODAY
  MAXIMUM         58    246 PM  80    1972  56      2       72
  MINIMUM         19    614 AM -10    1948  23     -4       24
  AVERAGE         39                        40     -1       48

PRECIPITATION (IN)
  TODAY            0.00          0.57 1964   0.02  -0.02     0.00
  MONTH TO DATE    0.05                      0.14  -0.09     0.05
  SINCE MAR 1      0.05                      0.14  -0.09     0.05
  SINCE JAN 1      1.43                      0.79   0.64     0.78

SNOWFALL (IN)
  TODAY            0.0           9.0  1964   0.1   -0.1      0.0
  MONTH TO DATE    1.7                       0.9    0.8      1.0
  SINCE MAR 1      1.7                       0.9    0.8      1.0
  SINCE JUL 1     42.8                      22.7   20.1     19.6
  SNOW DEPTH       0

DEGREE DAYS
 HEATING
  TODAY           26                        25      1       17
  MONTH TO DATE  225                       157     68      188
  SINCE MAR 1    225                       157     68      188
  SINCE JUL 1   4247                      4460   -213     4393

 COOLING
  TODAY            0                         0      0        0
  MONTH TO DATE    0                         0      0        0
  SINCE MAR 1      0                         0      0        0
  SINCE JAN 1      0                         0      0        0
..................................................................


WIND (MPH)
  HIGHEST WIND SPEED    12   HIGHEST WIND DIRECTION     S (160)
  HIGHEST GUST SPEED    14   HIGHEST GUST DIRECTION     S (160)
  AVERAGE WIND SPEED     2.2


SKY COVER
  POSSIBLE SUNSHINE  MM
  AVERAGE SKY COVER 0.0


WEATHER CONDITIONS
 THE FOLLOWING WEATHER WAS RECORDED TODAY.
  NO SIGNIFICANT WEATHER WAS OBSERVED.


RELATIVE HUMIDITY (PERCENT)
 HIGHEST    92           300 AM
 LOWEST     21           300 PM
 AVERAGE    57

..........................................................


THE PUEBLO CO CLIMATE NORMALS FOR TOMORROW
                         NORMAL    RECORD    YEAR
 MAXIMUM TEMPERATURE (F)   57        76      1910
 MINIMUM TEMPERATURE (F)   23       -10      1920


SUNRISE AND SUNSET
MARCH  6 2015.........SUNRISE   623 AM MST   SUNSET   556 PM MST
MARCH  7 2015.........SUNRISE   622 AM MST   SUNSET   557 PM MST


-  INDICATES NEGATIVE NUMBERS.
R  INDICATES RECORD WAS SET OR TIED.
MM INDICATES DATA IS MISSING.
T  INDICATES TRACE AMOUNT.




$$
