000
CDUS45 KPUB 191028
CLIPUB


CLIMATE REPORT
NATIONAL WEATHER SERVICE PUEBLO
428 AM MDT TUE SEP 19 2017


...................................

...THE PUEBLO CO CLIMATE SUMMARY FOR SEPTEMBER 18 2017...

CLIMATE NORMAL PERIOD 1981 TO 2010
CLIMATE RECORD PERIOD 1888 TO 2017


WEATHER ITEM   OBSERVED TIME   RECORD YEAR NORMAL DEPARTURE LAST
                VALUE   (LST)  VALUE       VALUE  FROM      YEAR
                                                  NORMAL
..................................................................
TEMPERATURE (F)
 YESTERDAY
  MAXIMUM         87    454 PM  96    2004  81      6       92
  MINIMUM         53   1159 PM  33    2006  47      6       43
                                      1971
  AVERAGE         70                        64      6       68

PRECIPITATION (IN)
  YESTERDAY        0.00          0.46 1923   0.02  -0.02     0.00
  MONTH TO DATE    T                         0.51  -0.51     0.05
  SINCE SEP 1      T                         0.51  -0.51     0.05
  SINCE JAN 1     14.26                     10.74   3.52    10.37

SNOWFALL (IN)
  YESTERDAY        0.0           0.2  1971   0.0    0.0      0.0
  MONTH TO DATE    0.0                       0.1   -0.1      0.0
  SINCE SEP 1      0.0                       0.1   -0.1      0.0
  SINCE JUL 1      0.0                       0.1   -0.1       T
  SNOW DEPTH       0

DEGREE DAYS
 HEATING
  YESTERDAY        0                         3     -3        0
  MONTH TO DATE    1                        30    -29        4
  SINCE SEP 1      1                        30    -29        4
  SINCE JUL 1      1                        35    -34        4

 COOLING
  YESTERDAY        5                         2      3        3
  MONTH TO DATE  135                        69     66      120
  SINCE SEP 1    135                        69     66      120
  SINCE JAN 1   1016                       880    136     1285
..................................................................


WIND (MPH)
  HIGHEST WIND SPEED    20   HIGHEST WIND DIRECTION     W (290)
  HIGHEST GUST SPEED    23   HIGHEST GUST DIRECTION     W (280)
  AVERAGE WIND SPEED     5.5


SKY COVER
  POSSIBLE SUNSHINE  MM
  AVERAGE SKY COVER 0.0


WEATHER CONDITIONS
 THE FOLLOWING WEATHER WAS RECORDED YESTERDAY.
  NO SIGNIFICANT WEATHER WAS OBSERVED.


RELATIVE HUMIDITY (PERCENT)
 HIGHEST    71           300 AM
 LOWEST     14           500 PM
 AVERAGE    43

..........................................................


THE PUEBLO CO CLIMATE NORMALS FOR TODAY
                         NORMAL    RECORD    YEAR
 MAXIMUM TEMPERATURE (F)   80        98      1980
 MINIMUM TEMPERATURE (F)   46        29      1971


SUNRISE AND SUNSET
SEPTEMBER 19 2017.....SUNRISE   643 AM MDT   SUNSET   659 PM MDT
SEPTEMBER 20 2017.....SUNRISE   644 AM MDT   SUNSET   658 PM MDT


-  INDICATES NEGATIVE NUMBERS.
R  INDICATES RECORD WAS SET OR TIED.
MM INDICATES DATA IS MISSING.
T  INDICATES TRACE AMOUNT.




$$
