000
CDUS45 KPUB 021027
CLIPUB


CLIMATE REPORT
NATIONAL WEATHER SERVICE PUEBLO
427 AM MDT TUE SEP 2 2014


...................................

...THE PUEBLO CO CLIMATE SUMMARY FOR SEPTEMBER 1 2014...

CLIMATE NORMAL PERIOD 1981 TO 2010
CLIMATE RECORD PERIOD 1888 TO 2014


WEATHER ITEM   OBSERVED TIME   RECORD YEAR NORMAL DEPARTURE LAST
                VALUE   (LST)  VALUE       VALUE  FROM      YEAR
                                                  NORMAL
..................................................................
TEMPERATURE (F)
 YESTERDAY
  MAXIMUM         90    422 PM  99    1995  87      3       82
  MINIMUM         53    531 AM  43    1956  54     -1       66
  AVERAGE         72                        70      2       74

PRECIPITATION (IN)
  YESTERDAY        0.00          1.43 1942   0.05  -0.05      T
  MONTH TO DATE    0.00                      0.05  -0.05      T
  SINCE SEP 1      0.00                      0.05  -0.05      T
  SINCE JAN 1      9.60                     10.28  -0.68     7.80

SNOWFALL (IN)
  YESTERDAY        0.0           0.0  2002   0.0    0.0      0.0
  MONTH TO DATE    0.0                       0.0    0.0      0.0
  SINCE SEP 1      0.0                       0.0    0.0      0.0
  SINCE JUL 1      T                         0.0    0.0       T
  SNOW DEPTH       0

DEGREE DAYS
 HEATING
  YESTERDAY        0                         1     -1        0
  MONTH TO DATE    0                         1     -1        0
  SINCE SEP 1      0                         1     -1        0
  SINCE JUL 1      1                         6     -5        0

 COOLING
  YESTERDAY        7                         6      1        9
  MONTH TO DATE    7                         6      1        9
  SINCE SEP 1      7                         6      1        9
  SINCE JAN 1    882                       817     65     1069
..................................................................


WIND (MPH)
  HIGHEST WIND SPEED    22   HIGHEST WIND DIRECTION     E (110)
  HIGHEST GUST SPEED    26   HIGHEST GUST DIRECTION     E (110)
  AVERAGE WIND SPEED     8.0


SKY COVER
  POSSIBLE SUNSHINE  MM
  AVERAGE SKY COVER 0.0


WEATHER CONDITIONS
 THE FOLLOWING WEATHER WAS RECORDED YESTERDAY.
  NO SIGNIFICANT WEATHER WAS OBSERVED.


RELATIVE HUMIDITY (PERCENT)
 HIGHEST    83           500 AM
 LOWEST     19           400 PM
 AVERAGE    51

..........................................................


THE PUEBLO CO CLIMATE NORMALS FOR TODAY
                         NORMAL    RECORD    YEAR
 MAXIMUM TEMPERATURE (F)   87        98      1995
                                             1983
                                             1964
 MINIMUM TEMPERATURE (F)   54        43      1952


SUNRISE AND SUNSET
SEPTEMBER  2 2014.....SUNRISE   628 AM MDT   SUNSET   726 PM MDT
SEPTEMBER  3 2014.....SUNRISE   629 AM MDT   SUNSET   725 PM MDT


-  INDICATES NEGATIVE NUMBERS.
R  INDICATES RECORD WAS SET OR TIED.
MM INDICATES DATA IS MISSING.
T  INDICATES TRACE AMOUNT.




$$
