000
CDUS46 KOTX 300824
CLIPUW


CLIMATE REPORT
NATIONAL WEATHER SERVICE SPOKANE, WA
122 AM PDT THU JUL 30 2015


...................................

...THE PULLMAN-MOSCOW  AIRPORT CLIMATE SUMMARY FOR JULY 29 2015...

CLIMATE NORMAL PERIOD 1981 TO 2010
CLIMATE RECORD PERIOD 9999 TO 9999


WEATHER ITEM   OBSERVED TIME   RECORD YEAR NORMAL DEPARTURE LAST
                VALUE   (LST)  VALUE       VALUE  FROM      YEAR
                                                  NORMAL
..................................................................
TEMPERATURE (F)
 YESTERDAY
  MAXIMUM         87    411 PM 100    1996  84      3       99
  MINIMUM         47   1241 AM  35    1954  51     -4       53
  AVERAGE         67                        68     -1       76

PRECIPITATION (IN)
  YESTERDAY        0.00          0.42 1984   0.02  -0.02     0.00
  MONTH TO DATE    0.54                      0.65  -0.11     0.33
  SINCE OCT 1     16.63                     15.44   1.19    14.28
  SINCE JAN 1      9.78                     10.24  -0.46    10.94

SNOWFALL (IN)
  YESTERDAY       MM

DEGREE DAYS
 HEATING
  YESTERDAY        0                         1     -1        0
  MONTH TO DATE   19                        60    -41       10
  SINCE JUN 1     98                       266   -168      214
  SINCE JUL 1     19                        60    -41       10

 COOLING
  YESTERDAY        2                         4     -2       11
  MONTH TO DATE  149                        74     75      168
  SINCE JUN 1    242                        87    155      169
  SINCE JAN 1    254                        92    162      170
..................................................................


WIND (MPH)
  HIGHEST WIND SPEED    14   HIGHEST WIND DIRECTION     E (110)
  HIGHEST GUST SPEED    17   HIGHEST GUST DIRECTION     E (90)
  AVERAGE WIND SPEED     3.8


SKY COVER
  POSSIBLE SUNSHINE  MM
  AVERAGE SKY COVER 0.0


WEATHER CONDITIONS
 THE FOLLOWING WEATHER WAS RECORDED YESTERDAY.
  NO SIGNIFICANT WEATHER WAS OBSERVED.


RELATIVE HUMIDITY (PERCENT)
 HIGHEST    56           100 AM
 LOWEST     14           600 PM
 AVERAGE    35

..........................................................


THE PULLMAN-MOSCOW  AIRPORT CLIMATE NORMALS FOR TODAY
                         NORMAL    RECORD    YEAR
 MAXIMUM TEMPERATURE (F)   84        98      2003
                                             1998
 MINIMUM TEMPERATURE (F)   51        39      1986


SUNRISE AND SUNSET
JULY 30 2015..........SUNRISE   526 AM PDT   SUNSET   823 PM PDT
JULY 31 2015..........SUNRISE   527 AM PDT   SUNSET   822 PM PDT


-  INDICATES NEGATIVE NUMBERS.
R  INDICATES RECORD WAS SET OR TIED.
MM INDICATES DATA IS MISSING.
T  INDICATES TRACE AMOUNT.




$$
