000
CDUS46 KOTX 270824
CLIPUW


CLIMATE REPORT
NATIONAL WEATHER SERVICE SPOKANE, WA
124 AM PDT TUE SEP 27 2016


...................................

...THE PULLMAN-MOSCOW  AIRPORT CLIMATE SUMMARY FOR SEPTEMBER 26 2016...

CLIMATE NORMAL PERIOD 1981 TO 2010
CLIMATE RECORD PERIOD 9999 TO 9999


WEATHER ITEM   OBSERVED TIME   RECORD YEAR NORMAL DEPARTURE LAST
                VALUE   (LST)  VALUE       VALUE  FROM      YEAR
                                                  NORMAL
..................................................................
TEMPERATURE (F)
 YESTERDAY
  MAXIMUM         86    325 PM  90    1963  69     17       68
  MINIMUM         56    541 AM  30    1996  40     16       33
  AVERAGE         71                        55     16       51

PRECIPITATION (IN)
  YESTERDAY        0.00                      0.03  -0.03     0.00
  MONTH TO DATE    0.33                      0.64  -0.31     0.69
  SINCE OCT 1     20.28                     16.75   3.53    17.47
  SINCE JAN 1     12.29                     11.55   0.74    10.62

SNOWFALL (IN)
  YESTERDAY       MM

DEGREE DAYS
 HEATING
  YESTERDAY        0                        11    -11       14
  MONTH TO DATE  211                       182     29      189
  SINCE SEP 1    211                       182     29      189
  SINCE JUL 1    313                       315     -2      246

 COOLING
  YESTERDAY        6                         0      6        0
  MONTH TO DATE    6                        21    -15        8
  SINCE SEP 1      6                        21    -15        8
  SINCE JAN 1    203                       211     -8      416
..................................................................


WIND (MPH)
  HIGHEST WIND SPEED    24   HIGHEST WIND DIRECTION     E (100)
  HIGHEST GUST SPEED    28   HIGHEST GUST DIRECTION     E (100)
  AVERAGE WIND SPEED     8.4


SKY COVER
  POSSIBLE SUNSHINE  MM
  AVERAGE SKY COVER 0.1


WEATHER CONDITIONS
 THE FOLLOWING WEATHER WAS RECORDED YESTERDAY.
  HAZE


RELATIVE HUMIDITY (PERCENT)
 HIGHEST    57           600 AM
 LOWEST     23           300 PM
 AVERAGE    40

..........................................................


THE PULLMAN-MOSCOW  AIRPORT CLIMATE NORMALS FOR TODAY
                         NORMAL    RECORD    YEAR
 MAXIMUM TEMPERATURE (F)   69        94      1963
 MINIMUM TEMPERATURE (F)   40        27      2015


SUNRISE AND SUNSET
SEPTEMBER 27 2016.....SUNRISE   643 AM PDT   SUNSET   635 PM PDT
SEPTEMBER 28 2016.....SUNRISE   644 AM PDT   SUNSET   633 PM PDT


-  INDICATES NEGATIVE NUMBERS.
R  INDICATES RECORD WAS SET OR TIED.
MM INDICATES DATA IS MISSING.
T  INDICATES TRACE AMOUNT.




$$
