000
CDUS46 KOTX 260830
CLIPUW


CLIMATE REPORT
NATIONAL WEATHER SERVICE SPOKANE, WA
130 AM PDT THU MAR 26 2015


...................................

...THE PULLMAN-MOSCOW  AIRPORT CLIMATE SUMMARY FOR MARCH 25 2015...

CLIMATE NORMAL PERIOD 1981 TO 2010
CLIMATE RECORD PERIOD 9999 TO 9999


WEATHER ITEM   OBSERVED TIME   RECORD YEAR NORMAL DEPARTURE LAST
                VALUE   (LST)  VALUE       VALUE  FROM      YEAR
                                                  NORMAL
..................................................................
TEMPERATURE (F)
 YESTERDAY
  MAXIMUM         48    457 PM  73    1960  51     -3       56
  MINIMUM         34    422 AM  12    1955  33      1       38
  AVERAGE         41                        42     -1       47

PRECIPITATION (IN)
  YESTERDAY        0.08          0.65 2006   0.07   0.01      T
  MONTH TO DATE    2.13                      1.66   0.47     2.08
  SINCE OCT 1     12.73                     10.20   2.53     9.86
  SINCE JAN 1      5.88                      5.00   0.88     6.52

DEGREE DAYS
 HEATING
  YESTERDAY       24                        23      1       18
  MONTH TO DATE  512                       623   -111      585
  SINCE MAR 1    512                       623   -111      585
  SINCE JUL 1   4343                      5326   -983     5436

 COOLING
  YESTERDAY        0                         0      0        0
  MONTH TO DATE    0                         0      0        0
  SINCE MAR 1      0                         0      0        0
  SINCE JAN 1      0                         0      0        0
..................................................................


WIND (MPH)
  HIGHEST WIND SPEED    13   HIGHEST WIND DIRECTION    SW (220)
  HIGHEST GUST SPEED    16   HIGHEST GUST DIRECTION    SW (230)
  AVERAGE WIND SPEED     6.7


SKY COVER
  POSSIBLE SUNSHINE  MM
  AVERAGE SKY COVER 0.8


WEATHER CONDITIONS
 THE FOLLOWING WEATHER WAS RECORDED YESTERDAY.
  LIGHT RAIN


RELATIVE HUMIDITY (PERCENT)
 HIGHEST    96           400 AM
 LOWEST     65          1000 AM
 AVERAGE    81

..........................................................


THE PULLMAN-MOSCOW  AIRPORT CLIMATE NORMALS FOR TODAY
                         NORMAL    RECORD    YEAR
 MAXIMUM TEMPERATURE (F)   51        65      1946
 MINIMUM TEMPERATURE (F)   34        18      1955


SUNRISE AND SUNSET
MARCH 26 2015.........SUNRISE   640 AM PDT   SUNSET   709 PM PDT
MARCH 27 2015.........SUNRISE   638 AM PDT   SUNSET   711 PM PDT


-  INDICATES NEGATIVE NUMBERS.
R  INDICATES RECORD WAS SET OR TIED.
MM INDICATES DATA IS MISSING.
T  INDICATES TRACE AMOUNT.




$$
