000
CDUS46 KOTX 210823
CLIPUW


CLIMATE REPORT
NATIONAL WEATHER SERVICE SPOKANE, WA
1223 AM PST SAT JAN 21 2017


...................................

...THE PULLMAN-MOSCOW  AIRPORT CLIMATE SUMMARY FOR JANUARY 20 2017...

CLIMATE NORMAL PERIOD 1981 TO 2010
CLIMATE RECORD PERIOD 9999 TO 9999


WEATHER ITEM   OBSERVED TIME   RECORD YEAR NORMAL DEPARTURE LAST
                VALUE   (LST)  VALUE       VALUE  FROM      YEAR
                                                  NORMAL
..................................................................
TEMPERATURE (F)
 YESTERDAY
  MAXIMUM         40    236 PM  50    1994  37      3       43
  MINIMUM         33    807 AM -19    1954  27      6       35
  AVERAGE         37                        32      5       39

PRECIPITATION (IN)
  YESTERDAY        0.00                      0.07  -0.07     0.18
  MONTH TO DATE    1.18                      1.05   0.13     1.61
  SINCE OCT 1      9.59                      6.25   3.34     9.60
  SINCE JAN 1      1.18                      1.05   0.13     1.61

SNOWFALL (IN)
  YESTERDAY       MM

DEGREE DAYS
 HEATING
  YESTERDAY       28                        33     -5       26
  MONTH TO DATE  934                       679    255      677
  SINCE DEC 1   2164                      1759    405     1666
  SINCE JUL 1   3512                      3503      9     3123

 COOLING
  YESTERDAY        0                         0      0        0
  MONTH TO DATE    0                         0      0        0
  SINCE DEC 1      0                         0      0        0
  SINCE JAN 1      0                         0      0        0
..................................................................


WIND (MPH)
  HIGHEST WIND SPEED    24   HIGHEST WIND DIRECTION     E (100)
  HIGHEST GUST SPEED    29   HIGHEST GUST DIRECTION     E (90)
  AVERAGE WIND SPEED    13.9


SKY COVER
  POSSIBLE SUNSHINE  MM
  AVERAGE SKY COVER 0.7


WEATHER CONDITIONS
 THE FOLLOWING WEATHER WAS RECORDED YESTERDAY.
  NO SIGNIFICANT WEATHER WAS OBSERVED.


RELATIVE HUMIDITY (PERCENT)
 HIGHEST    89          1200 AM
 LOWEST     64           300 PM
 AVERAGE    77

..........................................................


THE PULLMAN-MOSCOW  AIRPORT CLIMATE NORMALS FOR TODAY
                         NORMAL    RECORD    YEAR
 MAXIMUM TEMPERATURE (F)   37        55      2005
 MINIMUM TEMPERATURE (F)   27        -9      1962


SUNRISE AND SUNSET
JANUARY 21 2017.......SUNRISE   724 AM PST   SUNSET   436 PM PST
JANUARY 22 2017.......SUNRISE   723 AM PST   SUNSET   438 PM PST


-  INDICATES NEGATIVE NUMBERS.
R  INDICATES RECORD WAS SET OR TIED.
MM INDICATES DATA IS MISSING.
T  INDICATES TRACE AMOUNT.




$$
