000
CDUS46 KOTX 300823
CLIPUW


CLIMATE REPORT
NATIONAL WEATHER SERVICE SPOKANE, WA
123 AM PDT TUE SEP 30 2014


...................................

...THE PULLMAN-MOSCOW  AIRPORT CLIMATE SUMMARY FOR SEPTEMBER 29 2014...

CLIMATE NORMAL PERIOD 1981 TO 2010
CLIMATE RECORD PERIOD 9999 TO 9999


WEATHER ITEM   OBSERVED TIME   RECORD YEAR NORMAL DEPARTURE LAST
                VALUE   (LST)  VALUE       VALUE  FROM      YEAR
                                                  NORMAL
..................................................................
TEMPERATURE (F)
 YESTERDAY
  MAXIMUM         65    416 PM  83    1994  68     -3       54
  MINIMUM         54   1159 PM  20    1983  40     14       46
  AVERAGE         60                        54      6       50

PRECIPITATION (IN)
  YESTERDAY        0.18          0.26 1995   0.03   0.15     0.22
  MONTH TO DATE    0.28                      0.74  -0.46     2.37
  SINCE OCT 1     15.06                     16.85  -1.79    18.79
  SINCE JAN 1     11.72                     11.65   0.07    11.25

SNOWFALL (IN)
  YESTERDAY       MM            MM      MM  MM     MM       MM
  MONTH TO DATE   MM                        MM     MM       MM
  SINCE SEP 1     MM                        MM     MM       MM
  SINCE JUL 1     MM                        MM     MM       MM
  SNOW DEPTH      MM

DEGREE DAYS
 HEATING
  YESTERDAY        5                        12     -7       15
  MONTH TO DATE  115                       216   -101      165
  SINCE SEP 1    115                       216   -101      165
  SINCE JUL 1    140                       349   -209      205

 COOLING
  YESTERDAY        0                         0      0        0
  MONTH TO DATE   19                        21     -2       72
  SINCE SEP 1     19                        21     -2       72
  SINCE JAN 1    346                       211    135      334
..................................................................


WIND (MPH)
  HIGHEST WIND SPEED    22   HIGHEST WIND DIRECTION     W (250)
  HIGHEST GUST SPEED    29   HIGHEST GUST DIRECTION     W (250)
  AVERAGE WIND SPEED     6.9


SKY COVER
  POSSIBLE SUNSHINE  MM
  AVERAGE SKY COVER 0.9


WEATHER CONDITIONS
 THE FOLLOWING WEATHER WAS RECORDED YESTERDAY.
  HEAVY RAIN
  RAIN
  LIGHT RAIN
  FOG


RELATIVE HUMIDITY (PERCENT)
 HIGHEST    77           700 PM
 LOWEST     48           900 AM
 AVERAGE    63

..........................................................


THE PULLMAN-MOSCOW  AIRPORT CLIMATE NORMALS FOR TODAY
                         NORMAL    RECORD    YEAR
 MAXIMUM TEMPERATURE (F)   67        88      1989
 MINIMUM TEMPERATURE (F)   39        21      1983


SUNRISE AND SUNSET
SEPTEMBER 30 2014.....SUNRISE   646 AM PDT   SUNSET   630 PM PDT
OCTOBER  1 2014.......SUNRISE   647 AM PDT   SUNSET   628 PM PDT


-  INDICATES NEGATIVE NUMBERS.
R  INDICATES RECORD WAS SET OR TIED.
MM INDICATES DATA IS MISSING.
T  INDICATES TRACE AMOUNT.




$$
