217
CDUS46 KOTX 231245
CLIPUW


CLIMATE REPORT
NATIONAL WEATHER SERVICE SPOKANE, WA
545 AM PDT TUE AUG 23 2016


...................................

...THE PULLMAN-MOSCOW  AIRPORT CLIMATE SUMMARY FOR AUGUST 22 2016...

CLIMATE NORMAL PERIOD 1981 TO 2010
CLIMATE RECORD PERIOD 9999 TO 9999


WEATHER ITEM   OBSERVED TIME   RECORD YEAR NORMAL DEPARTURE LAST
                VALUE   (LST)  VALUE       VALUE  FROM      YEAR
                                                  NORMAL
..................................................................
TEMPERATURE (F)
 YESTERDAY
  MAXIMUM         72    327 PM  99    1961  81     -9       77
  MINIMUM         45   1159 PM  37    1968  49     -4       38
  AVERAGE         59                        65     -6       58

PRECIPITATION (IN)
  YESTERDAY        0.00                      0.02  -0.02     0.00
  MONTH TO DATE    0.24                      0.46  -0.22      T
  SINCE OCT 1     19.95                     15.94   4.01    16.63
  SINCE JAN 1     11.96                     10.74   1.22     9.78

SNOWFALL (IN)
  YESTERDAY       MM

DEGREE DAYS
 HEATING
  YESTERDAY        6                         3      3        7
  MONTH TO DATE   25                        36    -11       26
  SINCE JUN 1    258                       306    -48      124
  SINCE JUL 1     90                       100    -10       45

 COOLING
  YESTERDAY        0                         3     -3        0
  MONTH TO DATE   73                        73      0      110
  SINCE JUN 1    174                       168      6      372
  SINCE JAN 1    175                       173      2      384
..................................................................


WIND (MPH)
  HIGHEST WIND SPEED    21   HIGHEST WIND DIRECTION     W (260)
  HIGHEST GUST SPEED    27   HIGHEST GUST DIRECTION     W (260)
  AVERAGE WIND SPEED    10.0


SKY COVER
  POSSIBLE SUNSHINE  MM
  AVERAGE SKY COVER 0.0


WEATHER CONDITIONS
 THE FOLLOWING WEATHER WAS RECORDED YESTERDAY.
  HAZE


RELATIVE HUMIDITY (PERCENT)
 HIGHEST    64           500 AM
 LOWEST     25           300 PM
 AVERAGE    45

..........................................................


THE PULLMAN-MOSCOW  AIRPORT CLIMATE NORMALS FOR TODAY
                         NORMAL    RECORD    YEAR
 MAXIMUM TEMPERATURE (F)   81        96      1970
 MINIMUM TEMPERATURE (F)   48        36      1992


SUNRISE AND SUNSET
AUGUST 23 2016........SUNRISE   557 AM PDT   SUNSET   744 PM PDT
AUGUST 24 2016........SUNRISE   559 AM PDT   SUNSET   742 PM PDT


-  INDICATES NEGATIVE NUMBERS.
R  INDICATES RECORD WAS SET OR TIED.
MM INDICATES DATA IS MISSING.
T  INDICATES TRACE AMOUNT.




$$
