000
CDUS46 KOTX 291245
CLIPUW


CLIMATE REPORT
NATIONAL WEATHER SERVICE SPOKANE, WA
545 AM PDT MON JUN 29 2015


...................................

...THE PULLMAN-MOSCOW  AIRPORT CLIMATE SUMMARY FOR JUNE 28 2015...

CLIMATE NORMAL PERIOD 1981 TO 2010
CLIMATE RECORD PERIOD 9999 TO 9999


WEATHER ITEM   OBSERVED TIME   RECORD YEAR NORMAL DEPARTURE LAST
                VALUE   (LST)  VALUE       VALUE  FROM      YEAR
                                                  NORMAL
..................................................................
TEMPERATURE (F)
 YESTERDAY
  MAXIMUM        105R   250 PM 105    2015  76     29       71
  MINIMUM         67    347 AM  34    1964  47     20       51
  AVERAGE         86                        61     25       61

PRECIPITATION (IN)
  YESTERDAY        0.00          1.19 1941   0.03  -0.03     0.04
  MONTH TO DATE    0.45                      1.01  -0.56     0.93
  SINCE OCT 1     16.09                     14.72   1.37    13.95
  SINCE JAN 1      9.24                      9.52  -0.28    10.61

SNOWFALL (IN)
  YESTERDAY       MM

DEGREE DAYS
 HEATING
  YESTERDAY        0                         5     -5        4
  MONTH TO DATE   79                       197   -118      191
  SINCE JUN 1     79                       197   -118      191
  SINCE JUL 1   5351                      6597  -1246     6631

 COOLING
  YESTERDAY       21                         1     20        0
  MONTH TO DATE   71                         7     64        1
  SINCE JUN 1     71                         7     64        1
  SINCE JAN 1     83                        12     71        2
..................................................................


WIND (MPH)
  HIGHEST WIND SPEED    24   HIGHEST WIND DIRECTION     W (250)
  HIGHEST GUST SPEED    33   HIGHEST GUST DIRECTION     W (270)
  AVERAGE WIND SPEED     6.3


SKY COVER
  POSSIBLE SUNSHINE  MM
  AVERAGE SKY COVER 0.0


WEATHER CONDITIONS
 THE FOLLOWING WEATHER WAS RECORDED YESTERDAY.
  HAZE


RELATIVE HUMIDITY (PERCENT)
 HIGHEST    64          1000 PM
 LOWEST     14           300 PM
 AVERAGE    39

..........................................................


THE PULLMAN-MOSCOW  AIRPORT CLIMATE NORMALS FOR TODAY
                         NORMAL    RECORD    YEAR
 MAXIMUM TEMPERATURE (F)   76        95      2008
 MINIMUM TEMPERATURE (F)   47        35      1959


SUNRISE AND SUNSET
JUNE 29 2015..........SUNRISE   457 AM PDT   SUNSET   846 PM PDT
JUNE 30 2015..........SUNRISE   458 AM PDT   SUNSET   846 PM PDT


-  INDICATES NEGATIVE NUMBERS.
R  INDICATES RECORD WAS SET OR TIED.
MM INDICATES DATA IS MISSING.
T  INDICATES TRACE AMOUNT.




$$
