000
CDUS41 KBOX 260604
CLIPVD


CLIMATE REPORT
NATIONAL WEATHER SERVICE TAUNTON MA
1254 AM EST WED NOV 26 2014


...................................

...THE PROVIDENCE RI CLIMATE SUMMARY FOR NOVEMBER 25 2014...

CLIMATE NORMAL PERIOD 1981 TO 2010
CLIMATE RECORD PERIOD 1904 TO 2014


WEATHER ITEM   OBSERVED TIME   RECORD YEAR NORMAL DEPARTURE LAST
                VALUE   (LST)  VALUE       VALUE  FROM      YEAR
                                                  NORMAL
..................................................................
TEMPERATURE (F)
 YESTERDAY
  MAXIMUM         64    942 AM  71    1979  50     14       34
  MINIMUM         45    955 PM  12    1938  33     12       18
  AVERAGE         55                        42     13       26

PRECIPITATION (IN)
  YESTERDAY        0.00          3.52 1983   0.15  -0.15     0.00
  MONTH TO DATE    3.86                      3.72   0.14     1.29
  SINCE SEP 1      7.90                     11.57  -3.67     6.49
  SINCE JAN 1     39.35                     42.17  -2.82    37.30

SNOWFALL (IN)
  YESTERDAY        0.0           3.0  1938   0.1   -0.1      0.0
  MONTH TO DATE    1.0                       1.0    0.0      0.1
  SINCE SEP 1      1.0                       1.0    0.0      0.1
  SINCE JUL 1      1.0                       1.0    0.0      0.1
  SNOW DEPTH       0

DEGREE DAYS
 HEATING
  YESTERDAY       10                        24    -14       39
  MONTH TO DATE  540                       495     45      543
  SINCE SEP 1    892                       944    -52      956
  SINCE JUL 1    892                       953    -61      956

 COOLING
  YESTERDAY        0                         0      0        0
  MONTH TO DATE    0                         0      0        0
  SINCE SEP 1    127                        88     39       70
  SINCE JAN 1    709                       744    -35      892
..................................................................


WIND (MPH)
  RESULTANT WIND SPEED   7   RESULTANT WIND DIRECTION  SW (230)
  HIGHEST WIND SPEED    17   HIGHEST WIND DIRECTION     W (250)
  HIGHEST GUST SPEED    22   HIGHEST GUST DIRECTION    SW (240)
  AVERAGE WIND SPEED     7.1


SKY COVER
  POSSIBLE SUNSHINE  MM
  AVERAGE SKY COVER 0.7


WEATHER CONDITIONS
 THE FOLLOWING WEATHER WAS RECORDED YESTERDAY.
  FOG


RELATIVE HUMIDITY (PERCENT)
 HIGHEST   100           800 AM
 LOWEST     33           200 PM
 AVERAGE    67

..........................................................


THE PROVIDENCE RI CLIMATE NORMALS FOR TODAY
                         NORMAL    RECORD    YEAR
 MAXIMUM TEMPERATURE (F)   49        67      2001
 MINIMUM TEMPERATURE (F)   33        10      1938


SUNRISE AND SUNSET
NOVEMBER 26 2014......SUNRISE   648 AM EST   SUNSET   418 PM EST
NOVEMBER 27 2014......SUNRISE   649 AM EST   SUNSET   417 PM EST


-  INDICATES NEGATIVE NUMBERS.
R  INDICATES RECORD WAS SET OR TIED.
MM INDICATES DATA IS MISSING.
T  INDICATES TRACE AMOUNT.




$$
