000
CDUS41 KBOX 190615
CLIPVD


CLIMATE REPORT
NATIONAL WEATHER SERVICE TAUNTON MA
105 AM EST SUN NOV 19 2017


...................................

...THE PROVIDENCE RI CLIMATE SUMMARY FOR NOVEMBER 18 2017...

CLIMATE NORMAL PERIOD 1981 TO 2010
CLIMATE RECORD PERIOD 1904 TO 2017


WEATHER ITEM   OBSERVED TIME   RECORD YEAR NORMAL DEPARTURE LAST
                VALUE   (LST)  VALUE       VALUE  FROM      YEAR
                                                  NORMAL
..................................................................
TEMPERATURE (F)
 YESTERDAY
  MAXIMUM         55   1028 PM  73    1953  52      3       64
  MINIMUM         25    335 AM  15    1936  35    -10       39
  AVERAGE         40                        44     -4       52

PRECIPITATION (IN)
  YESTERDAY        0.06          2.37 1994   0.15  -0.09     0.00
  MONTH TO DATE    1.17                      2.61  -1.44     1.18
  SINCE SEP 1     10.46                     10.46   0.00     8.75
  SINCE JAN 1     44.66                     41.06   3.60    34.58

SNOWFALL (IN)
  YESTERDAY        0.0           2.9  1933   0.0    0.0      0.0
  MONTH TO DATE    0.0                       0.4   -0.4      0.0
  SINCE SEP 1      0.0                       0.4   -0.4      0.0
  SINCE JUL 1      0.0                       0.4   -0.4      0.0
  SNOW DEPTH       0

DEGREE DAYS
 HEATING
  YESTERDAY       25                        21      4       13
  MONTH TO DATE  355                       336     19      284
  SINCE SEP 1    537                       785   -248      622
  SINCE JUL 1    545                       794   -249      622

 COOLING
  YESTERDAY        0                         0      0        0
  MONTH TO DATE    0                         0      0        0
  SINCE SEP 1    176                        88     88      166
  SINCE JAN 1    880                       744    136     1049
..................................................................


WIND (MPH)
  RESULTANT WIND SPEED   5   RESULTANT WIND DIRECTION   S (200)
  HIGHEST WIND SPEED    22   HIGHEST WIND DIRECTION    SW (220)
  HIGHEST GUST SPEED    29   HIGHEST GUST DIRECTION    SW (220)
  AVERAGE WIND SPEED     7.1


SKY COVER
  POSSIBLE SUNSHINE  MM
  AVERAGE SKY COVER 0.5


WEATHER CONDITIONS
 THE FOLLOWING WEATHER WAS RECORDED YESTERDAY.
  LIGHT RAIN
  FOG


RELATIVE HUMIDITY (PERCENT)
 HIGHEST   100           900 PM
 LOWEST     50          1000 AM
 AVERAGE    75

..........................................................


THE PROVIDENCE RI CLIMATE NORMALS FOR TODAY
                         NORMAL    RECORD    YEAR
 MAXIMUM TEMPERATURE (F)   52        72      1941
 MINIMUM TEMPERATURE (F)   35        14      1936


SUNRISE AND SUNSET
NOVEMBER 19 2017......SUNRISE   640 AM EST   SUNSET   422 PM EST
NOVEMBER 20 2017......SUNRISE   641 AM EST   SUNSET   421 PM EST


-  INDICATES NEGATIVE NUMBERS.
R  INDICATES RECORD WAS SET OR TIED.
MM INDICATES DATA IS MISSING.
T  INDICATES TRACE AMOUNT.




$$
