000
CDUS41 KBOX 270545
CLIPVD


CLIMATE REPORT
NATIONAL WEATHER SERVICE TAUNTON MA
1242 AM EST SAT DEC 27 2014


...................................

...THE PROVIDENCE RI CLIMATE SUMMARY FOR DECEMBER 26 2014...

CLIMATE NORMAL PERIOD 1981 TO 2010
CLIMATE RECORD PERIOD 1904 TO 2014


WEATHER ITEM   OBSERVED TIME   RECORD YEAR NORMAL DEPARTURE LAST
                VALUE   (LST)  VALUE       VALUE  FROM      YEAR
                                                  NORMAL
..................................................................
TEMPERATURE (F)
 YESTERDAY
  MAXIMUM         50    253 PM  63    1982  39     11       36
  MINIMUM         30   1144 PM  -3    1980  23      7       21
  AVERAGE         40                        31      9       29

PRECIPITATION (IN)
  YESTERDAY        0.00          3.47 1969   0.12  -0.12     0.04
  MONTH TO DATE    6.22                      3.65   2.57     3.59
  SINCE DEC 1      6.22                      3.65   2.57     3.59
  SINCE JAN 1     47.16                     46.61   0.55    44.23

SNOWFALL (IN)
  YESTERDAY        0.0           9.8  1909   0.4   -0.4       T
  MONTH TO DATE    0.9                       7.1   -6.2      7.0
  SINCE DEC 1      0.9                       7.1   -6.2      7.0
  SINCE JUL 1      2.5                       8.6   -6.1      7.1
  SNOW DEPTH       0

DEGREE DAYS
 HEATING
  YESTERDAY       25                        34     -9       36
  MONTH TO DATE  681                       780    -99      810
  SINCE DEC 1    681                       780    -99      810
  SINCE JUL 1   1717                      1855   -138     1913

 COOLING
  YESTERDAY        0                         0      0        0
  MONTH TO DATE    0                         0      0        0
  SINCE DEC 1      0                         0      0        0
  SINCE JAN 1    709                       744    -35      892
..................................................................


WIND (MPH)
  RESULTANT WIND SPEED   6   RESULTANT WIND DIRECTION   W (260)
  HIGHEST WIND SPEED    17   HIGHEST WIND DIRECTION     W (280)
  HIGHEST GUST SPEED    22   HIGHEST GUST DIRECTION     W (280)
  AVERAGE WIND SPEED     6.9


SKY COVER
  POSSIBLE SUNSHINE  MM
  AVERAGE SKY COVER 0.1


WEATHER CONDITIONS
 THE FOLLOWING WEATHER WAS RECORDED YESTERDAY.
  NO SIGNIFICANT WEATHER WAS OBSERVED.


RELATIVE HUMIDITY (PERCENT)
 HIGHEST    75           400 AM
 LOWEST     46           300 PM
 AVERAGE    61

..........................................................


THE PROVIDENCE RI CLIMATE NORMALS FOR TODAY
                         NORMAL    RECORD    YEAR
 MAXIMUM TEMPERATURE (F)   39        59      1973
                                             1949
 MINIMUM TEMPERATURE (F)   23         0      1914


SUNRISE AND SUNSET
DECEMBER 27 2014......SUNRISE   712 AM EST   SUNSET   422 PM EST
DECEMBER 28 2014......SUNRISE   712 AM EST   SUNSET   423 PM EST


-  INDICATES NEGATIVE NUMBERS.
R  INDICATES RECORD WAS SET OR TIED.
MM INDICATES DATA IS MISSING.
T  INDICATES TRACE AMOUNT.




$$
