000
CDUS41 KBOX 280614
CLIPVD


CLIMATE REPORT
NATIONAL WEATHER SERVICE TAUNTON MA
112 AM EST TUE FEB 28 2017


...................................

...THE PROVIDENCE RI CLIMATE SUMMARY FOR FEBRUARY 27 2017...

CLIMATE NORMAL PERIOD 1981 TO 2010
CLIMATE RECORD PERIOD 1904 TO 2017


WEATHER ITEM   OBSERVED TIME   RECORD YEAR NORMAL DEPARTURE LAST
                VALUE   (LST)  VALUE       VALUE  FROM      YEAR
                                                  NORMAL
..................................................................
TEMPERATURE (F)
 YESTERDAY
  MAXIMUM         53    105 PM  64    1976  43     10       39
  MINIMUM         25    144 AM   2    1950  26     -1       20
  AVERAGE         39                        34      5       30

PRECIPITATION (IN)
  YESTERDAY        0.00          1.39 2013   0.13  -0.13     0.00
  MONTH TO DATE    2.20                      3.15  -0.95     5.32
  SINCE DEC 1     10.30                     11.23  -0.93    13.15
  SINCE JAN 1      7.16                      7.01   0.15     8.35

SNOWFALL (IN)
  YESTERDAY        0.0           4.8  1952   0.2   -0.2      0.0
  MONTH TO DATE   16.8                       8.2    8.6     11.5
  SINCE DEC 1     38.2                      25.9   12.3     19.4
  SINCE JUL 1     38.2                      27.4   10.8     19.4
  SNOW DEPTH       0

DEGREE DAYS
 HEATING
  YESTERDAY       26                        31     -5       35
  MONTH TO DATE  791                       895   -104      865
  SINCE DEC 1   2648                      2957   -309     2458
  SINCE JUL 1   3535                      4032   -497     3339

 COOLING
  YESTERDAY        0                         0      0        0
  MONTH TO DATE    0                         0      0        0
  SINCE DEC 1      0                         0      0        0
  SINCE JAN 1      0                         0      0        0
..................................................................


WIND (MPH)
  RESULTANT WIND SPEED  10   RESULTANT WIND DIRECTION  SW (230)
  HIGHEST WIND SPEED    22   HIGHEST WIND DIRECTION    SW (230)
  HIGHEST GUST SPEED    30   HIGHEST GUST DIRECTION    SW (240)
  AVERAGE WIND SPEED     9.9


SKY COVER
  POSSIBLE SUNSHINE  MM
  AVERAGE SKY COVER 0.3


WEATHER CONDITIONS
 THE FOLLOWING WEATHER WAS RECORDED YESTERDAY.
  NO SIGNIFICANT WEATHER WAS OBSERVED.


RELATIVE HUMIDITY (PERCENT)
 HIGHEST    79          1000 PM
 LOWEST     28          1200 PM
 AVERAGE    54

..........................................................


THE PROVIDENCE RI CLIMATE NORMALS FOR TODAY
                         NORMAL    RECORD    YEAR
 MAXIMUM TEMPERATURE (F)   43        66      1976
 MINIMUM TEMPERATURE (F)   26         2      1907


SUNRISE AND SUNSET
FEBRUARY 28 2017......SUNRISE   622 AM EST   SUNSET   535 PM EST
MARCH  1 2017.........SUNRISE   620 AM EST   SUNSET   536 PM EST


-  INDICATES NEGATIVE NUMBERS.
R  INDICATES RECORD WAS SET OR TIED.
MM INDICATES DATA IS MISSING.
T  INDICATES TRACE AMOUNT.




$$
