000
CDUS41 KBOX 210544
CLIPVD


CLIMATE REPORT
NATIONAL WEATHER SERVICE TAUNTON MA
134 AM EDT FRI JUL 21 2017


...................................

...THE PROVIDENCE RI CLIMATE SUMMARY FOR JULY 20 2017...

CLIMATE NORMAL PERIOD 1981 TO 2010
CLIMATE RECORD PERIOD 1904 TO 2017


WEATHER ITEM   OBSERVED TIME   RECORD YEAR NORMAL DEPARTURE LAST
                VALUE   (LST)  VALUE       VALUE  FROM      YEAR
                                                  NORMAL
..................................................................
TEMPERATURE (F)
 YESTERDAY
  MAXIMUM         93    156 PM 101    1991  83     10       83
  MINIMUM         70    441 AM  54    1939  65      5       59
  AVERAGE         82                        74      8       71

PRECIPITATION (IN)
  YESTERDAY        0.01          1.51 1982   0.10  -0.09     0.00
  MONTH TO DATE    2.70                      2.00   0.70     2.07
  SINCE JUN 1      6.96                      5.64   1.32     3.12
  SINCE JAN 1     31.98                     25.71   6.27    21.24

SNOWFALL (IN)
  YESTERDAY        0.0           0.0  2002   0.0    0.0      0.0
                                      2001
                                      2000
  MONTH TO DATE    0.0                       0.0    0.0      0.0
  SINCE JUN 1      0.0                       0.0    0.0      0.0
  SINCE JUL 1      0.0                       0.0    0.0      0.0
  SNOW DEPTH       0

DEGREE DAYS
 HEATING
  YESTERDAY        0                         0      0        0
  MONTH TO DATE    1                         0      1        0
  SINCE JUN 1     50                        43      7       12
  SINCE JUL 1      1                         0      1        0

 COOLING
  YESTERDAY       17                         9      8        6
  MONTH TO DATE  195                       168     27      194
  SINCE JUN 1    364                       300     64      329
  SINCE JAN 1    422                       326     96      380
..................................................................


WIND (MPH)
  RESULTANT WIND SPEED   6   RESULTANT WIND DIRECTION   W (260)
  HIGHEST WIND SPEED    16   HIGHEST WIND DIRECTION    SW (220)
  HIGHEST GUST SPEED    22   HIGHEST GUST DIRECTION     W (250)
  AVERAGE WIND SPEED     7.0


SKY COVER
  POSSIBLE SUNSHINE  MM
  AVERAGE SKY COVER 0.5


WEATHER CONDITIONS
 THE FOLLOWING WEATHER WAS RECORDED YESTERDAY.
  NO SIGNIFICANT WEATHER WAS OBSERVED.


RELATIVE HUMIDITY (PERCENT)
 HIGHEST    94          1200 AM
 LOWEST     44           100 PM
 AVERAGE    69

..........................................................


THE PROVIDENCE RI CLIMATE NORMALS FOR TODAY
                         NORMAL    RECORD    YEAR
 MAXIMUM TEMPERATURE (F)   83       102      1991
 MINIMUM TEMPERATURE (F)   65        51      1966


SUNRISE AND SUNSET
JULY 21 2017..........SUNRISE   530 AM EDT   SUNSET   814 PM EDT
JULY 22 2017..........SUNRISE   531 AM EDT   SUNSET   813 PM EDT


-  INDICATES NEGATIVE NUMBERS.
R  INDICATES RECORD WAS SET OR TIED.
MM INDICATES DATA IS MISSING.
T  INDICATES TRACE AMOUNT.




$$
