000
CDUS41 KBOX 281235
CLIPVD


CLIMATE REPORT
NATIONAL WEATHER SERVICE TAUNTON MA
835 AM EDT WED SEP 28 2016


...................................

...THE PROVIDENCE RI CLIMATE SUMMARY FOR SEPTEMBER 27 2016...

CLIMATE NORMAL PERIOD 1981 TO 2010
CLIMATE RECORD PERIOD 1904 TO 2016


WEATHER ITEM   OBSERVED TIME   RECORD YEAR NORMAL DEPARTURE LAST
                VALUE   (LST)  VALUE       VALUE  FROM      YEAR
                                                  NORMAL
..................................................................
TEMPERATURE (F)
 YESTERDAY
  MAXIMUM         72    100 PM  86    1998  70      2       71
  MINIMUM         58   1042 PM  35    1980  51      7       42
  AVERAGE         65                        60      5       57

PRECIPITATION (IN)
  YESTERDAY        0.26          2.02 1962   0.13   0.13     0.00
  MONTH TO DATE    2.20                      3.51  -1.31     1.11
  SINCE SEP 1      2.20                      3.51  -1.31     1.11
  SINCE JAN 1     28.03                     34.11  -6.08    28.53

SNOWFALL (IN)
  YESTERDAY        0.0           0.0  2002   0.0    0.0      0.0
                                      2001
                                      2000
  MONTH TO DATE    0.0                       0.0    0.0      0.0
  SINCE SEP 1      0.0                       0.0    0.0      0.0
  SINCE JUL 1      0.0                       0.0    0.0      0.0
  SNOW DEPTH       0

DEGREE DAYS
 HEATING
  YESTERDAY        0                         6     -6        8
  MONTH TO DATE   26                        70    -44       23
  SINCE SEP 1     26                        70    -44       23
  SINCE JUL 1     26                        79    -53       23

 COOLING
  YESTERDAY        0                         1     -1        0
  MONTH TO DATE  151                        77     74      141
  SINCE SEP 1    151                        77     74      141
  SINCE JAN 1   1034                       733    301      942
..................................................................


WIND (MPH)
  RESULTANT WIND SPEED   3   RESULTANT WIND DIRECTION   S (180)
  HIGHEST WIND SPEED    12   HIGHEST WIND DIRECTION     S (190)
  HIGHEST GUST SPEED    14   HIGHEST GUST DIRECTION     S (160)
  AVERAGE WIND SPEED     4.2


SKY COVER
  POSSIBLE SUNSHINE  MM
  AVERAGE SKY COVER 0.8


WEATHER CONDITIONS
 THE FOLLOWING WEATHER WAS RECORDED YESTERDAY.
  RAIN
  LIGHT RAIN
  FOG


RELATIVE HUMIDITY (PERCENT)
 HIGHEST   100           700 AM
 LOWEST     68          1200 PM
 AVERAGE    84

..........................................................


THE PROVIDENCE RI CLIMATE NORMALS FOR TODAY
                         NORMAL    RECORD    YEAR
 MAXIMUM TEMPERATURE (F)   70        86      2014
 MINIMUM TEMPERATURE (F)   50        33      1980


SUNRISE AND SUNSET
SEPTEMBER 28 2016.....SUNRISE   640 AM EDT   SUNSET   632 PM EDT
SEPTEMBER 29 2016.....SUNRISE   641 AM EDT   SUNSET   630 PM EDT


-  INDICATES NEGATIVE NUMBERS.
R  INDICATES RECORD WAS SET OR TIED.
MM INDICATES DATA IS MISSING.
T  INDICATES TRACE AMOUNT.




$$
