000
CDUS43 KLOT 050634
CLIPWK


CLIMATE REPORT
NATIONAL WEATHER SERVICE CHICAGO IL
134 AM CDT WED AUG 5 2015


...................................

...THE CHICAGO EXECUTIVE CLIMATE SUMMARY FOR AUGUST 4 2015...

CLIMATE NORMAL PERIOD 1981 TO 2010
CLIMATE RECORD PERIOD 1996 TO 2015


WEATHER ITEM   OBSERVED TIME   RECORD YEAR NORMAL DEPARTURE LAST
                VALUE   (LST)  VALUE       VALUE  FROM      YEAR
                                                  NORMAL
..................................................................
TEMPERATURE (F)
 YESTERDAY
  MAXIMUM         82    143 PM  93    2012  82      0       86
  MINIMUM         61    525 AM  56    2000  64     -3       65
  AVERAGE         72                        73     -1       76

PRECIPITATION (IN)
  YESTERDAY        0.00          2.13 2014   0.11  -0.11     2.13
  MONTH TO DATE    0.77                      0.46   0.31     2.40
  SINCE JUN 1     10.10                      7.79   2.31    11.76
  SINCE JAN 1     18.23                     19.28  -1.05    20.96

DEGREE DAYS
 HEATING
  YESTERDAY        0                         0      0        0
  MONTH TO DATE    0                         0      0        0
  SINCE JUN 1     76                        56     20       23
  SINCE JUL 1     20                         4     16        3

 COOLING
  YESTERDAY        7                         8     -1       11
  MONTH TO DATE   43                        35      8       35
  SINCE JUN 1    391                       458    -67      397
  SINCE JAN 1    442                       500    -58      455
..................................................................


WIND (MPH)
  RESULTANT WIND SPEED   4   RESULTANT WIND DIRECTION  NW (310)
  HIGHEST WIND SPEED    17   HIGHEST WIND DIRECTION     W (290)
  HIGHEST GUST SPEED    22   HIGHEST GUST DIRECTION     W (280)
  AVERAGE WIND SPEED     5.2



WEATHER CONDITIONS
 THE FOLLOWING WEATHER WAS RECORDED YESTERDAY.
  NO SIGNIFICANT WEATHER WAS OBSERVED.


..........................................................


THE CHICAGO EXECUTIVE CLIMATE NORMALS FOR TODAY
                         NORMAL    RECORD    YEAR
 MAXIMUM TEMPERATURE (F)   82        91      2001
                                             1996
 MINIMUM TEMPERATURE (F)   64        54      1997


SUNRISE AND SUNSET
AUGUST  5 2015........SUNRISE   549 AM CDT   SUNSET   806 PM CDT
AUGUST  6 2015........SUNRISE   550 AM CDT   SUNSET   805 PM CDT


-  INDICATES NEGATIVE NUMBERS.
R  INDICATES RECORD WAS SET OR TIED.
MM INDICATES DATA IS MISSING.
T  INDICATES TRACE AMOUNT.




$$
