000
CDUS43 KLOT 280635
CLIPWK


CLIMATE REPORT
NATIONAL WEATHER SERVICE CHICAGO IL
134 AM CDT THU MAY 28 2015


...................................

...THE CHICAGO EXECUTIVE CLIMATE SUMMARY FOR MAY 27 2015...

CLIMATE NORMAL PERIOD 1981 TO 2010
CLIMATE RECORD PERIOD 1996 TO 2015


WEATHER ITEM   OBSERVED TIME   RECORD YEAR NORMAL DEPARTURE LAST
                VALUE   (LST)  VALUE       VALUE  FROM      YEAR
                                                  NORMAL
..................................................................
TEMPERATURE (F)
 YESTERDAY
  MAXIMUM         74    507 PM  95    2012  73      1       86
  MINIMUM         56   1116 PM  42    2008  51      5       57
  AVERAGE         65                        62      3       72

PRECIPITATION (IN)
  YESTERDAY        0.09          0.40 2000   0.10  -0.01     0.18
  MONTH TO DATE    3.43                      3.27   0.16     3.55
  SINCE MAR 1      6.90                      8.49  -1.59     6.98
  SINCE JAN 1      7.59                     11.07  -3.48     9.11

DEGREE DAYS
 HEATING
  YESTERDAY        0                         5     -5        0
  MONTH TO DATE  189                       228    -39      205
  SINCE MAR 1   1607                      1603      4     1760
  SINCE JUL 1   6735                      6341    394     7119

 COOLING
  YESTERDAY        0                         2     -2        7
  MONTH TO DATE   41                        29     12       53
  SINCE MAR 1     41                        33      8       53
  SINCE JAN 1     41                        33      8       53
..................................................................


WIND (MPH)
  RESULTANT WIND SPEED   6   RESULTANT WIND DIRECTION   W (260)
  HIGHEST WIND SPEED    20   HIGHEST WIND DIRECTION    NW (320)
  HIGHEST GUST SPEED    28   HIGHEST GUST DIRECTION     W (250)
  AVERAGE WIND SPEED     7.6



WEATHER CONDITIONS
 THE FOLLOWING WEATHER WAS RECORDED YESTERDAY.
  HEAVY RAIN
  LIGHT RAIN
  FOG


..........................................................


THE CHICAGO EXECUTIVE CLIMATE NORMALS FOR TODAY
                         NORMAL    RECORD    YEAR
 MAXIMUM TEMPERATURE (F)   73        93      2012
 MINIMUM TEMPERATURE (F)   51        42      2008


SUNRISE AND SUNSET
MAY 28 2015...........SUNRISE   521 AM CDT   SUNSET   818 PM CDT
MAY 29 2015...........SUNRISE   520 AM CDT   SUNSET   818 PM CDT


-  INDICATES NEGATIVE NUMBERS.
R  INDICATES RECORD WAS SET OR TIED.
MM INDICATES DATA IS MISSING.
T  INDICATES TRACE AMOUNT.




$$
