000
CDUS43 KLOT 290635
CLIPWK


CLIMATE REPORT
NATIONAL WEATHER SERVICE CHICAGO IL
134 AM CDT MON AUG 29 2016


...................................

...THE CHICAGO EXECUTIVE CLIMATE SUMMARY FOR AUGUST 28 2016...

CLIMATE NORMAL PERIOD 1981 TO 2010
CLIMATE RECORD PERIOD 1996 TO 2016


WEATHER ITEM   OBSERVED TIME   RECORD YEAR NORMAL DEPARTURE LAST
                VALUE   (LST)  VALUE       VALUE  FROM      YEAR
                                                  NORMAL
..................................................................
TEMPERATURE (F)
 YESTERDAY
  MAXIMUM         80   1206 PM  93    2003  80      0       74
  MINIMUM         70   1159 PM  54    2015  61      9       54
  AVERAGE         75                        71      4       64

PRECIPITATION (IN)
  YESTERDAY        0.14          1.13 2004   0.10   0.04     0.00
  MONTH TO DATE    3.94                      3.34   0.60     2.13
  SINCE JUN 1     12.77                     10.67   2.10    11.46
  SINCE JAN 1     25.13                     22.16   2.97    19.59

DEGREE DAYS
 HEATING
  YESTERDAY        0                         0      0        1
  MONTH TO DATE    0                         0      0        9
  SINCE JUN 1     20                        56    -36       85
  SINCE JUL 1      2                         4     -2       29

 COOLING
  YESTERDAY       10                         6      4        0
  MONTH TO DATE  309                       214     95      206
  SINCE JUN 1    815                       637    178      554
  SINCE JAN 1    884                       679    205      605
..................................................................


WIND (MPH)
  RESULTANT WIND SPEED   4   RESULTANT WIND DIRECTION   E (70)
  HIGHEST WIND SPEED    13   HIGHEST WIND DIRECTION    NE (50)
  HIGHEST GUST SPEED    16   HIGHEST GUST DIRECTION    NE (50)
  AVERAGE WIND SPEED     4.2



WEATHER CONDITIONS
 THE FOLLOWING WEATHER WAS RECORDED YESTERDAY.
  THUNDERSTORM
  LIGHT RAIN
  FOG


..........................................................


THE CHICAGO EXECUTIVE CLIMATE NORMALS FOR TODAY
                         NORMAL    RECORD    YEAR
 MAXIMUM TEMPERATURE (F)   80        94      2010
 MINIMUM TEMPERATURE (F)   61        55      2004


SUNRISE AND SUNSET
AUGUST 29 2016........SUNRISE   614 AM CDT   SUNSET   729 PM CDT
AUGUST 30 2016........SUNRISE   615 AM CDT   SUNSET   728 PM CDT


-  INDICATES NEGATIVE NUMBERS.
R  INDICATES RECORD WAS SET OR TIED.
MM INDICATES DATA IS MISSING.
T  INDICATES TRACE AMOUNT.




$$
