000
CDUS43 KLOT 050659
CLIPWK


CLIMATE REPORT
NATIONAL WEATHER SERVICE CHICAGO IL
158 AM CDT THU MAY 5 2016


...................................

...THE CHICAGO EXECUTIVE CLIMATE SUMMARY FOR MAY 4 2016...

CLIMATE NORMAL PERIOD 1981 TO 2010
CLIMATE RECORD PERIOD 1996 TO 2016


WEATHER ITEM   OBSERVED TIME   RECORD YEAR NORMAL DEPARTURE LAST
                VALUE   (LST)  VALUE       VALUE  FROM      YEAR
                                                  NORMAL
..................................................................
TEMPERATURE (F)
 YESTERDAY
  MAXIMUM         56   1204 AM  80    2010  65     -9       75
                                      2000
  MINIMUM         42   1029 PM  33    2005  44     -2       52
  AVERAGE         49                        54     -5       64

PRECIPITATION (IN)
  YESTERDAY        0.33          1.14 2003   0.13   0.20      T
  MONTH TO DATE    0.81                      0.49   0.32     0.21
  SINCE MAR 1      6.44                      5.71   0.73     3.68
  SINCE JAN 1      8.10                      8.29  -0.19     4.37

DEGREE DAYS
 HEATING
  YESTERDAY       16                        11      5        1
  MONTH TO DATE   66                        46     20       19
  SINCE MAR 1   1301                      1421   -120     1437
  SINCE JUL 1   5364                      6159   -795     6565

 COOLING
  YESTERDAY        0                         0      0        0
  MONTH TO DATE    0                         0      0        1
  SINCE MAR 1      2                         4     -2        1
  SINCE JAN 1      2                         4     -2        1
..................................................................


WIND (MPH)
  RESULTANT WIND SPEED   9   RESULTANT WIND DIRECTION   N (10)
  HIGHEST WIND SPEED    21   HIGHEST WIND DIRECTION     N (10)
  HIGHEST GUST SPEED    30   HIGHEST GUST DIRECTION     N (10)
  AVERAGE WIND SPEED    10.9



WEATHER CONDITIONS
 THE FOLLOWING WEATHER WAS RECORDED YESTERDAY.
  RAIN
  LIGHT RAIN
  FOG


..........................................................


THE CHICAGO EXECUTIVE CLIMATE NORMALS FOR TODAY
                         NORMAL    RECORD    YEAR
 MAXIMUM TEMPERATURE (F)   65        83      2000
 MINIMUM TEMPERATURE (F)   44        35      2005


SUNRISE AND SUNSET
MAY  5 2016...........SUNRISE   542 AM CDT   SUNSET   756 PM CDT
MAY  6 2016...........SUNRISE   540 AM CDT   SUNSET   757 PM CDT


-  INDICATES NEGATIVE NUMBERS.
R  INDICATES RECORD WAS SET OR TIED.
MM INDICATES DATA IS MISSING.
T  INDICATES TRACE AMOUNT.




$$
