000
CDUS43 KLOT 060643
CLIPWK


CLIMATE REPORT
NATIONAL WEATHER SERVICE CHICAGO IL
1242 AM CST SAT FEB 6 2016


...................................

...THE CHICAGO EXECUTIVE CLIMATE SUMMARY FOR FEBRUARY 5 2016...

CLIMATE NORMAL PERIOD 1981 TO 2010
CLIMATE RECORD PERIOD 1996 TO 2016


WEATHER ITEM   OBSERVED TIME   RECORD YEAR NORMAL DEPARTURE LAST
                VALUE   (LST)  VALUE       VALUE  FROM      YEAR
                                                  NORMAL
..................................................................
TEMPERATURE (F)
 YESTERDAY
  MAXIMUM         34    224 PM  56    2005  32      2       17
  MINIMUM         23    228 AM -10    2007  18      5       -1
  AVERAGE         29                        25      4        8

PRECIPITATION (IN)
  YESTERDAY        T             0.11 2004   0.03  -0.03     0.00
  MONTH TO DATE    1.19                      0.15   1.04      T
  SINCE DEC 1      4.38                      3.61   0.77     1.40
  SINCE JAN 1      1.57                      1.78  -0.21     0.69

DEGREE DAYS
 HEATING
  YESTERDAY       36                        40     -4       57
  MONTH TO DATE  167                       201    -34      249
  SINCE DEC 1   2210                      2628   -418     2581
  SINCE JUL 1   3222                      3898   -676     3984

 COOLING
  YESTERDAY        0                         0      0        0
  MONTH TO DATE    0                         0      0        0
  SINCE DEC 1      0                         0      0        0
  SINCE JAN 1      0                         0      0        0
..................................................................


WIND (MPH)
  RESULTANT WIND SPEED   3   RESULTANT WIND DIRECTION  NW (300)
  HIGHEST WIND SPEED    15   HIGHEST WIND DIRECTION    NW (320)
  HIGHEST GUST SPEED    19   HIGHEST GUST DIRECTION    NW (330)
  AVERAGE WIND SPEED     5.1



WEATHER CONDITIONS
 THE FOLLOWING WEATHER WAS RECORDED YESTERDAY.
  LIGHT SNOW


..........................................................


THE CHICAGO EXECUTIVE CLIMATE NORMALS FOR TODAY
                         NORMAL    RECORD    YEAR
 MAXIMUM TEMPERATURE (F)   33        48      2005
 MINIMUM TEMPERATURE (F)   18        -5      2007


SUNRISE AND SUNSET
FEBRUARY  6 2016......SUNRISE   700 AM CST   SUNSET   512 PM CST
FEBRUARY  7 2016......SUNRISE   658 AM CST   SUNSET   513 PM CST


-  INDICATES NEGATIVE NUMBERS.
R  INDICATES RECORD WAS SET OR TIED.
MM INDICATES DATA IS MISSING.
T  INDICATES TRACE AMOUNT.




$$
