000
CDUS43 KLOT 110633
CLIPWK


CLIMATE REPORT
NATIONAL WEATHER SERVICE CHICAGO IL
131 AM CDT FRI JUL 11 2014


...................................

...THE CHICAGO EXECUTIVE CLIMATE SUMMARY FOR JULY 10 2014...

CLIMATE NORMAL PERIOD 1981 TO 2010
CLIMATE RECORD PERIOD 1996 TO 2014


WEATHER ITEM   OBSERVED TIME   RECORD YEAR NORMAL DEPARTURE LAST
                VALUE   (LST)  VALUE       VALUE  FROM      YEAR
                                                  NORMAL
..................................................................
TEMPERATURE (F)
 YESTERDAY
  MAXIMUM         77    112 PM  95    2001  84     -7       85
  MINIMUM         58    413 AM  50    1997  64     -6       65
                                      1996
  AVERAGE         68                        74     -6       75

PRECIPITATION (IN)
  YESTERDAY        0.00          1.14 2000   0.11  -0.11     0.00
  MONTH TO DATE    0.75                      0.75   0.00     0.34
  SINCE JUN 1      8.48                      4.46   4.02     7.32
  SINCE JAN 1     17.68                     15.95   1.73    17.28

DEGREE DAYS
 HEATING
  YESTERDAY        0                         0      0        0
  MONTH TO DATE    1                         0      1        1
  SINCE JUN 1     21                        52    -31       58
  SINCE JUL 1      1                         0      1        1

 COOLING
  YESTERDAY        3                         9     -6       10
  MONTH TO DATE   62                        84    -22       82
  SINCE JUN 1    240                       238      2      233
  SINCE JAN 1    298                       280     18      314
..................................................................


WIND (MPH)
  RESULTANT WIND SPEED   3   RESULTANT WIND DIRECTION   E (90)
  HIGHEST WIND SPEED    12   HIGHEST WIND DIRECTION     E (70)
  HIGHEST GUST SPEED    15   HIGHEST GUST DIRECTION     E (90)
  AVERAGE WIND SPEED     3.5



WEATHER CONDITIONS
 THE FOLLOWING WEATHER WAS RECORDED YESTERDAY.
  NO SIGNIFICANT WEATHER WAS OBSERVED.


..........................................................


THE CHICAGO EXECUTIVE CLIMATE NORMALS FOR TODAY
                         NORMAL    RECORD    YEAR
 MAXIMUM TEMPERATURE (F)   84        88      2011
 MINIMUM TEMPERATURE (F)   64        50      1996


SUNRISE AND SUNSET
JULY 11 2014..........SUNRISE   526 AM CDT   SUNSET   828 PM CDT
JULY 12 2014..........SUNRISE   527 AM CDT   SUNSET   827 PM CDT


-  INDICATES NEGATIVE NUMBERS.
R  INDICATES RECORD WAS SET OR TIED.
MM INDICATES DATA IS MISSING.
T  INDICATES TRACE AMOUNT.




$$
