000
CDUS43 KLOT 300648
CLIPWK


CLIMATE REPORT
NATIONAL WEATHER SERVICE CHICAGO IL
144 AM CDT FRI SEP 30 2016


...................................

...THE CHICAGO EXECUTIVE CLIMATE SUMMARY FOR SEPTEMBER 29 2016...

CLIMATE NORMAL PERIOD 1981 TO 2010
CLIMATE RECORD PERIOD 1996 TO 2016


WEATHER ITEM   OBSERVED TIME   RECORD YEAR NORMAL DEPARTURE LAST
                VALUE   (LST)  VALUE       VALUE  FROM      YEAR
                                                  NORMAL
..................................................................
TEMPERATURE (F)
 YESTERDAY
  MAXIMUM         64    300 PM  85    2002  69     -5       67
  MINIMUM         59    132 AM  38    2006  48     11       55
  AVERAGE         62                        59      3       61

PRECIPITATION (IN)
  YESTERDAY        0.10          0.72 2008   0.14  -0.04     0.06
  MONTH TO DATE    1.21                      3.07  -1.86     4.17
  SINCE SEP 1      1.21                      3.07  -1.86     4.17
  SINCE JAN 1     26.58                     25.55   1.03    24.47

DEGREE DAYS
 HEATING
  YESTERDAY        3                         8     -5        4
  MONTH TO DATE   19                        94    -75       38
  SINCE SEP 1     19                        94    -75       38
  SINCE JUL 1     21                       104    -83       67

 COOLING
  YESTERDAY        0                         1     -1        0
  MONTH TO DATE  137                        78     59      152
  SINCE SEP 1    137                        78     59      152
  SINCE JAN 1   1050                       775    275      768
..................................................................


WIND (MPH)
  RESULTANT WIND SPEED  12   RESULTANT WIND DIRECTION   N (20)
  HIGHEST WIND SPEED    21   HIGHEST WIND DIRECTION     N (10)
  HIGHEST GUST SPEED    28   HIGHEST GUST DIRECTION     N (20)
  AVERAGE WIND SPEED    12.2



WEATHER CONDITIONS
 THE FOLLOWING WEATHER WAS RECORDED YESTERDAY.
  LIGHT RAIN
  FOG


..........................................................


THE CHICAGO EXECUTIVE CLIMATE NORMALS FOR TODAY
                         NORMAL    RECORD    YEAR
 MAXIMUM TEMPERATURE (F)   68        86      2002
 MINIMUM TEMPERATURE (F)   48        37      2003


SUNRISE AND SUNSET
SEPTEMBER 30 2016.....SUNRISE   648 AM CDT   SUNSET   634 PM CDT
OCTOBER  1 2016.......SUNRISE   649 AM CDT   SUNSET   632 PM CDT


-  INDICATES NEGATIVE NUMBERS.
R  INDICATES RECORD WAS SET OR TIED.
MM INDICATES DATA IS MISSING.
T  INDICATES TRACE AMOUNT.




$$
