000
CDUS41 KGYX 220812
CLIPWM


CLIMATE REPORT
NATIONAL WEATHER SERVICE GRAY ME
412 AM EDT MON SEP 22 2014


...................................

...THE PORTLAND ME CLIMATE SUMMARY FOR SEPTEMBER 21 2014...

CLIMATE NORMAL PERIOD 1981 TO 2010
CLIMATE RECORD PERIOD 1941 TO 2014


WEATHER ITEM   OBSERVED TIME   RECORD YEAR NORMAL DEPARTURE LAST
                VALUE   (LST)  VALUE       VALUE  FROM      YEAR
                                                  NORMAL
..................................................................
TEMPERATURE (F)
 YESTERDAY
  MAXIMUM         70    102 PM  91    1978  68      2       66
  MINIMUM         53    348 AM  30    1964  48      5       53
  AVERAGE         62                        58      4       60

PRECIPITATION (IN)
  YESTERDAY        0.33          1.27 1974   0.13   0.20     0.00
  MONTH TO DATE    0.86                      2.43  -1.57     6.38
  SINCE SEP 1      0.86                      2.43  -1.57     6.38
  SINCE JAN 1     39.06                     32.17   6.89    34.60

SNOWFALL (IN)
  YESTERDAY        0.0           0.0  2002   0.0    0.0      0.0
                                      2001
                                      2000
  MONTH TO DATE    0.0                       0.0    0.0      0.0
  SINCE SEP 1      0.0                       0.0    0.0      0.0
  SINCE JUL 1      0.0                       0.0    0.0      0.0
  SNOW DEPTH       0

DEGREE DAYS
 HEATING
  YESTERDAY        3                         7     -4        5
  MONTH TO DATE  127                        92     35       97
  SINCE SEP 1    127                        92     35       97
  SINCE JUL 1    151                       137     14      115

 COOLING
  YESTERDAY        0                         0      0        0
  MONTH TO DATE   42                        27     15       37
  SINCE SEP 1     42                        27     15       37
  SINCE JAN 1    340                       355    -15      454
..................................................................


WIND (MPH)
  RESULTANT WIND SPEED   5   RESULTANT WIND DIRECTION   S (180)
  HIGHEST WIND SPEED    20   HIGHEST WIND DIRECTION     S (190)
  HIGHEST GUST SPEED    25   HIGHEST GUST DIRECTION     S (190)
  AVERAGE WIND SPEED     5.4


SKY COVER
  AVERAGE SKY COVER 0.8


WEATHER CONDITIONS
 THE FOLLOWING WEATHER WAS RECORDED YESTERDAY.
  HEAVY RAIN
  RAIN
  LIGHT RAIN
  FOG
  FOG W/VISIBILITY <= 1/4 MILE


RELATIVE HUMIDITY (PERCENT)
 HIGHEST   100           800 AM
 LOWEST     78           100 PM
 AVERAGE    89

..........................................................


THE PORTLAND ME CLIMATE NORMALS FOR TODAY
                         NORMAL    RECORD    YEAR
 MAXIMUM TEMPERATURE (F)   68        89      1965
 MINIMUM TEMPERATURE (F)   48        27      1962


SUNRISE AND SUNSET
SEPTEMBER 22 2014.....SUNRISE   628 AM EDT   SUNSET   639 PM EDT
SEPTEMBER 23 2014.....SUNRISE   630 AM EDT   SUNSET   637 PM EDT


-  INDICATES NEGATIVE NUMBERS.
R  INDICATES RECORD WAS SET OR TIED.
MM INDICATES DATA IS MISSING.
T  INDICATES TRACE AMOUNT.




$$
