000
CDUS41 KGYX 270808
CLIPWM


CLIMATE REPORT
NATIONAL WEATHER SERVICE GRAY ME
407 AM EDT FRI MAR 27 2015


...................................

...THE PORTLAND ME CLIMATE SUMMARY FOR MARCH 26 2015...

CLIMATE NORMAL PERIOD 1981 TO 2010
CLIMATE RECORD PERIOD 1941 TO 2015


WEATHER ITEM   OBSERVED TIME   RECORD YEAR NORMAL DEPARTURE LAST
                VALUE   (LST)  VALUE       VALUE  FROM      YEAR
                                                  NORMAL
..................................................................
TEMPERATURE (F)
 YESTERDAY
  MAXIMUM         49    228 PM  74    1986  45      4       34
  MINIMUM         37    300 AM  -5    1960  28      9       23
  AVERAGE         43                        37      6       29

PRECIPITATION (IN)
  YESTERDAY        0.43          1.50 1876   0.15   0.28     0.00
  MONTH TO DATE    1.70                      3.53  -1.83     1.93
  SINCE MAR 1      1.70                      3.53  -1.83     1.93
  SINCE JAN 1      9.18                     10.16  -0.98    10.25

SNOWFALL (IN)
  YESTERDAY        0.0           3.0  1888   0.3   -0.3      0.0
  MONTH TO DATE    2.3                      11.4   -9.1      3.3
  SINCE MAR 1      2.3                      11.4   -9.1      3.3
  SINCE JUL 1     91.5                      57.8   33.7     81.8
  SNOW DEPTH      11

DEGREE DAYS
 HEATING
  YESTERDAY       22                        28     -6       36
  MONTH TO DATE  932                       840     92     1027
  SINCE MAR 1    932                       840     92     1027
  SINCE JUL 1   5986                      5882    104     6266

 COOLING
  YESTERDAY        0                         0      0        0
  MONTH TO DATE    0                         0      0        0
  SINCE MAR 1      0                         0      0        0
  SINCE JAN 1      0                         0      0        0
..................................................................


WIND (MPH)
  RESULTANT WIND SPEED   5   RESULTANT WIND DIRECTION   S (200)
  HIGHEST WIND SPEED    15   HIGHEST WIND DIRECTION     S (190)
  HIGHEST GUST SPEED    19   HIGHEST GUST DIRECTION     S (190)
  AVERAGE WIND SPEED     5.9


SKY COVER
  AVERAGE SKY COVER 0.9


WEATHER CONDITIONS
 THE FOLLOWING WEATHER WAS RECORDED YESTERDAY.
  RAIN
  LIGHT RAIN
  FOG


RELATIVE HUMIDITY (PERCENT)
 HIGHEST    96          1000 PM
 LOWEST     71          1100 AM
 AVERAGE    84

..........................................................


THE PORTLAND ME CLIMATE NORMALS FOR TODAY
                         NORMAL    RECORD    YEAR
 MAXIMUM TEMPERATURE (F)   46        74      1998
 MINIMUM TEMPERATURE (F)   28        10      1956


SUNRISE AND SUNSET
MARCH 27 2015.........SUNRISE   632 AM EDT   SUNSET   702 PM EDT
MARCH 28 2015.........SUNRISE   631 AM EDT   SUNSET   703 PM EDT


-  INDICATES NEGATIVE NUMBERS.
R  INDICATES RECORD WAS SET OR TIED.
MM INDICATES DATA IS MISSING.
T  INDICATES TRACE AMOUNT.




$$
