000
CDUS41 KGYX 222042
CLIPWM


CLIMATE REPORT
NATIONAL WEATHER SERVICE GRAY ME
442 PM EDT THU JUN 22 2017


...................................

...THE PORTLAND ME CLIMATE SUMMARY FOR JUNE 22 2017...
VALID TODAY AS OF 0400 PM LOCAL TIME.

CLIMATE NORMAL PERIOD 1981 TO 2010
CLIMATE RECORD PERIOD 1941 TO 2017


WEATHER ITEM   OBSERVED TIME   RECORD YEAR NORMAL DEPARTURE LAST
                VALUE   (LST)  VALUE       VALUE  FROM      YEAR
                                                  NORMAL
..................................................................
TEMPERATURE (F)
 TODAY
  MAXIMUM         82    243 PM  95    1941  75      7       75
  MINIMUM         54    413 AM  45    1963  56     -2       53
  AVERAGE         68                        66      2       64

PRECIPITATION (IN)
  TODAY            0.00          1.76 1918   0.11  -0.11     0.09
  MONTH TO DATE    1.82                      2.90  -1.08     2.77
  SINCE JUN 1      1.82                      2.90  -1.08     2.77
  SINCE JAN 1     25.86                     22.10   3.76    18.28

SNOWFALL (IN)
  TODAY            0.0           0.0  2002   0.0    0.0      0.0
                                      2001
                                      2000
  MONTH TO DATE    0.0                       0.0    0.0      0.0
  SINCE JUN 1      0.0                       0.0    0.0      0.0
  SINCE JUL 1     95.3                      61.9   33.4     51.8
  SNOW DEPTH       0

DEGREE DAYS
 HEATING
  TODAY            0                         2     -2        1
  MONTH TO DATE   81                        93    -12       63
  SINCE JUN 1     81                        93    -12       63
  SINCE JUL 1   6601                      7094   -493     6182

 COOLING
  TODAY            3                         3      0        0
  MONTH TO DATE   69                        34     35       17
  SINCE JUN 1     69                        34     35       17
  SINCE JAN 1     86                        41     45       33
..................................................................


WIND (MPH)
  HIGHEST WIND SPEED    17   HIGHEST WIND DIRECTION    NW (300)
  HIGHEST GUST SPEED    22   HIGHEST GUST DIRECTION     W (290)
  AVERAGE WIND SPEED     6.0


SKY COVER
  POSSIBLE SUNSHINE  MM
  AVERAGE SKY COVER 0.2


WEATHER CONDITIONS
 THE FOLLOWING WEATHER WAS RECORDED TODAY.
  NO SIGNIFICANT WEATHER WAS OBSERVED.


RELATIVE HUMIDITY (PERCENT)
 HIGHEST    80           300 AM
 LOWEST     33           200 PM
 AVERAGE    57

..........................................................


THE PORTLAND ME CLIMATE NORMALS FOR TOMORROW
                         NORMAL    RECORD    YEAR
 MAXIMUM TEMPERATURE (F)   76        91      1983
 MINIMUM TEMPERATURE (F)   56        40      1958


SUNRISE AND SUNSET
JUNE 22 2017..........SUNRISE   500 AM EDT   SUNSET   827 PM EDT
JUNE 23 2017..........SUNRISE   500 AM EDT   SUNSET   827 PM EDT


-  INDICATES NEGATIVE NUMBERS.
R  INDICATES RECORD WAS SET OR TIED.
MM INDICATES DATA IS MISSING.
T  INDICATES TRACE AMOUNT.




$$
