000
CDUS41 KGYX 302041
CLIPWM


CLIMATE REPORT
NATIONAL WEATHER SERVICE GRAY ME
440 PM EDT FRI SEP 30 2016


...................................

...THE PORTLAND ME CLIMATE SUMMARY FOR SEPTEMBER 30 2016...
VALID TODAY AS OF 0400 PM LOCAL TIME.

CLIMATE NORMAL PERIOD 1981 TO 2010
CLIMATE RECORD PERIOD 1941 TO 2016


WEATHER ITEM   OBSERVED TIME   RECORD YEAR NORMAL DEPARTURE LAST
                VALUE   (LST)  VALUE       VALUE  FROM      YEAR
                                                  NORMAL
..................................................................
TEMPERATURE (F)
 TODAY
  MAXIMUM         60    110 PM  85    1986  65     -5       69
  MINIMUM         44    610 AM  23    1941  45     -1       54
  AVERAGE         52                        54     -2       62

PRECIPITATION (IN)
  TODAY            0.00          5.56 2015   0.15  -0.15     5.56
  MONTH TO DATE    0.86                      3.69  -2.83     7.06
  SINCE SEP 1      0.86                      3.69  -2.83     7.06
  SINCE JAN 1     24.39                     33.43  -9.04    33.82

SNOWFALL (IN)
  TODAY            0.0           T    1992   0.0    0.0      0.0
  MONTH TO DATE    0.0                       0.0    0.0      0.0
  SINCE SEP 1      0.0                       0.0    0.0      0.0
  SINCE JUL 1      0.0                       0.0    0.0      0.0
  SNOW DEPTH       0

DEGREE DAYS
 HEATING
  TODAY           13                        11      2        3
  MONTH TO DATE   97                       175    -78       81
  SINCE SEP 1     97                       176    -79       81
  SINCE JUL 1    111                       221   -110       91

 COOLING
  TODAY            0                         0      0        0
  MONTH TO DATE   68                        30     38       97
  SINCE SEP 1     68                        30     38       97
  SINCE JAN 1    553                       358    195      492
..................................................................


WIND (MPH)
  HIGHEST WIND SPEED    15   HIGHEST WIND DIRECTION     E (100)
  HIGHEST GUST SPEED    18   HIGHEST GUST DIRECTION     E (100)
  AVERAGE WIND SPEED     6.6


SKY COVER
  POSSIBLE SUNSHINE  MM
  AVERAGE SKY COVER 0.5


WEATHER CONDITIONS
 THE FOLLOWING WEATHER WAS RECORDED TODAY.
  NO SIGNIFICANT WEATHER WAS OBSERVED.


RELATIVE HUMIDITY (PERCENT)
 HIGHEST    83           400 AM
 LOWEST     57           100 PM
 AVERAGE    70

..........................................................


THE PORTLAND ME CLIMATE NORMALS FOR TOMORROW
                         NORMAL    RECORD    YEAR
 MAXIMUM TEMPERATURE (F)   64        85      1954
 MINIMUM TEMPERATURE (F)   44        27      1963


SUNRISE AND SUNSET
SEPTEMBER 30 2016.....SUNRISE   638 AM EDT   SUNSET   623 PM EDT
OCTOBER  1 2016.......SUNRISE   639 AM EDT   SUNSET   621 PM EDT


-  INDICATES NEGATIVE NUMBERS.
R  INDICATES RECORD WAS SET OR TIED.
MM INDICATES DATA IS MISSING.
T  INDICATES TRACE AMOUNT.




$$
