000
CDUS41 KGYX 240937
CLIPWM


CLIMATE REPORT
NATIONAL WEATHER SERVICE GRAY ME
436 AM EST TUE JAN 24 2017


...................................

...THE PORTLAND ME CLIMATE SUMMARY FOR JANUARY 23 2017...

CLIMATE NORMAL PERIOD 1981 TO 2010
CLIMATE RECORD PERIOD 1941 TO 2017


WEATHER ITEM   OBSERVED TIME   RECORD YEAR NORMAL DEPARTURE LAST
                VALUE   (LST)  VALUE       VALUE  FROM      YEAR
                                                  NORMAL
..................................................................
TEMPERATURE (F)
 YESTERDAY
  MAXIMUM         33   1232 AM  53    1957  31      2       20
  MINIMUM         30    912 AM -15    1976  13     17       14
  AVERAGE         32                        22     10       17

PRECIPITATION (IN)
  YESTERDAY        0.00          1.95 1992   0.11  -0.11     0.00
  MONTH TO DATE    2.28                      2.53  -0.25     3.36
  SINCE DEC 1      7.59                      6.55   1.04     8.70
  SINCE JAN 1      2.28                      2.53  -0.25     3.36

SNOWFALL (IN)
  YESTERDAY        0.0          15.3  2005   0.6   -0.6      0.0
  MONTH TO DATE    6.2                      14.5   -8.3     13.2
  SINCE DEC 1     25.1                      27.7   -2.6     20.5
  SINCE JUL 1     25.6                      29.6   -4.0     20.5
  SNOW DEPTH       T

DEGREE DAYS
 HEATING
  YESTERDAY       33                        43    -10       48
  MONTH TO DATE  822                       979   -157      909
  SINCE DEC 1   1957                      2100   -143     1740
  SINCE JUL 1   3209                      3591   -382     2986

 COOLING
  YESTERDAY        0                         0      0        0
  MONTH TO DATE    0                         0      0        0
  SINCE DEC 1      0                         0      0        0
  SINCE JAN 1      0                         0      0        0
..................................................................


WIND (MPH)
  RESULTANT WIND SPEED  15   RESULTANT WIND DIRECTION  NE (40)
  HIGHEST WIND SPEED    23   HIGHEST WIND DIRECTION    NE (40)
  HIGHEST GUST SPEED    30   HIGHEST GUST DIRECTION    NE (40)
  AVERAGE WIND SPEED    15.6


SKY COVER
  AVERAGE SKY COVER 1.0


WEATHER CONDITIONS
 THE FOLLOWING WEATHER WAS RECORDED YESTERDAY.
  NO SIGNIFICANT WEATHER WAS OBSERVED.


RELATIVE HUMIDITY (PERCENT)
 HIGHEST    72           200 PM
 LOWEST     63           100 AM
 AVERAGE    68

..........................................................


THE PORTLAND ME CLIMATE NORMALS FOR TODAY
                         NORMAL    RECORD    YEAR
 MAXIMUM TEMPERATURE (F)   31        52      1999
 MINIMUM TEMPERATURE (F)   13       -21      1948


SUNRISE AND SUNSET
JANUARY 24 2017.......SUNRISE   705 AM EST   SUNSET   442 PM EST
JANUARY 25 2017.......SUNRISE   704 AM EST   SUNSET   443 PM EST


-  INDICATES NEGATIVE NUMBERS.
R  INDICATES RECORD WAS SET OR TIED.
MM INDICATES DATA IS MISSING.
T  INDICATES TRACE AMOUNT.




$$
