000
CDUS41 KGYX 280802
CLIPWM


CLIMATE REPORT
NATIONAL WEATHER SERVICE GRAY ME
402 AM EDT SUN AUG 28 2016


...................................

...THE PORTLAND ME CLIMATE SUMMARY FOR AUGUST 27 2016...

CLIMATE NORMAL PERIOD 1981 TO 2010
CLIMATE RECORD PERIOD 1941 TO 2016


WEATHER ITEM   OBSERVED TIME   RECORD YEAR NORMAL DEPARTURE LAST
                VALUE   (LST)  VALUE       VALUE  FROM      YEAR
                                                  NORMAL
..................................................................
TEMPERATURE (F)
 YESTERDAY
  MAXIMUM         87    135 PM 100    1948  76     11       79
  MINIMUM         62    514 AM  40    1954  57      5       59
  AVERAGE         75                        66      9       69

PRECIPITATION (IN)
  YESTERDAY        0.00          1.70 1892   0.10  -0.10     0.00
  MONTH TO DATE    1.90                      2.75  -0.85     2.49
  SINCE JUN 1      8.02                     10.15  -2.13    10.15
  SINCE JAN 1     23.53                     29.35  -5.82    26.76

SNOWFALL (IN)
  YESTERDAY        0.0           0.0  2002   0.0    0.0      0.0
                                      2001
                                      2000
  MONTH TO DATE    0.0                       0.0    0.0      0.0
  SINCE JUN 1      0.0                       0.0    0.0      0.0
  SINCE JUL 1      0.0                       0.0    0.0      0.0
  SNOW DEPTH       0

DEGREE DAYS
 HEATING
  YESTERDAY        0                         2     -2        0
  MONTH TO DATE    1                        19    -18        0
  SINCE JUN 1     80                       142    -62      154
  SINCE JUL 1     14                        36    -22       10

 COOLING
  YESTERDAY       10                         3      7        4
  MONTH TO DATE  200                       110     90      153
  SINCE JUN 1    448                       311    137      339
  SINCE JAN 1    464                       318    146      379
..................................................................


WIND (MPH)
  RESULTANT WIND SPEED   2   RESULTANT WIND DIRECTION   W (280)
  HIGHEST WIND SPEED    15   HIGHEST WIND DIRECTION    NW (320)
  HIGHEST GUST SPEED    19   HIGHEST GUST DIRECTION     N (350)
  AVERAGE WIND SPEED     4.9


SKY COVER
  AVERAGE SKY COVER 0.1


WEATHER CONDITIONS
 THE FOLLOWING WEATHER WAS RECORDED YESTERDAY.
  LIGHT RAIN


RELATIVE HUMIDITY (PERCENT)
 HIGHEST    84          1100 PM
 LOWEST     37          1100 AM
 AVERAGE    61

..........................................................


THE PORTLAND ME CLIMATE NORMALS FOR TODAY
                         NORMAL    RECORD    YEAR
 MAXIMUM TEMPERATURE (F)   76        98      1948
 MINIMUM TEMPERATURE (F)   56        39      1957


SUNRISE AND SUNSET
AUGUST 28 2016........SUNRISE   601 AM EDT   SUNSET   723 PM EDT
AUGUST 29 2016........SUNRISE   602 AM EDT   SUNSET   721 PM EDT


-  INDICATES NEGATIVE NUMBERS.
R  INDICATES RECORD WAS SET OR TIED.
MM INDICATES DATA IS MISSING.
T  INDICATES TRACE AMOUNT.




$$
