000
CDUS46 KSGX 240017
CLIRAL


CLIMATE REPORT
NATIONAL WEATHER SERVICE SAN DIEGO, CA
517 PM PDT WED APR 23 2014


...................................

...THE RIVERSIDE MUNI AIRPORT CA CLIMATE SUMMARY FOR APRIL 23 2014...
VALID TODAY AS OF 0500 PM LOCAL TIME.

CLIMATE NORMAL PERIOD 1981 TO 2010
CLIMATE RECORD PERIOD 1893 TO 2014


WEATHER ITEM   OBSERVED TIME   RECORD YEAR NORMAL DEPARTURE LAST
                VALUE   (LST)  VALUE       VALUE  FROM      YEAR
                                                  NORMAL
..................................................................
TEMPERATURE (F)
 TODAY
  MAXIMUM         76    227 PM 103    1910  77     -1       83
  MINIMUM         51    555 AM  35    1932  52     -1       53
  AVERAGE         64                        64      0       68

PRECIPITATION (IN)
  TODAY            0.00          0.21 1924   0.03  -0.03     0.00
  MONTH TO DATE    0.14                      0.60  -0.46      T
  SINCE JUL 1      2.65                     11.80  -9.15     4.02
  SINCE JAN 1      1.50                      8.59  -7.09     2.11

SNOWFALL (IN)
  TODAY            0.0
  MONTH TO DATE    0.0
  SINCE JAN 1      0.0
  SINCE JUL 1      0.0
  SNOW DEPTH       0

DEGREE DAYS
 HEATING
  TODAY            1                         3     -2        0
  MONTH TO DATE   46                        91    -45       42
  SINCE MAR 1    121                       296   -175      142
  SINCE JUL 1    783                      1404   -621     1158

 COOLING
  TODAY            0                         2     -2        3
  MONTH TO DATE   69                        28     41       31
  SINCE MAR 1     99                        40     59       66
  SINCE JAN 1    128                        49     79       69
..................................................................


WIND (MPH)
  RESULTANT WIND SPEED   2   RESULTANT WIND DIRECTION   W (260)
  HIGHEST WIND SPEED    16   HIGHEST WIND DIRECTION     W (250)
  HIGHEST GUST SPEED    22   HIGHEST GUST DIRECTION     W (260)
  AVERAGE WIND SPEED     3.5


SKY COVER
  POSSIBLE SUNSHINE  MM
  AVERAGE SKY COVER 0.3


WEATHER CONDITIONS
 THE FOLLOWING WEATHER WAS RECORDED TODAY.
  NO SIGNIFICANT WEATHER WAS OBSERVED.


RELATIVE HUMIDITY (PERCENT)
 HIGHEST    89           400 AM
 LOWEST     31           100 PM
 AVERAGE    60

..........................................................


THE RIVERSIDE MUNI AIRPORT CA CLIMATE NORMALS FOR TOMORROW
                         NORMAL    RECORD    YEAR
 MAXIMUM TEMPERATURE (F)   77       102      1910
 MINIMUM TEMPERATURE (F)   52        38      1963
                                             1961
                                             1937


SUNRISE AND SUNSET
APRIL 23 2014.........SUNRISE   609 AM PDT   SUNSET   727 PM PDT
APRIL 24 2014.........SUNRISE   608 AM PDT   SUNSET   728 PM PDT


-  INDICATES NEGATIVE NUMBERS.
R  INDICATES RECORD WAS SET OR TIED.
MM INDICATES DATA IS MISSING.
T  INDICATES TRACE AMOUNT.




$$
