000
CDUS46 KSGX 261517
CLIRAL


CLIMATE REPORT
NATIONAL WEATHER SERVICE SAN DIEGO, CA
717 AM PST SUN FEB 26 2017


...................................

...THE RIVERSIDE MUNI AIRPORT CA CLIMATE SUMMARY FOR FEBRUARY 25 2017...

CLIMATE NORMAL PERIOD 1981 TO 2010
CLIMATE RECORD PERIOD 1893 TO 2017


WEATHER ITEM   OBSERVED TIME   RECORD YEAR NORMAL DEPARTURE LAST
                VALUE   (LST)  VALUE       VALUE  FROM      YEAR
                                                  NORMAL
..................................................................
TEMPERATURE (F)
 YESTERDAY
  MAXIMUM         63    237 PM  94    1921  68     -5       86
  MINIMUM         37    707 AM  28    1894  45     -8       49
  AVERAGE         50                        56     -6       68

PRECIPITATION (IN)
  YESTERDAY        0.00          2.05 1969   0.13  -0.13     0.00
  MONTH TO DATE    1.75                      2.72  -0.97     0.24
  SINCE OCT 1     12.49                      8.47   4.02     4.00
  SINCE JAN 1      7.23                      5.66   1.57     2.83

DEGREE DAYS
 HEATING
  YESTERDAY       15                         9      6        0
  MONTH TO DATE  202                       240    -38       83
  SINCE DEC 1    815                       885    -70      715
  SINCE JUL 1    919                      1085   -166      877

 COOLING
  YESTERDAY        0                         0      0        3
  MONTH TO DATE    0                         0      0       67
  SINCE DEC 1      0                         8     -8       69
  SINCE JAN 1      0                         6     -6       67
..................................................................


WIND (MPH)
  RESULTANT WIND SPEED   2   RESULTANT WIND DIRECTION   W (290)
  HIGHEST WIND SPEED    17   HIGHEST WIND DIRECTION     W (270)
  HIGHEST GUST SPEED    24   HIGHEST GUST DIRECTION     W (270)
  AVERAGE WIND SPEED     4.2


SKY COVER
  POSSIBLE SUNSHINE  MM
  AVERAGE SKY COVER 0.3


WEATHER CONDITIONS
 THE FOLLOWING WEATHER WAS RECORDED YESTERDAY.
  NO SIGNIFICANT WEATHER WAS OBSERVED.


RELATIVE HUMIDITY (PERCENT)
 HIGHEST    93          1100 PM
 LOWEST     42          1200 PM
 AVERAGE    68

..........................................................


THE RIVERSIDE MUNI AIRPORT CA CLIMATE NORMALS FOR TODAY
                         NORMAL    RECORD    YEAR
 MAXIMUM TEMPERATURE (F)   69        90      1986
 MINIMUM TEMPERATURE (F)   45        25      1935


SUNRISE AND SUNSET
FEBRUARY 26 2017......SUNRISE   622 AM PST   SUNSET   544 PM PST
FEBRUARY 27 2017......SUNRISE   620 AM PST   SUNSET   545 PM PST


-  INDICATES NEGATIVE NUMBERS.
R  INDICATES RECORD WAS SET OR TIED.
MM INDICATES DATA IS MISSING.
T  INDICATES TRACE AMOUNT.




$$
