109
CDUS46 KSGX 230018
CLIRAL


CLIMATE REPORT
NATIONAL WEATHER SERVICE SAN DIEGO, CA
518 PM PDT WED MAR 22 2017


...................................

...THE RIVERSIDE MUNI AIRPORT CA CLIMATE SUMMARY FOR MARCH 22 2017...
VALID TODAY AS OF 0500 PM LOCAL TIME.

CLIMATE NORMAL PERIOD 1981 TO 2010
CLIMATE RECORD PERIOD 1893 TO 2017


WEATHER ITEM   OBSERVED TIME   RECORD YEAR NORMAL DEPARTURE LAST
                VALUE   (LST)  VALUE       VALUE  FROM      YEAR
                                                  NORMAL
..................................................................
TEMPERATURE (F)
 TODAY
  MAXIMUM         68    315 PM  95    1931  72     -4       72
  MINIMUM         56    432 AM  29    1894  47      9       51
  AVERAGE         62                        59      3       62

PRECIPITATION (IN)
  TODAY            0.05          1.08 1920   0.03   0.02     0.00
  MONTH TO DATE    0.16                      1.76  -1.60     0.69
  SINCE OCT 1     13.09                     10.55   2.54     4.69
  SINCE JAN 1      7.83                      7.74   0.09     3.52

DEGREE DAYS
 HEATING
  TODAY            3                         6     -3        3
  MONTH TO DATE   64                       156    -92       70
  SINCE MAR 1     64                       156    -92       70
  SINCE JUL 1   1028                      1264   -236      947

 COOLING
  TODAY            0                         0      0        0
  MONTH TO DATE   55                         4     51       23
  SINCE MAR 1     55                         4     51       23
  SINCE JAN 1     55                        13     42       99
..................................................................


WIND (MPH)
  RESULTANT WIND SPEED   9   RESULTANT WIND DIRECTION   W (260)
  HIGHEST WIND SPEED    21   HIGHEST WIND DIRECTION     W (250)
  HIGHEST GUST SPEED    27   HIGHEST GUST DIRECTION     W (250)
  AVERAGE WIND SPEED     8.9


SKY COVER
  POSSIBLE SUNSHINE  MM
  AVERAGE SKY COVER 0.6


WEATHER CONDITIONS
 THE FOLLOWING WEATHER WAS RECORDED TODAY.
  LIGHT RAIN
  FOG


RELATIVE HUMIDITY (PERCENT)
 HIGHEST   100           400 AM
 LOWEST     45           300 PM
 AVERAGE    73

..........................................................


THE RIVERSIDE MUNI AIRPORT CA CLIMATE NORMALS FOR TOMORROW
                         NORMAL    RECORD    YEAR
 MAXIMUM TEMPERATURE (F)   72        92      1931
                                             1927
                                             1926
 MINIMUM TEMPERATURE (F)   47        30      1935


SUNRISE AND SUNSET
MARCH 22 2017.........SUNRISE   650 AM PDT   SUNSET   703 PM PDT
MARCH 23 2017.........SUNRISE   649 AM PDT   SUNSET   704 PM PDT


-  INDICATES NEGATIVE NUMBERS.
R  INDICATES RECORD WAS SET OR TIED.
MM INDICATES DATA IS MISSING.
T  INDICATES TRACE AMOUNT.




$$
