000
CDUS46 KSGX 241136
CLIRAL


CLIMATE REPORT
NATIONAL WEATHER SERVICE SAN DIEGO, CA
436 AM PDT TUE OCT 24 2017


...................................

...THE RIVERSIDE MUNI AIRPORT CA CLIMATE SUMMARY FOR OCTOBER 23 2017...

CLIMATE NORMAL PERIOD 1981 TO 2010
CLIMATE RECORD PERIOD 1893 TO 2017


WEATHER ITEM   OBSERVED TIME   RECORD YEAR NORMAL DEPARTURE LAST
                VALUE   (LST)  VALUE       VALUE  FROM      YEAR
                                                  NORMAL
..................................................................
TEMPERATURE (F)
 YESTERDAY
  MAXIMUM        102R   201 PM 101    1959  80     22       76
  MINIMUM         60    507 AM  31    1906  53      7       59
  AVERAGE         81                        66     15       68

PRECIPITATION (IN)
  YESTERDAY        0.00          1.03 1987   0.01  -0.01     0.39
  MONTH TO DATE    T                         0.17  -0.17     0.42
  SINCE OCT 1      T                         0.17  -0.17     0.42
  SINCE JAN 1      8.46                      9.76  -1.30     4.70

DEGREE DAYS
 HEATING
  YESTERDAY        0                         2     -2        0
  MONTH TO DATE    0                        14    -14        0
  SINCE SEP 1      1                        16    -15        0
  SINCE JUL 1      1                        16    -15        0

 COOLING
  YESTERDAY       16                         3     13        3
  MONTH TO DATE  184                       117     67      156
  SINCE SEP 1    531                       451     80      506
  SINCE JAN 1   2179                      1709    470     2175
..................................................................


WIND (MPH)
  RESULTANT WIND SPEED   5   RESULTANT WIND DIRECTION  NE (40)
  HIGHEST WIND SPEED    16   HIGHEST WIND DIRECTION     N (360)
  HIGHEST GUST SPEED    27   HIGHEST GUST DIRECTION     N (360)
  AVERAGE WIND SPEED     6.6


SKY COVER
  POSSIBLE SUNSHINE  MM
  AVERAGE SKY COVER 0.0


WEATHER CONDITIONS
 THE FOLLOWING WEATHER WAS RECORDED YESTERDAY.
  NO SIGNIFICANT WEATHER WAS OBSERVED.


RELATIVE HUMIDITY (PERCENT)
 HIGHEST    34           100 AM
 LOWEST      7          1200 PM
 AVERAGE    21

..........................................................


THE RIVERSIDE MUNI AIRPORT CA CLIMATE NORMALS FOR TODAY
                         NORMAL    RECORD    YEAR
 MAXIMUM TEMPERATURE (F)   80       101      1909
 MINIMUM TEMPERATURE (F)   53        34      1906


SUNRISE AND SUNSET
OCTOBER 24 2017.......SUNRISE   703 AM PDT   SUNSET   605 PM PDT
OCTOBER 25 2017.......SUNRISE   703 AM PDT   SUNSET   604 PM PDT


-  INDICATES NEGATIVE NUMBERS.
R  INDICATES RECORD WAS SET OR TIED.
MM INDICATES DATA IS MISSING.
T  INDICATES TRACE AMOUNT.




$$
