000
CDUS43 KUNR 250831
CLIRAP


CLIMATE REPORT
NATIONAL WEATHER SERVICE RAPID CITY SD
131 AM MST SUN FEB 25 2018


...................................

...THE RAPID CITY AIRPORT SD CLIMATE SUMMARY FOR FEBRUARY 24 2018...

CLIMATE NORMAL PERIOD 1981 TO 2010
CLIMATE RECORD PERIOD 1942 TO 2018


WEATHER ITEM   OBSERVED TIME   RECORD YEAR NORMAL DEPARTURE LAST
                VALUE   (LST)  VALUE       VALUE  FROM      YEAR
                                                  NORMAL
..................................................................
TEMPERATURE (F)
 YESTERDAY
  MAXIMUM         27    233 PM  75    1995  42    -15       24
  MINIMUM          6    852 PM -17    2003  17    -11       13
  AVERAGE         17                        29    -12       19

PRECIPITATION (IN)
  YESTERDAY        0.00          0.25 2011   0.02  -0.02     0.01
  MONTH TO DATE    0.77                      0.35   0.42     0.45
  SINCE DEC 1      1.21                      1.07   0.14     1.57
  SINCE JAN 1      0.94                      0.65   0.29     0.80

SNOWFALL (IN)
  YESTERDAY        0.0           4.8  2011   0.2   -0.2      0.2
  MONTH TO DATE   16.8                       4.7   12.1      7.8
  SINCE DEC 1     29.8                      14.5   15.3     27.6
  SINCE JUL 1     29.8                      22.3    7.5     30.4
  SNOW DEPTH       4

DEGREE DAYS
 HEATING
  YESTERDAY       48                        36     12       46
  MONTH TO DATE 1293                       913    380      767
  SINCE DEC 1   3811                      3394    417     3673
  SINCE JUL 1   5362                      5069    293     4896

 COOLING
  YESTERDAY        0                         0      0        0
  MONTH TO DATE    0                         0      0        0
  SINCE DEC 1      0                         0      0        0
  SINCE JAN 1      0                         0      0        0
..................................................................


WIND (MPH)
  HIGHEST WIND SPEED    31   HIGHEST WIND DIRECTION     N (350)
  HIGHEST GUST SPEED    35   HIGHEST GUST DIRECTION     N (340)
  AVERAGE WIND SPEED    11.7


SKY COVER
  AVERAGE SKY COVER 0.3


WEATHER CONDITIONS
 THE FOLLOWING WEATHER WAS RECORDED YESTERDAY.
  NO SIGNIFICANT WEATHER WAS OBSERVED.


RELATIVE HUMIDITY (PERCENT)
 HIGHEST    84           600 AM
 LOWEST     55          1100 AM
 AVERAGE    70

..........................................................


THE RAPID CITY AIRPORT SD CLIMATE NORMALS FOR TODAY
                         NORMAL    RECORD    YEAR
 MAXIMUM TEMPERATURE (F)   42        72      1999
 MINIMUM TEMPERATURE (F)   17       -16      2011


SUNRISE AND SUNSET
FEBRUARY 25 2018......SUNRISE   636 AM MST   SUNSET   535 PM MST
FEBRUARY 26 2018......SUNRISE   634 AM MST   SUNSET   537 PM MST


-  INDICATES NEGATIVE NUMBERS.
R  INDICATES RECORD WAS SET OR TIED.
MM INDICATES DATA IS MISSING.
T  INDICATES TRACE AMOUNT.




$$
