000
CDUS43 KUNR 300831
CLIRAP


CLIMATE REPORT
NATIONAL WEATHER SERVICE RAPID CITY SD
231 AM MDT TUE AUG 30 2016


...................................

...THE RAPID CITY AIRPORT SD CLIMATE SUMMARY FOR AUGUST 29 2016...

CLIMATE NORMAL PERIOD 1981 TO 2010
CLIMATE RECORD PERIOD 1942 TO 2016


WEATHER ITEM   OBSERVED TIME   RECORD YEAR NORMAL DEPARTURE LAST
                VALUE   (LST)  VALUE       VALUE  FROM      YEAR
                                                  NORMAL
..................................................................
TEMPERATURE (F)
 YESTERDAY
  MAXIMUM         84    336 PM 107    2012  83      1       93
  MINIMUM         60   1200 AM  41    1988  53      7       55
  AVERAGE         72                        68      4       74

PRECIPITATION (IN)
  YESTERDAY        0.00          1.07 2011   0.04  -0.04     0.00
  MONTH TO DATE    2.28                      1.47   0.81     3.41
  SINCE JUN 1      6.33                      5.85   0.48    14.54
  SINCE JAN 1     10.97                     12.54  -1.57    22.59

SNOWFALL (IN)
  YESTERDAY        0.0           0.0    MM   0.0    0.0      0.0
  MONTH TO DATE    0.0                       0.0    0.0      0.0
  SINCE JUN 1      0.0                       0.0    0.0      0.0
  SINCE JUL 1      0.0                       0.0    0.0      0.0
  SNOW DEPTH       0

DEGREE DAYS
 HEATING
  YESTERDAY        0                         2     -2        0
  MONTH TO DATE   29                        14     15       44
  SINCE JUN 1     42                       128    -86       72
  SINCE JUL 1     32                        29      3       45

 COOLING
  YESTERDAY        7                         5      2        9
  MONTH TO DATE  164                       215    -51      183
  SINCE JUN 1    605                       549     56      472
  SINCE JAN 1    605                       564     41      472
..................................................................


WIND (MPH)
  HIGHEST WIND SPEED    23   HIGHEST WIND DIRECTION     N (340)
  HIGHEST GUST SPEED    30   HIGHEST GUST DIRECTION     N (340)
  AVERAGE WIND SPEED    11.5


SKY COVER
  AVERAGE SKY COVER 0.0


WEATHER CONDITIONS
 THE FOLLOWING WEATHER WAS RECORDED YESTERDAY.
  NO SIGNIFICANT WEATHER WAS OBSERVED.


RELATIVE HUMIDITY (PERCENT)
 HIGHEST    93          1100 PM
 LOWEST     40           100 PM
 AVERAGE    67

..........................................................


THE RAPID CITY AIRPORT SD CLIMATE NORMALS FOR TODAY
                         NORMAL    RECORD    YEAR
 MAXIMUM TEMPERATURE (F)   83       102      1948
 MINIMUM TEMPERATURE (F)   53        38      1992


SUNRISE AND SUNSET
AUGUST 30 2016........SUNRISE   614 AM MDT   SUNSET   731 PM MDT
AUGUST 31 2016........SUNRISE   615 AM MDT   SUNSET   729 PM MDT


-  INDICATES NEGATIVE NUMBERS.
R  INDICATES RECORD WAS SET OR TIED.
MM INDICATES DATA IS MISSING.
T  INDICATES TRACE AMOUNT.




$$
