000
CDUS43 KUNR 210831
CLIRAP


CLIMATE REPORT
NATIONAL WEATHER SERVICE RAPID CITY SD
231 AM MDT TUE OCT 21 2014


...................................

...THE RAPID CITY AIRPORT SD CLIMATE SUMMARY FOR OCTOBER 20 2014...

CLIMATE NORMAL PERIOD 1981 TO 2010
CLIMATE RECORD PERIOD 1942 TO 2014


WEATHER ITEM   OBSERVED TIME   RECORD YEAR NORMAL DEPARTURE LAST
                VALUE   (LST)  VALUE       VALUE  FROM      YEAR
                                                  NORMAL
..................................................................
TEMPERATURE (F)
 YESTERDAY
  MAXIMUM         77    331 PM  88    1947  60     17       53
  MINIMUM         38    151 AM  19    1987  33      5       35
                                      1984
  AVERAGE         58                        46     12       44

PRECIPITATION (IN)
  YESTERDAY        0.00          0.42 1963   0.04  -0.04     0.04
  MONTH TO DATE    0.54                      1.02  -0.48     5.36
  SINCE SEP 1      3.71                      2.31   1.40     6.54
  SINCE JAN 1     20.31                     14.94   5.37    20.60

SNOWFALL (IN)
  YESTERDAY        0.0                       0.1   -0.1      0.0
  MONTH TO DATE    0.0                       0.6   -0.6     19.6
  SINCE SEP 1      T                         0.8   -0.8     19.6
  SINCE JUL 1      T                         0.8   -0.8     19.6
  SNOW DEPTH       0

DEGREE DAYS
 HEATING
  YESTERDAY        7                        19    -12       21
  MONTH TO DATE  261                       305    -44      422
  SINCE SEP 1    466                       492    -26      524
  SINCE JUL 1    502                       529    -27      529

 COOLING
  YESTERDAY        0                         0      0        0
  MONTH TO DATE    0                         0      0        0
  SINCE SEP 1     61                        61      0      133
  SINCE JAN 1    424                       633   -209      724
..................................................................


WIND (MPH)
  HIGHEST WIND SPEED    24   HIGHEST WIND DIRECTION     S (170)
  HIGHEST GUST SPEED    29   HIGHEST GUST DIRECTION     S (170)
  AVERAGE WIND SPEED     7.7


SKY COVER
  AVERAGE SKY COVER 0.0


WEATHER CONDITIONS
 THE FOLLOWING WEATHER WAS RECORDED YESTERDAY.
  NO SIGNIFICANT WEATHER WAS OBSERVED.


RELATIVE HUMIDITY (PERCENT)
 HIGHEST    85           100 AM
 LOWEST     31           300 PM
 AVERAGE    58

..........................................................


THE RAPID CITY AIRPORT SD CLIMATE NORMALS FOR TODAY
                         NORMAL    RECORD    YEAR
 MAXIMUM TEMPERATURE (F)   59        89      1992
 MINIMUM TEMPERATURE (F)   32        19      1987


SUNRISE AND SUNSET
OCTOBER 21 2014.......SUNRISE   715 AM MDT   SUNSET   559 PM MDT
OCTOBER 22 2014.......SUNRISE   716 AM MDT   SUNSET   557 PM MDT


-  INDICATES NEGATIVE NUMBERS.
R  INDICATES RECORD WAS SET OR TIED.
MM INDICATES DATA IS MISSING.
T  INDICATES TRACE AMOUNT.




$$
