000
CDUS43 KUNR 030052
CLIRAP


CLIMATE REPORT
NATIONAL WEATHER SERVICE RAPID CITY SD
651 PM MDT THU JUL 2 2015


...................................

...THE RAPID CITY AIRPORT SD CLIMATE SUMMARY FOR JULY 2 2015...
VALID TODAY AS OF 0500 PM LOCAL TIME.

CLIMATE NORMAL PERIOD 1981 TO 2010
CLIMATE RECORD PERIOD 1942 TO 2015


WEATHER ITEM   OBSERVED TIME   RECORD YEAR NORMAL DEPARTURE LAST
                VALUE   (LST)  VALUE       VALUE  FROM      YEAR
                                                  NORMAL
..................................................................
TEMPERATURE (F)
 TODAY
  MAXIMUM         81    234 PM 106    1990  84     -3       75
  MINIMUM         61    304 AM  41    1968  56      5       49
  AVERAGE         71                        70      1       62

PRECIPITATION (IN)
  TODAY            0.00          1.21 1978   0.06  -0.06     0.00
  MONTH TO DATE    0.52                      0.11   0.41      T
  SINCE JUN 1      7.64                      2.64   5.00     5.25
  SINCE JAN 1     15.69                      9.33   6.36    10.64

SNOWFALL (IN)
  TODAY            0.0           0.0    MM   0.0    0.0      0.0
  MONTH TO DATE    0.0                       0.0    0.0      0.0
  SINCE JUN 1      0.0                       0.0    0.0      0.0
  SINCE JUL 1      0.0                       0.0    0.0      0.0
  SNOW DEPTH       0

DEGREE DAYS
 HEATING
  TODAY            0                         1     -1        3
  MONTH TO DATE    0                         2     -2        7
  SINCE JUN 1     27                       101    -74      135
  SINCE JUL 1      0                         2     -2        7

 COOLING
  TODAY            6                         6      0        0
  MONTH TO DATE   15                        12      3        0
  SINCE JUN 1    111                        96     15       22
  SINCE JAN 1    111                       111      0       42
..................................................................


WIND (MPH)
  HIGHEST WIND SPEED    24   HIGHEST WIND DIRECTION     N (340)
  HIGHEST GUST SPEED    30   HIGHEST GUST DIRECTION    NW (320)
  AVERAGE WIND SPEED    15.4


SKY COVER
  AVERAGE SKY COVER 0.1


WEATHER CONDITIONS
 THE FOLLOWING WEATHER WAS RECORDED TODAY.
  HAZE


RELATIVE HUMIDITY (PERCENT)
 HIGHEST    97           300 AM
 LOWEST     42           200 PM
 AVERAGE    70

..........................................................


THE RAPID CITY AIRPORT SD CLIMATE NORMALS FOR TOMORROW
                         NORMAL    RECORD    YEAR
 MAXIMUM TEMPERATURE (F)   85       103      2012
 MINIMUM TEMPERATURE (F)   56        43      1972


SUNRISE AND SUNSET
JULY  2 2015..........SUNRISE   514 AM MDT   SUNSET   839 PM MDT
JULY  3 2015..........SUNRISE   514 AM MDT   SUNSET   839 PM MDT


-  INDICATES NEGATIVE NUMBERS.
R  INDICATES RECORD WAS SET OR TIED.
MM INDICATES DATA IS MISSING.
T  INDICATES TRACE AMOUNT.




$$
