000
CDUS43 KUNR 291833
CLIRAP


CLIMATE REPORT
NATIONAL WEATHER SERVICE RAPID CITY SD
1232 PM MDT SAT APR 29 2017


...................................

...THE RAPID CITY AIRPORT SD CLIMATE SUMMARY FOR APRIL 29 2017...
VALID AS OF 1100 AM LOCAL TIME.

CLIMATE NORMAL PERIOD 1981 TO 2010
CLIMATE RECORD PERIOD 1942 TO 2017


WEATHER ITEM   OBSERVED TIME   RECORD YEAR NORMAL DEPARTURE LAST
                VALUE   (LST)  VALUE       VALUE  FROM      YEAR
                                                  NORMAL
..................................................................
TEMPERATURE (F)
 TODAY
  MAXIMUM         51   1057 AM  85    1951  63    -12       45
  MINIMUM         26    237 AM  11    1956  36    -10       35
                                      1950
  AVERAGE         39                        50    -11       40

PRECIPITATION (IN)
  TODAY            0.00          0.95 1953   0.09  -0.09     0.00
  MONTH TO DATE    1.77                      1.71   0.06     1.84
  SINCE MAR 1      2.30                      2.64  -0.34     2.93
  SINCE JAN 1      3.11                      3.38  -0.27     3.79

SNOWFALL (IN)
  TODAY            0.0           4.8  1950   0.2   -0.2      0.0
  MONTH TO DATE    4.7                       7.7   -3.0      4.2
  SINCE MAR 1      5.2                      16.4  -11.2     10.2
  SINCE JUL 1     35.7                      39.8   -4.1     36.3
  SNOW DEPTH       0

DEGREE DAYS
 HEATING
  TODAY           26                        16     10       25
  MONTH TO DATE  557                       587    -30      510
  SINCE MAR 1   1346                      1505   -159     1262
  SINCE JUL 1   6402                      6715   -313     5957

 COOLING
  TODAY            0                         0      0        0
  MONTH TO DATE    0                         0      0        0
  SINCE MAR 1      0                         0      0        0
  SINCE JAN 1      0                         0      0        0
..................................................................


WIND (MPH)
  HIGHEST WIND SPEED    12   HIGHEST WIND DIRECTION     E (90)
  HIGHEST GUST SPEED    15   HIGHEST GUST DIRECTION     E (100)
  AVERAGE WIND SPEED     6.9


SKY COVER
  AVERAGE SKY COVER 0.3


WEATHER CONDITIONS
 THE FOLLOWING WEATHER WAS RECORDED TODAY.
  NO SIGNIFICANT WEATHER WAS OBSERVED.


RELATIVE HUMIDITY (PERCENT)
 HIGHEST    81           300 AM
 LOWEST     27          1000 AM
 AVERAGE    54

..........................................................


THE RAPID CITY AIRPORT SD CLIMATE NORMALS FOR TOMORROW
                         NORMAL    RECORD    YEAR
 MAXIMUM TEMPERATURE (F)   63        92      1992
 MINIMUM TEMPERATURE (F)   37         9      1950


SUNRISE AND SUNSET
APRIL 29 2017.........SUNRISE   546 AM MDT   SUNSET   754 PM MDT
APRIL 30 2017.........SUNRISE   545 AM MDT   SUNSET   755 PM MDT


-  INDICATES NEGATIVE NUMBERS.
R  INDICATES RECORD WAS SET OR TIED.
MM INDICATES DATA IS MISSING.
T  INDICATES TRACE AMOUNT.




$$
