000
CDUS46 KMFR 050837
CLIRBG


CLIMATE REPORT
NATIONAL WEATHER SERVICE MEDFORD, OR
136 AM PDT THU MAY 5 2016


...................................

...THE ROSEBURG OR CLIMATE SUMMARY FOR MAY 4 2016...

CLIMATE NORMAL PERIOD 1981 TO 2010
CLIMATE RECORD PERIOD 1931 TO 2016


WEATHER ITEM   OBSERVED TIME   RECORD YEAR NORMAL DEPARTURE LAST
                VALUE   (LST)  VALUE       VALUE  FROM      YEAR
                                                  NORMAL
..................................................................
TEMPERATURE (F)
 YESTERDAY
  MAXIMUM         62    249 PM  87    1953  67     -5       68
  MINIMUM         56    619 AM  33    1952  45     11       45
  AVERAGE         59                        56      3       57

PRECIPITATION (IN)
  YESTERDAY        0.06          0.68 2009   0.09  -0.03     0.00
  MONTH TO DATE    0.42                      0.34   0.08     0.00
  SINCE OCT 1     36.39                     31.35   5.04    24.48
  SINCE JAN 1     17.20                     15.70   1.50    10.20

SNOWFALL (IN)
  YESTERDAY       MM                        MM     MM       MM
  MONTH TO DATE   MM                        MM     MM       MM
  SINCE JUL 1      0.0                      MM     MM        0.0
  SNOW DEPTH      MM

DEGREE DAYS
 HEATING
  YESTERDAY        6                         9     -3        8
  MONTH TO DATE   12                        37    -25       17
  SINCE MAR 1    630                       932   -302      680
  SINCE JUL 1   2983                      3801   -818     2737

 COOLING
  YESTERDAY        0                         0      0        0
  MONTH TO DATE    4                         0      4        0
  SINCE MAR 1     22                         1     21        1
  SINCE JAN 1     22                         1     21        1
..................................................................


WIND (MPH)
  RESULTANT WIND SPEED   4   RESULTANT WIND DIRECTION   N (360)
  HIGHEST WIND SPEED    16   HIGHEST WIND DIRECTION     N (20)
  HIGHEST GUST SPEED    19   HIGHEST GUST DIRECTION     N (20)
  AVERAGE WIND SPEED     5.6


SKY COVER
  POSSIBLE SUNSHINE  MM
  AVERAGE SKY COVER 1.0


WEATHER CONDITIONS
 THE FOLLOWING WEATHER WAS RECORDED YESTERDAY.
  LIGHT RAIN
  FOG


RELATIVE HUMIDITY (PERCENT)
 HIGHEST    93          1200 AM
 LOWEST     75           900 PM
 AVERAGE    84

..........................................................


THE ROSEBURG OR CLIMATE NORMALS FOR TODAY
                         NORMAL    RECORD    YEAR
 MAXIMUM TEMPERATURE (F)   68        90      1953
 MINIMUM TEMPERATURE (F)   45        35      1965
                                             1964
                                             1939


SUNRISE AND SUNSET
MAY  5 2016...........SUNRISE   601 AM PDT   SUNSET   820 PM PDT
MAY  6 2016...........SUNRISE   559 AM PDT   SUNSET   821 PM PDT


-  INDICATES NEGATIVE NUMBERS.
R  INDICATES RECORD WAS SET OR TIED.
MM INDICATES DATA IS MISSING.
T  INDICATES TRACE AMOUNT.




$$
