048
CDUS46 KMFR 220904
CLIRBG


CLIMATE REPORT
NATIONAL WEATHER SERVICE MEDFORD, OR
103 AM PST SUN JAN 22 2017


...................................

...THE ROSEBURG OR CLIMATE SUMMARY FOR JANUARY 21 2017...

CLIMATE NORMAL PERIOD 1981 TO 2010
CLIMATE RECORD PERIOD 1931 TO 2017


WEATHER ITEM   OBSERVED TIME   RECORD YEAR NORMAL DEPARTURE LAST
                VALUE   (LST)  VALUE       VALUE  FROM      YEAR
                                                  NORMAL
..................................................................
TEMPERATURE (F)
 YESTERDAY
  MAXIMUM         50    428 PM  62    2016  50      0       62
                                      2003
                                      1960
  MINIMUM         39    235 AM   1    1962  37      2       45
  AVERAGE         45                        44      1       54

PRECIPITATION (IN)
  YESTERDAY        0.29          1.77 1943   0.13   0.16     0.18
  MONTH TO DATE    5.11                      3.91   1.20     4.90
  SINCE OCT 1     24.03                     19.56   4.47    24.09
  SINCE JAN 1      5.11                      3.91   1.20     4.90

SNOWFALL (IN)
  YESTERDAY       MM                        MM     MM       MM
  MONTH TO DATE   MM                        MM     MM       MM
  SINCE JUL 1     MM                        MM     MM        0.0
  SNOW DEPTH      MM

DEGREE DAYS
 HEATING
  YESTERDAY       20                        22     -2       11
  MONTH TO DATE  551                       469     82      452
  SINCE DEC 1   1319                      1180    139     1039
  SINCE JUL 1   1958                      2109   -151     1767

 COOLING
  YESTERDAY        0                         0      0        0
  MONTH TO DATE    0                         0      0        0
  SINCE DEC 1      0                         0      0        0
  SINCE JAN 1      0                         0      0        0
..................................................................


WIND (MPH)
  RESULTANT WIND SPEED   4   RESULTANT WIND DIRECTION   S (170)
  HIGHEST WIND SPEED    15   HIGHEST WIND DIRECTION     S (170)
  HIGHEST GUST SPEED    22   HIGHEST GUST DIRECTION     S (180)
  AVERAGE WIND SPEED     4.5


SKY COVER
  POSSIBLE SUNSHINE  MM
  AVERAGE SKY COVER 0.6


WEATHER CONDITIONS
 THE FOLLOWING WEATHER WAS RECORDED YESTERDAY.
  RAIN
  LIGHT RAIN
  FOG


RELATIVE HUMIDITY (PERCENT)
 HIGHEST    93          1000 PM
 LOWEST     66           400 PM
 AVERAGE    80

..........................................................


THE ROSEBURG OR CLIMATE NORMALS FOR TODAY
                         NORMAL    RECORD    YEAR
 MAXIMUM TEMPERATURE (F)   50        65      1931
 MINIMUM TEMPERATURE (F)   37        -1      1962


SUNRISE AND SUNSET
JANUARY 22 2017.......SUNRISE   738 AM PST   SUNSET   513 PM PST
JANUARY 23 2017.......SUNRISE   737 AM PST   SUNSET   514 PM PST


-  INDICATES NEGATIVE NUMBERS.
R  INDICATES RECORD WAS SET OR TIED.
MM INDICATES DATA IS MISSING.
T  INDICATES TRACE AMOUNT.




$$
