000
CDUS46 KMFR 230835
CLIRBG


CLIMATE REPORT
NATIONAL WEATHER SERVICE MEDFORD, OR
135 AM PDT SAT JUL 23 2016


...................................

...THE ROSEBURG OR CLIMATE SUMMARY FOR JULY 22 2016...

CLIMATE NORMAL PERIOD 1981 TO 2010
CLIMATE RECORD PERIOD 1931 TO 2016


WEATHER ITEM   OBSERVED TIME   RECORD YEAR NORMAL DEPARTURE LAST
                VALUE   (LST)  VALUE       VALUE  FROM      YEAR
                                                  NORMAL
..................................................................
TEMPERATURE (F)
 YESTERDAY
  MAXIMUM         83    455 PM 106    2006  86     -3       83
  MINIMUM         60    540 AM  45    1934  57      3       57
  AVERAGE         72                        71      1       70

PRECIPITATION (IN)
  YESTERDAY        0.00          0.58 1993   0.01  -0.01     0.00
  MONTH TO DATE    0.77                      0.33   0.44     0.01
  SINCE OCT 1     38.45                     34.74   3.71    24.95
  SINCE JAN 1     19.26                     19.09   0.17    10.67

SNOWFALL (IN)
  YESTERDAY       MM                        MM     MM       MM
  MONTH TO DATE   MM                        MM     MM        0.0
  SINCE JUL 1     MM                        MM     MM        0.0
  SNOW DEPTH      MM

DEGREE DAYS
 HEATING
  YESTERDAY        0                         0      0        0
  MONTH TO DATE    3                         8     -5        0
  SINCE JUN 1     67                        91    -24       12
  SINCE JUL 1      3                         8     -5        0

 COOLING
  YESTERDAY        7                         6      1        5
  MONTH TO DATE   98                       113    -15      251
  SINCE JUN 1    234                       163     71      482
  SINCE JAN 1    277                       183     94      512
..................................................................


WIND (MPH)
  RESULTANT WIND SPEED   5   RESULTANT WIND DIRECTION   N (0)
  HIGHEST WIND SPEED    15   HIGHEST WIND DIRECTION     N (10)
  HIGHEST GUST SPEED    20   HIGHEST GUST DIRECTION     N (360)
  AVERAGE WIND SPEED     5.7


SKY COVER
  POSSIBLE SUNSHINE  MM
  AVERAGE SKY COVER 0.3


WEATHER CONDITIONS
 THE FOLLOWING WEATHER WAS RECORDED YESTERDAY.
  NO SIGNIFICANT WEATHER WAS OBSERVED.


RELATIVE HUMIDITY (PERCENT)
 HIGHEST    72          1200 AM
 LOWEST     31           500 PM
 AVERAGE    52

..........................................................


THE ROSEBURG OR CLIMATE NORMALS FOR TODAY
                         NORMAL    RECORD    YEAR
 MAXIMUM TEMPERATURE (F)   86       106      2006
 MINIMUM TEMPERATURE (F)   57        44      1963


SUNRISE AND SUNSET
JULY 23 2016..........SUNRISE   555 AM PDT   SUNSET   844 PM PDT
JULY 24 2016..........SUNRISE   556 AM PDT   SUNSET   843 PM PDT


-  INDICATES NEGATIVE NUMBERS.
R  INDICATES RECORD WAS SET OR TIED.
MM INDICATES DATA IS MISSING.
T  INDICATES TRACE AMOUNT.




$$
