877
CDUS46 KSTO 270842
CLIRDD

CLIMATE REPORT
NATIONAL WEATHER SERVICE SACRAMENTO, CA
1241 AM PST MON FEB 27 2017


...................................

...THE REDDING AIRPORT CA CLIMATE SUMMARY FOR FEBRUARY 26 2017...

CLIMATE NORMAL PERIOD 1981 TO 2010
CLIMATE RECORD PERIOD 1986 TO 2017


WEATHER ITEM   OBSERVED RECORD YEAR NORMAL DEPARTURE LAST
                VALUE   VALUE       VALUE  FROM      YEAR
                                           NORMAL
...........................................................
TEMPERATURE (F)
 YESTERDAY
  MAXIMUM         54     80    1992  62     -8       68
  MINIMUM         30     28    1987  41    -11       45
  AVERAGE         42

PRECIPITATION (IN)
  YESTERDAY        0.00   2.02 2014   0.19  -0.19     0.07
  MONTH TO DATE    7.56               5.14   2.42     0.91
  SINCE OCT 1     37.74              23.95  13.79    23.45
  SINCE JAN 1     19.01              11.10   7.91    13.59

SNOWFALL (IN)
  YESTERDAY        0.0   MM      MM  MM               0.0
  MONTH TO DATE    0.0               MM               0.0
  SINCE DEC 1      3.0               MM               0.0
  SINCE JUL 1      3.0               MM               0.0

DEGREE DAYS
 HEATING
  YESTERDAY       23

 COOLING
  YESTERDAY        0
...........................................................


WIND (MPH)
  RESULTANT WIND SPEED   4   RESULTANT WIND DIRECTION   S (200)
  HIGHEST WIND SPEED    23   HIGHEST WIND DIRECTION     S (170)
  HIGHEST GUST SPEED    30   HIGHEST GUST DIRECTION     S (160)


SKY COVER
  POSSIBLE SUNSHINE  MM
  AVERAGE SKY COVER 0.2


WEATHER CONDITIONS
 THE FOLLOWING WEATHER WAS RECORDED YESTERDAY.
  NO SIGNIFICANT WEATHER WAS OBSERVED.


RELATIVE HUMIDITY (PERCENT)
 HIGHEST    92
 LOWEST     46
 AVERAGE    69

..........................................................


THE REDDING AIRPORT CA CLIMATE NORMALS FOR TODAY
                         NORMAL    RECORD    YEAR
 MAXIMUM TEMPERATURE (F)   62        77      2002
 MINIMUM TEMPERATURE (F)   41        28      2011


SUNRISE AND SUNSET
FEBRUARY 27 2017......SUNRISE   645 AM PST   SUNSET   559 PM PST
FEBRUARY 28 2017......SUNRISE   644 AM PST   SUNSET   600 PM PST


-  INDICATES NEGATIVE NUMBERS.
R  INDICATES RECORD WAS SET OR TIED.
MM INDICATES DATA IS MISSING.
T  INDICATES TRACE AMOUNT.




&&
....................................................................

REDDING CITY CLIMATE DATA FOR FEBRUARY 26

CLIMATE RECORD PERIOD 1897-1986

RECORD HIGH..............     84 IN 1986
RECORD LOW...............     27 IN 1962

RECORD RAINFALL..........   3.67 IN 1940

$$

NNNN
