524
CDUS46 KSTO 260850
CLIRDD

CLIMATE REPORT
NATIONAL WEATHER SERVICE SACRAMENTO, CA
138 AM PDT TUE JUL 26 2016


...................................

...THE REDDING AIRPORT CA CLIMATE SUMMARY FOR JULY 25 2016...

CLIMATE NORMAL PERIOD 1981 TO 2010
CLIMATE RECORD PERIOD 1986 TO 2016


WEATHER ITEM   OBSERVED RECORD YEAR NORMAL DEPARTURE LAST
                VALUE   VALUE       VALUE  FROM      YEAR
                                           NORMAL
...........................................................
TEMPERATURE (F)
 YESTERDAY
  MAXIMUM        106    112    2006 100      6       96
  MINIMUM         69     57    1999  66      3       62
                               1994
                               1987
  AVERAGE         88

PRECIPITATION (IN)
  YESTERDAY        0.00   0.00 2015   0.00   0.00     0.00
                               2014
                               2013
  MONTH TO DATE    T                  0.07  -0.07     0.04
  SINCE OCT 1     40.49              33.78   6.71    23.08
  SINCE JAN 1     30.63              20.93   9.70     6.83

SNOWFALL (IN)
  YESTERDAY        0.0   MM      MM  MM               0.0
  MONTH TO DATE    0.0               MM               0.0
  SINCE JUN 1      0.0               MM               0.0
  SINCE JUL 1      0.0               MM               0.0

DEGREE DAYS
 HEATING
  YESTERDAY        0

 COOLING
  YESTERDAY       23
...........................................................


WIND (MPH)
  RESULTANT WIND SPEED   1   RESULTANT WIND DIRECTION   S (160)
  HIGHEST WIND SPEED    15   HIGHEST WIND DIRECTION     S (170)
  HIGHEST GUST SPEED    21   HIGHEST GUST DIRECTION     S (180)


SKY COVER
  POSSIBLE SUNSHINE  MM
  AVERAGE SKY COVER 0.0


WEATHER CONDITIONS
 THE FOLLOWING WEATHER WAS RECORDED YESTERDAY.
  NO SIGNIFICANT WEATHER WAS OBSERVED.


RELATIVE HUMIDITY (PERCENT)
 HIGHEST    61
 LOWEST     11
 AVERAGE    36

..........................................................


THE REDDING AIRPORT CA CLIMATE NORMALS FOR TODAY
                         NORMAL    RECORD    YEAR
 MAXIMUM TEMPERATURE (F)  100       110      2006
 MINIMUM TEMPERATURE (F)   66        58      1987


SUNRISE AND SUNSET
JULY 26 2016..........SUNRISE   601 AM PDT   SUNSET   829 PM PDT
JULY 27 2016..........SUNRISE   602 AM PDT   SUNSET   829 PM PDT


-  INDICATES NEGATIVE NUMBERS.
R  INDICATES RECORD WAS SET OR TIED.
MM INDICATES DATA IS MISSING.
T  INDICATES TRACE AMOUNT.




&&
....................................................................

REDDING CITY CLIMATE DATA FOR JULY 25

CLIMATE RECORD PERIOD 1897-1986

RECORD HIGH..............    114 IN 1973
RECORD LOW...............     53 IN 1983

RECORD RAINFALL..........   0.07 IN 1954

$$

NNNN
