000
CDUS46 KSTO 191439
CLIRDD

CLIMATE REPORT
NATIONAL WEATHER SERVICE SACRAMENTO, CA
737 AM PDT FRI SEP 19 2014


...................................

...THE REDDING AIRPORT CA CLIMATE SUMMARY FOR SEPTEMBER 18 2014...

CLIMATE NORMAL PERIOD 1981 TO 2010
CLIMATE RECORD PERIOD 1986 TO 2014


WEATHER ITEM   OBSERVED RECORD YEAR NORMAL DEPARTURE LAST
                VALUE   VALUE       VALUE  FROM      YEAR
                                           NORMAL
...........................................................
TEMPERATURE (F)
 YESTERDAY
  MAXIMUM         84    104    2000  90     -6       88
  MINIMUM         65     48    1986  57      8       63
  AVERAGE         75

PRECIPITATION (IN)
  YESTERDAY        0.00   0.80 1989   0.02  -0.02     0.00
  MONTH TO DATE    0.00               0.34  -0.34     0.00
  SINCE JUL 1      0.21               0.61  -0.40      T
  SINCE JAN 1     14.48              21.47  -6.99     9.30

SNOWFALL (IN)
  YESTERDAY        0.0   MM      MM  MM               0.0
  MONTH TO DATE    0.0               MM               0.0
  SINCE SEP 1      0.0               MM               0.0
  SINCE JUL 1      0.0               MM               0.0

DEGREE DAYS
 HEATING
  YESTERDAY        0

 COOLING
  YESTERDAY       10
...........................................................


WIND (MPH)
  RESULTANT WIND SPEED   5   RESULTANT WIND DIRECTION   S (200)
  HIGHEST WIND SPEED    18   HIGHEST WIND DIRECTION     S (180)
  HIGHEST GUST SPEED    24   HIGHEST GUST DIRECTION    SW (230)


SKY COVER
  POSSIBLE SUNSHINE  MM
  AVERAGE SKY COVER 0.4


WEATHER CONDITIONS
 THE FOLLOWING WEATHER WAS RECORDED YESTERDAY.
  NO SIGNIFICANT WEATHER WAS OBSERVED.


RELATIVE HUMIDITY (PERCENT)
 HIGHEST    78
 LOWEST     37
 AVERAGE    58

..........................................................


THE REDDING AIRPORT CA CLIMATE NORMALS FOR TODAY
                         NORMAL    RECORD    YEAR
 MAXIMUM TEMPERATURE (F)   90       106      1994
 MINIMUM TEMPERATURE (F)   57        46      1986


SUNRISE AND SUNSET
SEPTEMBER 19 2014.....SUNRISE   654 AM PDT   SUNSET   711 PM PDT
SEPTEMBER 20 2014.....SUNRISE   655 AM PDT   SUNSET   709 PM PDT


-  INDICATES NEGATIVE NUMBERS.
R  INDICATES RECORD WAS SET OR TIED.
MM INDICATES DATA IS MISSING.
T  INDICATES TRACE AMOUNT.



&&
....................................................................

REDDING CITY CLIMATE DATA FOR SEPTEMBER 18

CLIMATE RECORD PERIOD 1897-1986

RECORD HIGH..............    105 IN 1984
RECORD LOW...............     48 IN 1946

RECORD RAINFALL..........   0.39 IN 1982

$$
