000
CDUS46 KSTO 240849
CLIRDD

CLIMATE REPORT
NATIONAL WEATHER SERVICE SACRAMENTO, CA
141 AM PDT WED MAY 24 2017


..........................................................

...THE REDDING AIRPORT CA CLIMATE SUMMARY FOR MAY 23 2017...

CLIMATE NORMAL PERIOD 1981 TO 2010
CLIMATE RECORD PERIOD 1986 TO 2017


WEATHER ITEM   OBSERVED RECORD YEAR NORMAL DEPARTURE LAST
                VALUE   VALUE       VALUE  FROM      YEAR
                                           NORMAL
...........................................................
TEMPERATURE (F)
 YESTERDAY
  MAXIMUM        101R   101    2000  83     18       76
  MINIMUM         61     40    2010  56      5       55
  AVERAGE         81

PRECIPITATION (IN)
  YESTERDAY        0.00   1.08 1990   0.06  -0.06     0.00
  MONTH TO DATE    0.02               1.39  -1.37     0.91
  SINCE OCT 1     46.21              32.56  13.65    37.97
  SINCE JAN 1     27.48              19.71   7.77    28.11

SNOWFALL (IN)
  YESTERDAY        0.0   MM      MM  MM               0.0
  MONTH TO DATE    0.0               MM               0.0
  SINCE MAR 1      0.0               MM               0.0
  SINCE JUL 1      3.0               MM               0.0

DEGREE DAYS
 HEATING
  YESTERDAY        0

 COOLING
  YESTERDAY       16
...........................................................


WIND (MPH)
  RESULTANT WIND SPEED   1   RESULTANT WIND DIRECTION  SE (150)
  HIGHEST WIND SPEED    13   HIGHEST WIND DIRECTION     S (160)
  HIGHEST GUST SPEED    17   HIGHEST GUST DIRECTION     S (170)


SKY COVER
  POSSIBLE SUNSHINE  MM
  AVERAGE SKY COVER 0.0


WEATHER CONDITIONS
 THE FOLLOWING WEATHER WAS RECORDED YESTERDAY.
  NO SIGNIFICANT WEATHER WAS OBSERVED.


RELATIVE HUMIDITY (PERCENT)
 HIGHEST    84
 LOWEST     16
 AVERAGE    50

..........................................................


THE REDDING AIRPORT CA CLIMATE NORMALS FOR TODAY
                         NORMAL    RECORD    YEAR
 MAXIMUM TEMPERATURE (F)   84       100      1994
 MINIMUM TEMPERATURE (F)   56        40      1990


SUNRISE AND SUNSET
MAY 24 2017...........SUNRISE   545 AM PDT   SUNSET   828 PM PDT
MAY 25 2017...........SUNRISE   544 AM PDT   SUNSET   828 PM PDT


-  INDICATES NEGATIVE NUMBERS.
R  INDICATES RECORD WAS SET OR TIED.
MM INDICATES DATA IS MISSING.
T  INDICATES TRACE AMOUNT.

&&
....................................................................

REDDING CITY CLIMATE DATA FOR MAY 23

CLIMATE RECORD PERIOD 1897-1986

RECORD HIGH..............    100 IN 1967
RECORD LOW...............     42 IN 1946

RECORD RAINFALL..........   1.01 IN 1903

$$

NNNN
