000
CDUS41 KPHI 260659
CLIRDG


CLIMATE REPORT
NATIONAL WEATHER SERVICE MOUNT HOLLY NJ
238 AM EDT TUE JUL 26 2016


...................................

...THE READING PA CLIMATE SUMMARY FOR JULY 25 2016...

CLIMATE NORMAL PERIOD 1981 TO 2010
CLIMATE RECORD PERIOD 1869 TO 2016


WEATHER ITEM   OBSERVED TIME   RECORD YEAR NORMAL DEPARTURE LAST
                VALUE   (LST)  VALUE       VALUE  FROM      YEAR
                                                  NORMAL
..................................................................
TEMPERATURE (F)
 YESTERDAY
  MAXIMUM         97R   220 PM  96    1999  85     12       88
  MINIMUM         71   1159 PM  52    1903  64      7       59
  AVERAGE         84                        75      9       74

PRECIPITATION (IN)
  YESTERDAY        0.13          2.63 1925   0.15  -0.02      T
  MONTH TO DATE    2.05                      3.68  -1.63     1.62
  SINCE JUN 1      3.87                      7.46  -3.59     7.84
  SINCE JAN 1     17.87                     24.48  -6.61    19.75

SNOWFALL (IN)
  YESTERDAY       MM            MM      MM  MM     MM       MM
  MONTH TO DATE   MM                        MM     MM       MM
  SINCE JUN 1     MM                        MM     MM       MM
  SINCE JUL 1     MM                        MM     MM       MM
  SNOW DEPTH      MM

DEGREE DAYS
 HEATING
  YESTERDAY        0                         0      0        0
  MONTH TO DATE    0                         0      0        0
  SINCE JUN 1      9                        24    -15       21
  SINCE JUL 1      0                         0      0        0

 COOLING
  YESTERDAY       19                        10      9        9
  MONTH TO DATE  336                       247     89      245
  SINCE JUN 1    562                       436    126      470
  SINCE JAN 1    656                       496    160      629
..................................................................


WIND (MPH)
  HIGHEST WIND SPEED    31   HIGHEST WIND DIRECTION     N (20)
  HIGHEST GUST SPEED    39   HIGHEST GUST DIRECTION     N (10)
  AVERAGE WIND SPEED     5.5


SKY COVER
  POSSIBLE SUNSHINE  MM
  AVERAGE SKY COVER 0.4


WEATHER CONDITIONS
 THE FOLLOWING WEATHER WAS RECORDED YESTERDAY.
  THUNDERSTORM
  RAIN
  LIGHT RAIN
  FOG
  HAZE


RELATIVE HUMIDITY (PERCENT)
 HIGHEST    90          1000 PM
 LOWEST     52          1200 PM
 AVERAGE    71

..........................................................


THE READING PA CLIMATE NORMALS FOR TODAY
                         NORMAL    RECORD    YEAR
 MAXIMUM TEMPERATURE (F)   85        99      1940
 MINIMUM TEMPERATURE (F)   64        52      1976
                                             1977


SUNRISE AND SUNSET
JULY 26 2016..........SUNRISE   556 AM EDT   SUNSET   824 PM EDT
JULY 27 2016..........SUNRISE   557 AM EDT   SUNSET   823 PM EDT


-  INDICATES NEGATIVE NUMBERS.
R  INDICATES RECORD WAS SET OR TIED.
MM INDICATES DATA IS MISSING.
T  INDICATES TRACE AMOUNT.




$$
