000
CDUS41 KPHI 280629
CLIRDG


CLIMATE REPORT
NATIONAL WEATHER SERVICE MOUNT HOLLY NJ
229 AM EDT WED JUN 28 2017


...................................

...THE READING PA CLIMATE SUMMARY FOR JUNE 27 2017...

CLIMATE NORMAL PERIOD 1981 TO 2010
CLIMATE RECORD PERIOD 1869 TO 2017


WEATHER ITEM   OBSERVED TIME   RECORD YEAR NORMAL DEPARTURE LAST
                VALUE   (LST)  VALUE       VALUE  FROM      YEAR
                                                  NORMAL
..................................................................
TEMPERATURE (F)
 YESTERDAY
  MAXIMUM         78    357 PM  99    1952  84     -6       85
  MINIMUM         60    525 AM  50    1981  63     -3       61
  AVERAGE         69                        74     -5       73

PRECIPITATION (IN)
  YESTERDAY        0.00          3.33 1883   0.10  -0.10     0.21
  MONTH TO DATE    4.74                      3.42   1.32     1.80
  SINCE JUN 1      4.74                      3.42   1.32     1.80
  SINCE JAN 1     18.16                     20.44  -2.28    15.80

DEGREE DAYS
 HEATING
  YESTERDAY        0                         0      0        0
  MONTH TO DATE   16                        23     -7        9
  SINCE JUN 1     16                        23     -7        9
  SINCE JUL 1   4581                      5391   -810     4503

 COOLING
  YESTERDAY        4                         9     -5        8
  MONTH TO DATE  204                       162     42      200
  SINCE JUN 1    204                       162     42      200
  SINCE JAN 1    279                       222     57      294
..................................................................


WIND (MPH)
  HIGHEST WIND SPEED    18   HIGHEST WIND DIRECTION    NW (310)
  HIGHEST GUST SPEED    24   HIGHEST GUST DIRECTION    NW (300)
  AVERAGE WIND SPEED     7.4


SKY COVER
  POSSIBLE SUNSHINE  MM
  AVERAGE SKY COVER 0.3


WEATHER CONDITIONS
 THE FOLLOWING WEATHER WAS RECORDED YESTERDAY.
  NO SIGNIFICANT WEATHER WAS OBSERVED.


RELATIVE HUMIDITY (PERCENT)
 HIGHEST    90           100 AM
 LOWEST     39           300 PM
 AVERAGE    65

..........................................................


THE READING PA CLIMATE NORMALS FOR TODAY
                         NORMAL    RECORD    YEAR
 MAXIMUM TEMPERATURE (F)   84        96      1969
 MINIMUM TEMPERATURE (F)   63        46      1970


SUNRISE AND SUNSET
JUNE 28 2017..........SUNRISE   536 AM EDT   SUNSET   838 PM EDT
JUNE 29 2017..........SUNRISE   537 AM EDT   SUNSET   838 PM EDT


-  INDICATES NEGATIVE NUMBERS.
R  INDICATES RECORD WAS SET OR TIED.
MM INDICATES DATA IS MISSING.
T  INDICATES TRACE AMOUNT.




$$
