000
CDUS41 KPHI 220548
CLIRDG


CLIMATE REPORT
NATIONAL WEATHER SERVICE MOUNT HOLLY NJ
1247 AM EST MON JAN 22 2018


...................................

...THE READING PA CLIMATE SUMMARY FOR JANUARY 21 2018...

CLIMATE NORMAL PERIOD 1981 TO 2010
CLIMATE RECORD PERIOD 1869 TO 2018


WEATHER ITEM   OBSERVED TIME   RECORD YEAR NORMAL DEPARTURE LAST
                VALUE   (LST)  VALUE       VALUE  FROM      YEAR
                                                  NORMAL
..................................................................
TEMPERATURE (F)
 YESTERDAY
  MAXIMUM         50    420 PM  67    1959  38     12       47
  MINIMUM         28    411 AM -20    1994  21      7       39
  AVERAGE         39                        29     10       43

PRECIPITATION (IN)
  YESTERDAY        0.00          2.10 1979   0.09  -0.09     0.00
  MONTH TO DATE    1.77                      2.19  -0.42     1.81
  SINCE DEC 1      3.29                      5.48  -2.19     3.94
  SINCE JAN 1      1.77                      2.19  -0.42     1.81

DEGREE DAYS
 HEATING
  YESTERDAY       26                        36    -10       22
  MONTH TO DATE  838                       741     97      654
  SINCE DEC 1   1860                      1705    155     1570
  SINCE JUL 1   2764                      2772     -8     2424

 COOLING
  YESTERDAY        0                         0      0        0
  MONTH TO DATE    0                         0      0        0
  SINCE DEC 1      0                         0      0        0
  SINCE JAN 1      0                         0      0        0
..................................................................


WIND (MPH)
  HIGHEST WIND SPEED     6   HIGHEST WIND DIRECTION    NW (330)
  HIGHEST GUST SPEED     7   HIGHEST GUST DIRECTION    SW (210)
  AVERAGE WIND SPEED     1.2


SKY COVER
  POSSIBLE SUNSHINE  MM
  AVERAGE SKY COVER 0.8


WEATHER CONDITIONS
 THE FOLLOWING WEATHER WAS RECORDED YESTERDAY.
  NO SIGNIFICANT WEATHER WAS OBSERVED.


RELATIVE HUMIDITY (PERCENT)
 HIGHEST    92           300 AM
 LOWEST     66           400 PM
 AVERAGE    79

..........................................................


THE READING PA CLIMATE NORMALS FOR TODAY
                         NORMAL    RECORD    YEAR
 MAXIMUM TEMPERATURE (F)   38        67      1959
                                             1906
 MINIMUM TEMPERATURE (F)   21       -12      1984


SUNRISE AND SUNSET
JANUARY 22 2018.......SUNRISE   721 AM EST   SUNSET   510 PM EST
JANUARY 23 2018.......SUNRISE   720 AM EST   SUNSET   511 PM EST


-  INDICATES NEGATIVE NUMBERS.
R  INDICATES RECORD WAS SET OR TIED.
MM INDICATES DATA IS MISSING.
T  INDICATES TRACE AMOUNT.




$$
