000
CDUS41 KPHI 310645
CLIRDG


CLIMATE REPORT
NATIONAL WEATHER SERVICE MOUNT HOLLY NJ
245 AM EDT TUE MAY 31 2016


...................................

...THE READING PA CLIMATE SUMMARY FOR MAY 30 2016...

CLIMATE NORMAL PERIOD 1981 TO 2010
CLIMATE RECORD PERIOD 1869 TO 2016


WEATHER ITEM   OBSERVED TIME   RECORD YEAR NORMAL DEPARTURE LAST
                VALUE   (LST)  VALUE       VALUE  FROM      YEAR
                                                  NORMAL
..................................................................
TEMPERATURE (F)
 YESTERDAY
  MAXIMUM         85    354 PM  94    1969  77      8       90
  MINIMUM         66    450 AM  41    1996  55     11       68
                                      1949
  AVERAGE         76                        66     10       79

PRECIPITATION (IN)
  YESTERDAY        0.92          2.92 1904   0.16   0.76      T
  MONTH TO DATE    4.38                      4.08   0.30     0.63
  SINCE MAR 1      7.19                     11.33  -4.14     7.14
  SINCE JAN 1     14.00                     16.86  -2.86    10.88

SNOWFALL (IN)
  YESTERDAY       MM            MM      MM  MM     MM       MM
  MONTH TO DATE   MM                        MM     MM       MM
  SINCE MAR 1     MM                        MM     MM       MM
  SINCE JUL 1     MM                        MM     MM       MM
  SNOW DEPTH      MM

DEGREE DAYS
 HEATING
  YESTERDAY        0                         3     -3        0
  MONTH TO DATE  192                       168     24       68
  SINCE MAR 1   1147                      1324   -177     1357
  SINCE JUL 1   4494                      5366   -872     5662

 COOLING
  YESTERDAY       11                         3      8       14
  MONTH TO DATE   70                        50     20      145
  SINCE MAR 1     83                        59     24      145
  SINCE JAN 1     83                        59     24      145
..................................................................


WIND (MPH)
  HIGHEST WIND SPEED    15   HIGHEST WIND DIRECTION     W (290)
  HIGHEST GUST SPEED    17   HIGHEST GUST DIRECTION     W (290)
  AVERAGE WIND SPEED     3.6


SKY COVER
  POSSIBLE SUNSHINE  MM
  AVERAGE SKY COVER 0.6


WEATHER CONDITIONS
 THE FOLLOWING WEATHER WAS RECORDED YESTERDAY.
  THUNDERSTORM
  HEAVY RAIN
  RAIN
  LIGHT RAIN
  FOG


RELATIVE HUMIDITY (PERCENT)
 HIGHEST    93          1200 AM
 LOWEST     44           400 PM
 AVERAGE    69

..........................................................


THE READING PA CLIMATE NORMALS FOR TODAY
                         NORMAL    RECORD    YEAR
 MAXIMUM TEMPERATURE (F)   77        94      2013
                                             2011
 MINIMUM TEMPERATURE (F)   55        41      1915


SUNRISE AND SUNSET
MAY 31 2016...........SUNRISE   536 AM EDT   SUNSET   827 PM EDT
JUNE  1 2016..........SUNRISE   536 AM EDT   SUNSET   828 PM EDT


-  INDICATES NEGATIVE NUMBERS.
R  INDICATES RECORD WAS SET OR TIED.
MM INDICATES DATA IS MISSING.
T  INDICATES TRACE AMOUNT.




$$
