000
CDUS41 KPHI 072127
CLIRDG


CLIMATE REPORT
NATIONAL WEATHER SERVICE MOUNT HOLLY NJ
526 PM EDT TUE JUL 7 2015


...................................

...THE READING PA CLIMATE SUMMARY FOR JULY 7 2015...
VALID TODAY AS OF 0500 PM LOCAL TIME.

CLIMATE NORMAL PERIOD 1981 TO 2010
CLIMATE RECORD PERIOD 1869 TO 2015


WEATHER ITEM   OBSERVED TIME   RECORD YEAR NORMAL DEPARTURE LAST
                VALUE   (LST)  VALUE       VALUE  FROM      YEAR
                                                  NORMAL
..................................................................
TEMPERATURE (F)
 TODAY
  MAXIMUM         87    100 PM 103    2012  85      2       90
  MINIMUM         73    546 AM  49    1980  64      9       72
                                      1979
  AVERAGE         80                        75      5       81

PRECIPITATION (IN)
  TODAY            0.06          2.10 1984   0.13  -0.07     0.00
  MONTH TO DATE    0.43                      0.97  -0.54     2.12
  SINCE JUN 1      6.65                      4.75   1.90     5.91
  SINCE JAN 1     18.56                     21.77  -3.21    24.73

SNOWFALL (IN)
  TODAY           MM            MM      MM  MM     MM       MM
  MONTH TO DATE   MM                        MM     MM       MM
  SINCE JUN 1     MM                        MM     MM       MM
  SINCE JUL 1     MM                        MM     MM       MM
  SNOW DEPTH      MM

DEGREE DAYS
 HEATING
  TODAY            0                         0      0        0
  MONTH TO DATE    0                         0      0        0
  SINCE JUN 1     21                        24     -3        1
  SINCE JUL 1      0                         0      0        0

 COOLING
  TODAY           15                        10      5       16
  MONTH TO DATE   56                        67    -11       85
  SINCE JUN 1    281                       256     25      313
  SINCE JAN 1    440                       316    124      375
..................................................................


WIND (MPH)
  HIGHEST WIND SPEED    15   HIGHEST WIND DIRECTION    SW (230)
  HIGHEST GUST SPEED    20   HIGHEST GUST DIRECTION    SW (220)
  AVERAGE WIND SPEED     5.3


SKY COVER
  POSSIBLE SUNSHINE  MM
  AVERAGE SKY COVER 0.6


WEATHER CONDITIONS
 THE FOLLOWING WEATHER WAS RECORDED TODAY.
  HEAVY RAIN
  LIGHT RAIN
  FOG


RELATIVE HUMIDITY (PERCENT)
 HIGHEST    93           200 AM
 LOWEST     57           100 PM
 AVERAGE    75

..........................................................


THE READING PA CLIMATE NORMALS FOR TOMORROW
                         NORMAL    RECORD    YEAR
 MAXIMUM TEMPERATURE (F)   85        98      1912
 MINIMUM TEMPERATURE (F)   64        52      2000
                                             1979
                                             1909


SUNRISE AND SUNSET
JULY  7 2015..........SUNRISE   541 AM EDT   SUNSET   837 PM EDT
JULY  8 2015..........SUNRISE   541 AM EDT   SUNSET   836 PM EDT


-  INDICATES NEGATIVE NUMBERS.
R  INDICATES RECORD WAS SET OR TIED.
MM INDICATES DATA IS MISSING.
T  INDICATES TRACE AMOUNT.




$$
