000
CDUS41 KPHI 190544
CLIRDG


CLIMATE REPORT
NATIONAL WEATHER SERVICE MOUNT HOLLY NJ
144 AM EDT THU OCT 19 2017


...................................

...THE READING PA CLIMATE SUMMARY FOR OCTOBER 18 2017...

CLIMATE NORMAL PERIOD 1981 TO 2010
CLIMATE RECORD PERIOD 1869 TO 2017


WEATHER ITEM   OBSERVED TIME   RECORD YEAR NORMAL DEPARTURE LAST
                VALUE   (LST)  VALUE       VALUE  FROM      YEAR
                                                  NORMAL
..................................................................
TEMPERATURE (F)
 YESTERDAY
  MAXIMUM         72    303 PM  85    2016  64      8       85
                                      1908
  MINIMUM         40    640 AM  27    1982  42     -2       54
  AVERAGE         56                        53      3       70

PRECIPITATION (IN)
  YESTERDAY        0.00          1.78 1975   0.09  -0.09     0.00
  MONTH TO DATE    1.54                      2.15  -0.61     0.25
  SINCE SEP 1      5.16                      6.49  -1.33     4.90
  SINCE JAN 1     38.60                     35.45   3.15    29.41

DEGREE DAYS
 HEATING
  YESTERDAY        9                        12     -3        0
  MONTH TO DATE   74                       175   -101      118
  SINCE SEP 1    130                       249   -119      150
  SINCE JUL 1    134                       254   -120      150

 COOLING
  YESTERDAY        0                         0      0        5
  MONTH TO DATE   53                         5     48        7
  SINCE SEP 1    196                        89    107      198
  SINCE JAN 1   1085                       892    193     1340
..................................................................


WIND (MPH)
  HIGHEST WIND SPEED    10   HIGHEST WIND DIRECTION     S (200)
  HIGHEST GUST SPEED    13   HIGHEST GUST DIRECTION    SW (220)
  AVERAGE WIND SPEED     2.6


SKY COVER
  POSSIBLE SUNSHINE  MM
  AVERAGE SKY COVER 0.0


WEATHER CONDITIONS
 THE FOLLOWING WEATHER WAS RECORDED YESTERDAY.
  NO SIGNIFICANT WEATHER WAS OBSERVED.


RELATIVE HUMIDITY (PERCENT)
 HIGHEST   100           100 AM
 LOWEST     41           200 PM
 AVERAGE    71

..........................................................


THE READING PA CLIMATE NORMALS FOR TODAY
                         NORMAL    RECORD    YEAR
 MAXIMUM TEMPERATURE (F)   63        85      2016
 MINIMUM TEMPERATURE (F)   42        22      1974


SUNRISE AND SUNSET
OCTOBER 19 2017.......SUNRISE   719 AM EDT   SUNSET   618 PM EDT
OCTOBER 20 2017.......SUNRISE   720 AM EDT   SUNSET   616 PM EDT


-  INDICATES NEGATIVE NUMBERS.
R  INDICATES RECORD WAS SET OR TIED.
MM INDICATES DATA IS MISSING.
T  INDICATES TRACE AMOUNT.




$$
