000
CDUS41 KPHI 290628
CLIRDG


CLIMATE REPORT
NATIONAL WEATHER SERVICE MOUNT HOLLY NJ
128 AM EST THU JAN 29 2015


...................................

...THE READING PA CLIMATE SUMMARY FOR JANUARY 28 2015...

CLIMATE NORMAL PERIOD 1981 TO 2010
CLIMATE RECORD PERIOD 1869 TO 2015


WEATHER ITEM   OBSERVED TIME   RECORD YEAR NORMAL DEPARTURE LAST
                VALUE   (LST)  VALUE       VALUE  FROM      YEAR
                                                  NORMAL
..................................................................
TEMPERATURE (F)
 YESTERDAY
  MAXIMUM         31    449 PM  63    1916  38     -7       16
  MINIMUM         14    650 AM  -5    1988  21     -7        8
                                      1987
  AVERAGE         23                        30     -7       12

PRECIPITATION (IN)
  YESTERDAY        0.00          1.36 1994   0.09  -0.09      T
  MONTH TO DATE    2.27                      2.82  -0.55     3.48
  SINCE DEC 1      5.17                      6.11  -0.94     6.69
  SINCE JAN 1      2.27                      2.82  -0.55     3.48

SNOWFALL (IN)
  YESTERDAY       MM            MM      MM  MM     MM       MM
  MONTH TO DATE   MM                        MM     MM       MM
  SINCE DEC 1     MM                        MM     MM       MM
  SINCE JUL 1     MM                        MM     MM       MM
  SNOW DEPTH      MM

DEGREE DAYS
 HEATING
  YESTERDAY       42                        35      7       53
  MONTH TO DATE 1063                       991     72     1118
  SINCE DEC 1   1918                      1955    -37     2057
  SINCE JUL 1   2933                      3022    -89     3106

 COOLING
  YESTERDAY        0                         0      0        0
  MONTH TO DATE    0                         0      0        0
  SINCE DEC 1      0                         0      0        0
  SINCE JAN 1      0                         0      0        0
..................................................................


WIND (MPH)
  HIGHEST WIND SPEED    23   HIGHEST WIND DIRECTION    NW (320)
  HIGHEST GUST SPEED    32   HIGHEST GUST DIRECTION    NW (320)
  AVERAGE WIND SPEED    12.1


SKY COVER
  POSSIBLE SUNSHINE  MM
  AVERAGE SKY COVER 0.0


WEATHER CONDITIONS
 THE FOLLOWING WEATHER WAS RECORDED YESTERDAY.
  NO SIGNIFICANT WEATHER WAS OBSERVED.


RELATIVE HUMIDITY (PERCENT)
 HIGHEST    56          1200 AM
 LOWEST     31           200 PM
 AVERAGE    44

..........................................................


THE READING PA CLIMATE NORMALS FOR TODAY
                         NORMAL    RECORD    YEAR
 MAXIMUM TEMPERATURE (F)   38        67      2002
 MINIMUM TEMPERATURE (F)   21        -4      1977


SUNRISE AND SUNSET
JANUARY 29 2015.......SUNRISE   716 AM EST   SUNSET   518 PM EST
JANUARY 30 2015.......SUNRISE   715 AM EST   SUNSET   520 PM EST


-  INDICATES NEGATIVE NUMBERS.
R  INDICATES RECORD WAS SET OR TIED.
MM INDICATES DATA IS MISSING.
T  INDICATES TRACE AMOUNT.




$$
