000
CDUS41 KPHI 300628
CLIRDG


CLIMATE REPORT
NATIONAL WEATHER SERVICE MOUNT HOLLY NJ
228 AM EDT SAT APR 30 2016


...................................

...THE READING PA CLIMATE SUMMARY FOR APRIL 29 2016...

CLIMATE NORMAL PERIOD 1981 TO 2010
CLIMATE RECORD PERIOD 1869 TO 2016


WEATHER ITEM   OBSERVED TIME   RECORD YEAR NORMAL DEPARTURE LAST
                VALUE   (LST)  VALUE       VALUE  FROM      YEAR
                                                  NORMAL
..................................................................
TEMPERATURE (F)
 YESTERDAY
  MAXIMUM         52    221 PM  88    1970  67    -15       75
  MINIMUM         44    258 AM  29    1977  45     -1       44
  AVERAGE         48                        56     -8       60

PRECIPITATION (IN)
  YESTERDAY        0.01          1.40 1874   0.12  -0.11     0.00
  MONTH TO DATE    1.77                      3.66  -1.89     1.69
  SINCE MAR 1      2.81                      7.14  -4.33     6.51
  SINCE JAN 1      9.62                     12.67  -3.05    10.25

SNOWFALL (IN)
  YESTERDAY       MM            MM      MM  MM     MM       MM
  MONTH TO DATE   MM                        MM     MM       MM
  SINCE MAR 1     MM                        MM     MM       MM
  SINCE JUL 1     MM                        MM     MM       MM
  SNOW DEPTH      MM

DEGREE DAYS
 HEATING
  YESTERDAY       17                        10      7        5
  MONTH TO DATE  409                       402      7      362
  SINCE MAR 1    942                      1145   -203     1282
  SINCE JUL 1   4289                      5187   -898     5587

 COOLING
  YESTERDAY        0                         1     -1        0
  MONTH TO DATE   10                         2      8        0
  SINCE MAR 1     13                         2     11        0
  SINCE JAN 1     13                         2     11        0
..................................................................


WIND (MPH)
  HIGHEST WIND SPEED    12   HIGHEST WIND DIRECTION    SE (120)
  HIGHEST GUST SPEED    17   HIGHEST GUST DIRECTION    SE (150)
  AVERAGE WIND SPEED     4.6


SKY COVER
  POSSIBLE SUNSHINE  MM
  AVERAGE SKY COVER 1.0


WEATHER CONDITIONS
 THE FOLLOWING WEATHER WAS RECORDED YESTERDAY.
  LIGHT RAIN
  FOG


RELATIVE HUMIDITY (PERCENT)
 HIGHEST    89          1200 AM
 LOWEST     59          1100 AM
 AVERAGE    74

..........................................................


THE READING PA CLIMATE NORMALS FOR TODAY
                         NORMAL    RECORD    YEAR
 MAXIMUM TEMPERATURE (F)   68        90      1942
 MINIMUM TEMPERATURE (F)   45        28      1977


SUNRISE AND SUNSET
APRIL 30 2016.........SUNRISE   604 AM EDT   SUNSET   759 PM EDT
MAY  1 2016...........SUNRISE   603 AM EDT   SUNSET   800 PM EDT


-  INDICATES NEGATIVE NUMBERS.
R  INDICATES RECORD WAS SET OR TIED.
MM INDICATES DATA IS MISSING.
T  INDICATES TRACE AMOUNT.




$$
