000
CDUS41 KPHI 022134
CLIRDG


CLIMATE REPORT
NATIONAL WEATHER SERVICE MOUNT HOLLY NJ
533 PM EDT SUN AUG 2 2015


...................................

...THE READING PA CLIMATE SUMMARY FOR AUGUST 2 2015...
VALID TODAY AS OF 0500 PM LOCAL TIME.

CLIMATE NORMAL PERIOD 1981 TO 2010
CLIMATE RECORD PERIOD 1869 TO 2015


WEATHER ITEM   OBSERVED TIME   RECORD YEAR NORMAL DEPARTURE LAST
                VALUE   (LST)  VALUE       VALUE  FROM      YEAR
                                                  NORMAL
..................................................................
TEMPERATURE (F)
 TODAY
  MAXIMUM         87    301 PM 102    1955  85      2       78
  MINIMUM         60    445 AM  50    1976  64     -4       67
  AVERAGE         74                        74      0       73

PRECIPITATION (IN)
  TODAY            0.00          2.62 1973   0.12  -0.12      T
  MONTH TO DATE    0.00                      0.25  -0.25     0.01
  SINCE JUN 1     10.02                      8.55   1.47     8.75
  SINCE JAN 1     21.93                     25.57  -3.64    27.57

SNOWFALL (IN)
  TODAY           MM            MM      MM  MM     MM       MM
  MONTH TO DATE   MM                        MM     MM       MM
  SINCE JUN 1     MM                        MM     MM       MM
  SINCE JUL 1     MM                        MM     MM       MM
  SNOW DEPTH      MM

DEGREE DAYS
 HEATING
  TODAY            0                         0      0        0
  MONTH TO DATE    0                         0      0        0
  SINCE JUN 1     21                        25     -4        1
  SINCE JUL 1      0                         1     -1        0

 COOLING
  TODAY            9                         9      0        8
  MONTH TO DATE   20                        18      2       18
  SINCE JUN 1    571                       510     61      555
  SINCE JAN 1    730                       570    160      617
..................................................................


WIND (MPH)
  HIGHEST WIND SPEED    15   HIGHEST WIND DIRECTION    SW (220)
  HIGHEST GUST SPEED    20   HIGHEST GUST DIRECTION    SW (240)
  AVERAGE WIND SPEED     3.0


SKY COVER
  POSSIBLE SUNSHINE  MM
  AVERAGE SKY COVER 0.1


WEATHER CONDITIONS
 THE FOLLOWING WEATHER WAS RECORDED TODAY.
  FOG


RELATIVE HUMIDITY (PERCENT)
 HIGHEST    90           600 AM
 LOWEST     35           200 PM
 AVERAGE    63

..........................................................


THE READING PA CLIMATE NORMALS FOR TOMORROW
                         NORMAL    RECORD    YEAR
 MAXIMUM TEMPERATURE (F)   85        97      2006
                                             2002
                                             1930
 MINIMUM TEMPERATURE (F)   64        53      1976


SUNRISE AND SUNSET
AUGUST  2 2015........SUNRISE   602 AM EDT   SUNSET   818 PM EDT
AUGUST  3 2015........SUNRISE   603 AM EDT   SUNSET   817 PM EDT


-  INDICATES NEGATIVE NUMBERS.
R  INDICATES RECORD WAS SET OR TIED.
MM INDICATES DATA IS MISSING.
T  INDICATES TRACE AMOUNT.




$$
