000
CDUS42 KRAH 192158
CLIRDU


CLIMATE REPORT
NATIONAL WEATHER SERVICE RALEIGH NC
456 PM EST MON FEB 19 2018


...................................

...THE RALEIGH-DURHAM INTL AIRPORT NC CLIMATE SUMMARY FOR FEBRUARY 19 2018...
VALID TODAY AS OF 0446 PM LOCAL TIME.

CLIMATE NORMAL PERIOD 1981 TO 2010
CLIMATE RECORD PERIOD 1887 TO 2018


WEATHER ITEM   OBSERVED TIME   RECORD YEAR NORMAL DEPARTURE LAST
                VALUE   (LST)  VALUE       VALUE  FROM      YEAR
                                                  NORMAL
..................................................................
TEMPERATURE (F)
 TODAY
  MAXIMUM         49    446 PM  76    1939  56     -7       73
  MINIMUM         40    510 AM  11    1979  34      6       44
  AVERAGE         45                        45      0       59

PRECIPITATION (IN)
  TODAY            0.30          1.65 1924   0.12   0.18     0.00
  MONTH TO DATE    1.54                      2.13  -0.59     0.66
  SINCE DEC 1      7.75                      8.70  -0.95     6.62
  SINCE JAN 1      5.46                      5.63  -0.17     4.43

SNOWFALL (IN)
  TODAY            0.0           0.9  2012   0.1   -0.1      0.0
                                      1972
  MONTH TO DATE    0.0                       1.4   -1.4       T
  SINCE DEC 1      7.3                       4.9    2.4      0.5
  SINCE JUL 1      7.3                       5.0    2.3      0.5
  SNOW DEPTH       0

DEGREE DAYS
 HEATING
  TODAY           20                        20      0        6
  MONTH TO DATE  314                       407    -93      271
  SINCE DEC 1   1876                      1823     53     1462
  SINCE JUL 1   2458                      2404     54     1917

 COOLING
  TODAY            0                         0      0        0
  MONTH TO DATE    7                         0      7        6
  SINCE DEC 1      7                         2      5        6
  SINCE JAN 1      7                         0      7        6
..................................................................


WIND (MPH)
  HIGHEST WIND SPEED    12   HIGHEST WIND DIRECTION    SE (120)
  HIGHEST GUST SPEED    16   HIGHEST GUST DIRECTION    SE (130)
  AVERAGE WIND SPEED     3.6


SKY COVER
  POSSIBLE SUNSHINE  MM
  AVERAGE SKY COVER 1.0


WEATHER CONDITIONS
 THE FOLLOWING WEATHER WAS RECORDED TODAY.
  RAIN
  LIGHT RAIN
  FOG


RELATIVE HUMIDITY (PERCENT)
 HIGHEST   100           100 PM
 LOWEST     60           200 AM
 AVERAGE    80

..........................................................


THE RALEIGH-DURHAM INTL AIRPORT NC CLIMATE NORMALS FOR TOMORROW
                         NORMAL    RECORD    YEAR
 MAXIMUM TEMPERATURE (F)   56        75      1939
 MINIMUM TEMPERATURE (F)   35         7      2015


SUNRISE AND SUNSET
FEBRUARY 19 2018......SUNRISE   658 AM EST   SUNSET   601 PM EST
FEBRUARY 20 2018......SUNRISE   656 AM EST   SUNSET   602 PM EST


-  INDICATES NEGATIVE NUMBERS.
R  INDICATES RECORD WAS SET OR TIED.
MM INDICATES DATA IS MISSING.
T  INDICATES TRACE AMOUNT.

&&

CLIMATE REPORT
NWS FORECAST OFFICE
NCSU CENTENNIAL CAMPUS
RALEIGH NC

MAXIMUM TEMPERATURE...50

MINIMUM TEMPERATURE... 39

PRECIPITATION... 0.27

$$
