000
CDUS42 KRAH 152043
CLIRDU


CLIMATE REPORT
NATIONAL WEATHER SERVICE RALEIGH NC
442 PM EDT TUE APR 15 2014


...................................

...THE RALEIGH-DURHAM INTL AIRPORT NC CLIMATE SUMMARY FOR APRIL 15 2014...
VALID TODAY AS OF 0442 PM LOCAL TIME.

CLIMATE NORMAL PERIOD 1981 TO 2010
CLIMATE RECORD PERIOD 1887 TO 2014


WEATHER ITEM   OBSERVED TIME   RECORD YEAR NORMAL DEPARTURE LAST
                VALUE   (LST)  VALUE       VALUE  FROM      YEAR
                                                  NORMAL
..................................................................
TEMPERATURE (F)
 TODAY
  MAXIMUM         70    340 PM  92    1941  72     -2       71
  MINIMUM         65    633 AM  27    1950  48     17       58
  AVERAGE         68                        60      8       65

PRECIPITATION (IN)
  TODAY            1.01          2.22 1983   0.10   0.91     0.02
  MONTH TO DATE    2.54                      1.53   1.01     1.83
  SINCE MAR 1      7.60                      5.64   1.96     4.78
  SINCE JAN 1     12.56                     12.37   0.19    11.96

SNOWFALL (IN)
  TODAY            0.0           T    1928   0.0    0.0      0.0
  MONTH TO DATE    0.0                       0.1   -0.1       T
  SINCE MAR 1      0.2                       0.6   -0.4       T
  SINCE JUL 1      5.8                       6.1   -0.3      1.7
  SNOW DEPTH       0

DEGREE DAYS
 HEATING
  TODAY            0                         6     -6        0
  MONTH TO DATE   53                       118    -65      101
  SINCE MAR 1    636                       542     94      716
  SINCE JUL 1   3337                      3114    223     3162

 COOLING
  TODAY            3                         2      1        0
  MONTH TO DATE   25                        17      8       27
  SINCE MAR 1     25                        28     -3       27
  SINCE JAN 1     25                        29     -4       29
..................................................................


WIND (MPH)
  HIGHEST WIND SPEED    25   HIGHEST WIND DIRECTION    SW (240)
  HIGHEST GUST SPEED    32   HIGHEST GUST DIRECTION     W (270)
  AVERAGE WIND SPEED    11.3


SKY COVER
  POSSIBLE SUNSHINE  MM
  AVERAGE SKY COVER 0.9


WEATHER CONDITIONS
 THE FOLLOWING WEATHER WAS RECORDED TODAY.
  THUNDERSTORM
  HEAVY RAIN
  RAIN
  LIGHT RAIN
  FOG


RELATIVE HUMIDITY (PERCENT)
 HIGHEST    87          1200 AM
 LOWEST     78           300 PM
 AVERAGE    83

..........................................................


THE RALEIGH-DURHAM INTL AIRPORT NC CLIMATE NORMALS FOR TOMORROW
                         NORMAL    RECORD    YEAR
 MAXIMUM TEMPERATURE (F)   73        92      1941
 MINIMUM TEMPERATURE (F)   48        28      1950


SUNRISE AND SUNSET
APRIL 15 2014.........SUNRISE   642 AM EDT   SUNSET   749 PM EDT
APRIL 16 2014.........SUNRISE   641 AM EDT   SUNSET   749 PM EDT


-  INDICATES NEGATIVE NUMBERS.
R  INDICATES RECORD WAS SET OR TIED.
MM INDICATES DATA IS MISSING.
T  INDICATES TRACE AMOUNT.

&&
CLIMATE REPORT NWS FORECAST OFFICE
NCSU CENTENNIAL CAMPUS
RALEIGH, NC

MAXIMUM TEMPERATURE... 69

MINIMUM TEMPERATURE... 65

PRECIPITATION... 0.99


$$
