000
CDUS42 KRAH 270800
CLIRDU


CLIMATE REPORT
NATIONAL WEATHER SERVICE RALEIGH NC
357 AM EDT SAT AUG 27 2016


...................................

...THE RALEIGH-DURHAM INTL AIRPORT NC CLIMATE SUMMARY FOR AUGUST 26 2016...

CLIMATE NORMAL PERIOD 1981 TO 2010
CLIMATE RECORD PERIOD 1887 TO 2016


WEATHER ITEM   OBSERVED TIME   RECORD YEAR NORMAL DEPARTURE LAST
                VALUE   (LST)  VALUE       VALUE  FROM      YEAR
                                                  NORMAL
..................................................................
TEMPERATURE (F)
 YESTERDAY
  MAXIMUM         99    247 PM 101    1943  87     12       82
  MINIMUM         72    516 AM  54    1942  68      4       69
  AVERAGE         86                        77      9       76

PRECIPITATION (IN)
  YESTERDAY        0.00          2.70 1934   0.16  -0.16     0.00
  MONTH TO DATE    2.83                      3.55  -0.72     3.07
  SINCE JUN 1     16.96                     11.80   5.16    14.43
  SINCE JAN 1     36.57                     28.83   7.74    32.27

DEGREE DAYS
 HEATING
  YESTERDAY        0                         0      0        0
  MONTH TO DATE    0                         0      0        0
  SINCE JUN 1      0                         4     -4        0
  SINCE JUL 1      0                         0      0        0

 COOLING
  YESTERDAY       21                        12      9       11
  MONTH TO DATE  452                       360     92      365
  SINCE JUN 1   1346                      1173    173     1274
  SINCE JAN 1   1582                      1382    200     1544
..................................................................


WIND (MPH)
  HIGHEST WIND SPEED    12   HIGHEST WIND DIRECTION    NE (40)
  HIGHEST GUST SPEED    16   HIGHEST GUST DIRECTION     N (10)
  AVERAGE WIND SPEED     3.8


SKY COVER
  POSSIBLE SUNSHINE  MM
  AVERAGE SKY COVER 0.3


WEATHER CONDITIONS
 THE FOLLOWING WEATHER WAS RECORDED YESTERDAY.
  NO SIGNIFICANT WEATHER WAS OBSERVED.


RELATIVE HUMIDITY (PERCENT)
 HIGHEST    87           200 AM
 LOWEST     38           100 PM
 AVERAGE    63

..........................................................


THE RALEIGH-DURHAM INTL AIRPORT NC CLIMATE NORMALS FOR TODAY
                         NORMAL    RECORD    YEAR
 MAXIMUM TEMPERATURE (F)   87        97      1948
 MINIMUM TEMPERATURE (F)   67        53      1945


SUNRISE AND SUNSET
AUGUST 27 2016........SUNRISE   644 AM EDT   SUNSET   749 PM EDT
AUGUST 28 2016........SUNRISE   644 AM EDT   SUNSET   747 PM EDT


-  INDICATES NEGATIVE NUMBERS.
R  INDICATES RECORD WAS SET OR TIED.
MM INDICATES DATA IS MISSING.
T  INDICATES TRACE AMOUNT.

&&

CLIMATE REPORT
NWS FORECAST OFFICE
NCSU CENTENNIAL CAMPUS
RALEIGH NC

MAXIMUM TEMPERATURE... 95

MINIMUM TEMPERATURE... 73

PRECIPITATION... T

$$
