000
CDUS42 KRAH 302040
CLIRDU


CLIMATE REPORT
NATIONAL WEATHER SERVICE RALEIGH NC
439 PM EDT SAT JUL 30 2016


...................................

...THE RALEIGH-DURHAM INTL AIRPORT NC CLIMATE SUMMARY FOR JULY 30 2016...
VALID TODAY AS OF 0439 PM LOCAL TIME.

CLIMATE NORMAL PERIOD 1981 TO 2010
CLIMATE RECORD PERIOD 1887 TO 2016


WEATHER ITEM   OBSERVED TIME   RECORD YEAR NORMAL DEPARTURE LAST
                VALUE   (LST)  VALUE       VALUE  FROM      YEAR
                                                  NORMAL
..................................................................
TEMPERATURE (F)
 TODAY
  MAXIMUM         95    253 PM 101    1953  90      5       94
  MINIMUM         74    401 AM  56    1946  70      4       73
                                      1936
  AVERAGE         85                        80      5       84

PRECIPITATION (IN)
  TODAY            0.00          3.70 1888   0.17  -0.17     0.00
  MONTH TO DATE    7.95                      4.57   3.38     5.01
  SINCE JUN 1     13.97                      8.09   5.88    11.36
  SINCE JAN 1     33.58                     25.12   8.46    29.20

DEGREE DAYS
 HEATING
  TODAY            0                         0      0        0
  MONTH TO DATE    0                         0      0        0
  SINCE JUN 1      0                         4     -4        0
  SINCE JUL 1      0                         0      0        0

 COOLING
  TODAY           20                        15      5       19
  MONTH TO DATE  516                       450     66      456
  SINCE JUN 1    875                       797     78      893
  SINCE JAN 1   1111                      1006    105     1163
..................................................................


WIND (MPH)
  HIGHEST WIND SPEED    17   HIGHEST WIND DIRECTION    SW (230)
  HIGHEST GUST SPEED    21   HIGHEST GUST DIRECTION    SW (230)
  AVERAGE WIND SPEED     6.0


SKY COVER
  POSSIBLE SUNSHINE  MM
  AVERAGE SKY COVER 0.7


WEATHER CONDITIONS
 THE FOLLOWING WEATHER WAS RECORDED TODAY.
  NO SIGNIFICANT WEATHER WAS OBSERVED.


RELATIVE HUMIDITY (PERCENT)
 HIGHEST    87           300 AM
 LOWEST     49           300 PM
 AVERAGE    68

..........................................................


THE RALEIGH-DURHAM INTL AIRPORT NC CLIMATE NORMALS FOR TOMORROW
                         NORMAL    RECORD    YEAR
 MAXIMUM TEMPERATURE (F)   90       104      1999
 MINIMUM TEMPERATURE (F)   70        55      1914


SUNRISE AND SUNSET
JULY 30 2016..........SUNRISE   622 AM EDT   SUNSET   821 PM EDT
JULY 31 2016..........SUNRISE   622 AM EDT   SUNSET   820 PM EDT


-  INDICATES NEGATIVE NUMBERS.
R  INDICATES RECORD WAS SET OR TIED.
MM INDICATES DATA IS MISSING.
T  INDICATES TRACE AMOUNT.

&&

CLIMATE REPORT
NWS FORECAST OFFICE
NCSU CENTENNIAL CAMPUS
RALEIGH NC

MAXIMUM TEMPERATURE... 94

MINIMUM TEMPERATURE... 75

PRECIPITATION... 0.00


$$
