550
CDUS46 KBOI 050934
CLIREO


CLIMATE REPORT
NATIONAL WEATHER SERVICE BOISE ID
334 AM MDT THU MAY 5 2016


...................................

...THE ROME OR CLIMATE SUMMARY FOR MAY 4 2016...

CLIMATE NORMAL PERIOD 1981 TO 2010
CLIMATE RECORD PERIOD 9999 TO 9999


WEATHER ITEM   OBSERVED TIME   NORMAL DEPARTURE LAST
                VALUE   (LST)  VALUE  FROM      YEAR
                                      NORMAL
......................................................
TEMPERATURE (F)
 YESTERDAY
  MAXIMUM         79    150 PM  66     13       82
  MINIMUM         53    445 AM  35     18       42
  AVERAGE         66            51     15       62

PRECIPITATION (IN)
  YESTERDAY        0.00          0.04  -0.04     0.00
  MONTH TO DATE    0.00          0.16  -0.16     0.00
  SINCE OCT 1      6.45          5.72   0.73     3.62
  SINCE JAN 1      2.02          3.53  -1.51     1.62

DEGREE DAYS
 HEATING
  YESTERDAY        0            15    -15        3
  MONTH TO DATE   35            60    -25       22
  SINCE MAR 1   1038          1420   -382     1132
  SINCE JUL 1   5134          6154  -1020     4939

 COOLING
  YESTERDAY        1             0      1        0
  MONTH TO DATE    1             0      1        0
  SINCE MAR 1      1             0      1        0
  SINCE JAN 1      1             0      1        0
......................................................


WIND (MPH)
  RESULTANT WIND SPEED   3   RESULTANT WIND DIRECTION   N (20)
  HIGHEST WIND SPEED    18   HIGHEST WIND DIRECTION    NE (50)
  HIGHEST GUST SPEED    26   HIGHEST GUST DIRECTION    NE (40)
  AVERAGE WIND SPEED     6.2


SKY COVER
  AVERAGE SKY COVER 0.0


WEATHER CONDITIONS
 THE FOLLOWING WEATHER WAS RECORDED YESTERDAY.
  NO SIGNIFICANT WEATHER WAS OBSERVED.


RELATIVE HUMIDITY (PERCENT)
 HIGHEST    46           400 AM
 LOWEST     18           200 PM
 AVERAGE    32

..........................................................


THE ROME OR CLIMATE NORMALS FOR TODAY
                         NORMAL    RECORD    YEAR
 MAXIMUM TEMPERATURE (F)   67        MM        MM
 MINIMUM TEMPERATURE (F)   35        MM        MM


SUNRISE AND SUNSET
MAY  5 2016...........SUNRISE   540 AM PDT   SUNSET   757 PM PDT
MAY  6 2016...........SUNRISE   539 AM PDT   SUNSET   758 PM PDT


-  INDICATES NEGATIVE NUMBERS.
R  INDICATES RECORD WAS SET OR TIED.
MM INDICATES DATA IS MISSING.
T  INDICATES TRACE AMOUNT.




$$
