000
CDUS46 KBOI 260933
CLIREO


CLIMATE REPORT
NATIONAL WEATHER SERVICE BOISE ID
332 AM MDT THU MAY 26 2016


...................................

...THE ROME OR CLIMATE SUMMARY FOR MAY 25 2016...

CLIMATE NORMAL PERIOD 1981 TO 2010
CLIMATE RECORD PERIOD 9999 TO 9999


WEATHER ITEM   OBSERVED TIME   NORMAL DEPARTURE LAST
                VALUE   (LST)  VALUE  FROM      YEAR
                                      NORMAL
......................................................
TEMPERATURE (F)
 YESTERDAY
  MAXIMUM         68    408 PM  72     -4       76
  MINIMUM         44   1135 PM  40      4       49
  AVERAGE         56            56      0       63

PRECIPITATION (IN)
  YESTERDAY        0.00          0.04  -0.04     0.57
  MONTH TO DATE    1.39          1.14   0.25     3.48
  SINCE OCT 1      7.84          6.70   1.14     7.10
  SINCE JAN 1      3.41          4.51  -1.10     5.10

DEGREE DAYS
 HEATING
  YESTERDAY        9            10     -1        2
  MONTH TO DATE  222           310    -88      219
  SINCE MAR 1   1225          1670   -445     1329
  SINCE JUL 1   5321          6404  -1083     5136

 COOLING
  YESTERDAY        0             0      0        0
  MONTH TO DATE    6             0      6        0
  SINCE MAR 1      6             0      6        0
  SINCE JAN 1      6             0      6        0
......................................................


WIND (MPH)
  RESULTANT WIND SPEED   2   RESULTANT WIND DIRECTION  NW (300)
  HIGHEST WIND SPEED    16   HIGHEST WIND DIRECTION    NW (310)
  HIGHEST GUST SPEED    21   HIGHEST GUST DIRECTION    NW (310)
  AVERAGE WIND SPEED     5.8


SKY COVER
  AVERAGE SKY COVER 0.0


WEATHER CONDITIONS
 THE FOLLOWING WEATHER WAS RECORDED YESTERDAY.
  NO SIGNIFICANT WEATHER WAS OBSERVED.


RELATIVE HUMIDITY (PERCENT)
 HIGHEST    80           500 AM
 LOWEST     24           600 PM
 AVERAGE    52

..........................................................


THE ROME OR CLIMATE NORMALS FOR TODAY
                         NORMAL    RECORD    YEAR
 MAXIMUM TEMPERATURE (F)   73        MM        MM
 MINIMUM TEMPERATURE (F)   40        MM        MM


SUNRISE AND SUNSET
MAY 26 2016...........SUNRISE   520 AM PDT   SUNSET   818 PM PDT
MAY 27 2016...........SUNRISE   519 AM PDT   SUNSET   819 PM PDT


-  INDICATES NEGATIVE NUMBERS.
R  INDICATES RECORD WAS SET OR TIED.
MM INDICATES DATA IS MISSING.
T  INDICATES TRACE AMOUNT.




$$
