000
CDUS46 KBOI 180931
CLIREO


CLIMATE REPORT
NATIONAL WEATHER SERVICE BOISE ID
331 AM MDT FRI APR 18 2014


...................................

...THE ROME OR CLIMATE SUMMARY FOR APRIL 17 2014...

CLIMATE NORMAL PERIOD 1981 TO 2010
CLIMATE RECORD PERIOD 9999 TO 9999


WEATHER ITEM   OBSERVED TIME   NORMAL DEPARTURE LAST
                VALUE   (LST)  VALUE  FROM      YEAR
                                      NORMAL
......................................................
TEMPERATURE (F)
 YESTERDAY
  MAXIMUM         80    206 PM  61     19       52
  MINIMUM         33    445 AM  31      2       18
  AVERAGE         57            46     11       35

PRECIPITATION (IN)
  YESTERDAY        0.03          0.04  -0.01     0.00
  MONTH TO DATE    0.27          0.51  -0.24     0.24
  SINCE OCT 1      1.59          5.09  -3.50     2.94
  SINCE JAN 1      1.40          2.90  -1.50     1.48

DEGREE DAYS
 HEATING
  YESTERDAY        8            19    -11       30
  MONTH TO DATE  277           355    -78      337
  SINCE MAR 1    950          1136   -186     1069
  SINCE JUL 1   5372          5870   -498     5718

 COOLING
  YESTERDAY        0             0      0        0
  MONTH TO DATE    0             0      0        0
  SINCE MAR 1      0             0      0        0
  SINCE JAN 1      0             0      0        0
......................................................


WIND (MPH)
  RESULTANT WIND SPEED   4   RESULTANT WIND DIRECTION  SW (210)
  HIGHEST WIND SPEED    36   HIGHEST WIND DIRECTION    SW (220)
  HIGHEST GUST SPEED    46   HIGHEST GUST DIRECTION    SW (220)
  AVERAGE WIND SPEED     7.3


SKY COVER
  AVERAGE SKY COVER 0.0


WEATHER CONDITIONS
 THE FOLLOWING WEATHER WAS RECORDED YESTERDAY.
  NO SIGNIFICANT WEATHER WAS OBSERVED.


RELATIVE HUMIDITY (PERCENT)
 HIGHEST    80           700 PM
 LOWEST     16           200 PM
 AVERAGE    48

..........................................................


THE ROME OR CLIMATE NORMALS FOR TODAY
                         NORMAL    RECORD    YEAR
 MAXIMUM TEMPERATURE (F)   62        MM        MM
 MINIMUM TEMPERATURE (F)   31        MM        MM


SUNRISE AND SUNSET
APRIL 18 2014.........SUNRISE   605 AM PDT   SUNSET   737 PM PDT
APRIL 19 2014.........SUNRISE   604 AM PDT   SUNSET   738 PM PDT


-  INDICATES NEGATIVE NUMBERS.
R  INDICATES RECORD WAS SET OR TIED.
MM INDICATES DATA IS MISSING.
T  INDICATES TRACE AMOUNT.




$$
