000
CDUS46 KBOI 210934
CLIREO


CLIMATE REPORT
NATIONAL WEATHER SERVICE BOISE ID
233 AM MST TUE FEB 21 2017


...................................

...THE ROME OR CLIMATE SUMMARY FOR FEBRUARY 20 2017...

CLIMATE NORMAL PERIOD 1981 TO 2010
CLIMATE RECORD PERIOD 9999 TO 9999


WEATHER ITEM   OBSERVED TIME   NORMAL DEPARTURE LAST
                VALUE   (LST)  VALUE  FROM      YEAR
                                      NORMAL
......................................................
TEMPERATURE (F)
 YESTERDAY
  MAXIMUM         54    221 PM  47      7       47
  MINIMUM         39    306 AM  22     17       31
  AVERAGE         47            34     13       39

PRECIPITATION (IN)
  YESTERDAY        0.08          0.03   0.05     0.00
  MONTH TO DATE    0.85          0.53   0.32     0.11
  SINCE OCT 1      5.07          3.37   1.70     5.16
  SINCE JAN 1      2.69          1.18   1.51     0.73

DEGREE DAYS
 HEATING
  YESTERDAY       18            30    -12       26
  MONTH TO DATE  491           649   -158      507
  SINCE DEC 1   3034          2885    149     2624
  SINCE JUL 1   4269          4498   -229     3880

 COOLING
  YESTERDAY        0             0      0        0
  MONTH TO DATE    0             0      0        0
  SINCE DEC 1      0             0      0        0
  SINCE JAN 1      0             0      0        0
......................................................


WIND (MPH)
  RESULTANT WIND SPEED  17   RESULTANT WIND DIRECTION   S (170)
  HIGHEST WIND SPEED    35   HIGHEST WIND DIRECTION     S (180)
  HIGHEST GUST SPEED    43   HIGHEST GUST DIRECTION     S (180)
  AVERAGE WIND SPEED    18.5


SKY COVER
  AVERAGE SKY COVER 0.0


WEATHER CONDITIONS
 THE FOLLOWING WEATHER WAS RECORDED YESTERDAY.
  NO SIGNIFICANT WEATHER WAS OBSERVED.


RELATIVE HUMIDITY (PERCENT)
 HIGHEST    83           700 PM
 LOWEST     50           100 PM
 AVERAGE    67

..........................................................


THE ROME OR CLIMATE NORMALS FOR TODAY
                         NORMAL    RECORD    YEAR
 MAXIMUM TEMPERATURE (F)   47        MM        MM
 MINIMUM TEMPERATURE (F)   23        MM        MM


SUNRISE AND SUNSET
FEBRUARY 21 2017......SUNRISE   639 AM PST   SUNSET   532 PM PST
FEBRUARY 22 2017......SUNRISE   638 AM PST   SUNSET   533 PM PST


-  INDICATES NEGATIVE NUMBERS.
R  INDICATES RECORD WAS SET OR TIED.
MM INDICATES DATA IS MISSING.
T  INDICATES TRACE AMOUNT.




$$
