373
CDUS43 KLOT 110636
CLIRFD


CLIMATE REPORT
NATIONAL WEATHER SERVICE CHICAGO IL
1235 AM CST THU FEB 11 2016


...................................

...THE ROCKFORD IL CLIMATE SUMMARY FOR FEBRUARY 10 2016...

CLIMATE NORMAL PERIOD 1981 TO 2010
CLIMATE RECORD PERIOD 1905 TO 2016


WEATHER ITEM   OBSERVED TIME   RECORD YEAR NORMAL DEPARTURE LAST
                VALUE   (LST)  VALUE       VALUE  FROM      YEAR
                                                  NORMAL
..................................................................
TEMPERATURE (F)
 YESTERDAY
  MAXIMUM         18    312 PM  59    2009  32    -14       29
  MINIMUM          6    736 AM -20    2011  16    -10        9
  AVERAGE         12                        24    -12       19

PRECIPITATION (IN)
  YESTERDAY        T             0.70 1944   0.04  -0.04      T
  MONTH TO DATE    0.41                      0.42  -0.01     0.69
  SINCE DEC 1      5.94                      3.77   2.17     2.69
  SINCE JAN 1      1.29                      1.79  -0.50     1.76

SNOWFALL (IN)
  YESTERDAY        T             6.3  1981   0.2   -0.2       T
  MONTH TO DATE    0.7                       3.0   -2.3     11.6
  SINCE DEC 1      9.6                      24.5  -14.9     21.2
  SINCE JUL 1     18.4                      26.3   -7.9     24.8
  SNOW DEPTH       T

DEGREE DAYS
 HEATING
  YESTERDAY       53                        41     12       46
  MONTH TO DATE  377                       417    -40      480
  SINCE DEC 1   2517                      2991   -474     2905
  SINCE JUL 1   3548                      4326   -778     4452

 COOLING
  YESTERDAY        0                         0      0        0
  MONTH TO DATE    0                         0      0        0
  SINCE DEC 1      0                         0      0        0
  SINCE JAN 1      0                         0      0        0
..................................................................


WIND (MPH)
  HIGHEST WIND SPEED    17   HIGHEST WIND DIRECTION    NW (320)
  HIGHEST GUST SPEED    23   HIGHEST GUST DIRECTION     N (340)
  AVERAGE WIND SPEED     9.8


SKY COVER
  POSSIBLE SUNSHINE  MM
  AVERAGE SKY COVER 0.6


WEATHER CONDITIONS
 THE FOLLOWING WEATHER WAS RECORDED YESTERDAY.
  LIGHT SNOW


RELATIVE HUMIDITY (PERCENT)
 HIGHEST    69           300 AM
 LOWEST     49           300 PM
 AVERAGE    59

..........................................................


THE ROCKFORD IL CLIMATE NORMALS FOR TODAY
                         NORMAL    RECORD    YEAR
 MAXIMUM TEMPERATURE (F)   33        67      1999
 MINIMUM TEMPERATURE (F)   17       -21      2014


SUNRISE AND SUNSET
FEBRUARY 11 2016......SUNRISE   658 AM CST   SUNSET   523 PM CST
FEBRUARY 12 2016......SUNRISE   657 AM CST   SUNSET   525 PM CST


-  INDICATES NEGATIVE NUMBERS.
R  INDICATES RECORD WAS SET OR TIED.
MM INDICATES DATA IS MISSING.
T  INDICATES TRACE AMOUNT.




$$
