000
CDUS43 KLOT 260632
CLIRFD


CLIMATE REPORT
NATIONAL WEATHER SERVICE CHICAGO IL
1232 AM CST WED NOV 26 2014


...................................

...THE ROCKFORD IL CLIMATE SUMMARY FOR NOVEMBER 25 2014...

CLIMATE NORMAL PERIOD 1981 TO 2010
CLIMATE RECORD PERIOD 1905 TO 2014


WEATHER ITEM   OBSERVED TIME   RECORD YEAR NORMAL DEPARTURE LAST
                VALUE   (LST)  VALUE       VALUE  FROM      YEAR
                                                  NORMAL
..................................................................
TEMPERATURE (F)
 YESTERDAY
  MAXIMUM         23   1254 PM  64    1915  42    -19       32
  MINIMUM         10   1154 PM  -4    1950  26    -16       21
  AVERAGE         17                        34    -17       27

PRECIPITATION (IN)
  YESTERDAY        T             0.93 1906   0.08  -0.08     0.04
  MONTH TO DATE    1.63                      2.17  -0.54     2.09
  SINCE SEP 1      6.32                      8.19  -1.87     6.88
  SINCE JAN 1     32.57                     33.85  -1.28    38.88

SNOWFALL (IN)
  YESTERDAY        0.3           3.3  1977   0.1    0.2      0.4
  MONTH TO DATE    3.5                       1.0    2.5      0.8
  SINCE SEP 1      3.6                       1.1    2.5      0.8
  SINCE JUL 1      3.6                       1.1    2.5      0.8
  SNOW DEPTH       0

DEGREE DAYS
 HEATING
  YESTERDAY       48                        31     17       38
  MONTH TO DATE  790                       619    171      682
  SINCE SEP 1   1342                      1158    184     1172
  SINCE JUL 1   1352                      1172    180     1183

 COOLING
  YESTERDAY        0                         0      0        0
  MONTH TO DATE    0                         0      0        0
  SINCE SEP 1     73                        93    -20      141
  SINCE JAN 1    729                       820    -91      890
..................................................................


WIND (MPH)
  HIGHEST WIND SPEED    16   HIGHEST WIND DIRECTION     W (280)
  HIGHEST GUST SPEED    25   HIGHEST GUST DIRECTION     W (290)
  AVERAGE WIND SPEED     7.5


SKY COVER
  POSSIBLE SUNSHINE  MM
  AVERAGE SKY COVER 0.4


WEATHER CONDITIONS
 THE FOLLOWING WEATHER WAS RECORDED YESTERDAY.
  LIGHT SNOW
  FOG


RELATIVE HUMIDITY (PERCENT)
 HIGHEST    92          1100 PM
 LOWEST     68           400 PM
 AVERAGE    80

..........................................................


THE ROCKFORD IL CLIMATE NORMALS FOR TODAY
                         NORMAL    RECORD    YEAR
 MAXIMUM TEMPERATURE (F)   42        67      1914
 MINIMUM TEMPERATURE (F)   25       -10      1977


SUNRISE AND SUNSET
NOVEMBER 26 2014......SUNRISE   700 AM CST   SUNSET   427 PM CST
NOVEMBER 27 2014......SUNRISE   701 AM CST   SUNSET   427 PM CST


-  INDICATES NEGATIVE NUMBERS.
R  INDICATES RECORD WAS SET OR TIED.
MM INDICATES DATA IS MISSING.
T  INDICATES TRACE AMOUNT.




$$
