000
CDUS43 KLOT 010638
CLIRFD


CLIMATE REPORT
NATIONAL WEATHER SERVICE CHICAGO IL
137 AM CDT WED OCT 1 2014


...................................

...THE ROCKFORD IL CLIMATE SUMMARY FOR SEPTEMBER 30 2014...

CLIMATE NORMAL PERIOD 1981 TO 2010
CLIMATE RECORD PERIOD 1905 TO 2014


WEATHER ITEM   OBSERVED TIME   RECORD YEAR NORMAL DEPARTURE LAST
                VALUE   (LST)  VALUE       VALUE  FROM      YEAR
                                                  NORMAL
..................................................................
TEMPERATURE (F)
 YESTERDAY
  MAXIMUM         61    224 PM  92    1971  70     -9       76
  MINIMUM         46    804 AM  27    1984  46      0       43
  AVERAGE         54                        58     -4       60

PRECIPITATION (IN)
  YESTERDAY        T             1.23 1925   0.10  -0.10     0.00
  MONTH TO DATE    2.00                      3.35  -1.35     1.61
  SINCE SEP 1      2.00                      3.35  -1.35     1.61
  SINCE JAN 1     28.25                     29.01  -0.76    33.61

SNOWFALL (IN)
  YESTERDAY        0.0           0.0    MM   0.0    0.0      0.0
  MONTH TO DATE    0.0                       0.0    0.0      0.0
  SINCE SEP 1      0.0                       0.0    0.0      0.0
  SINCE JUL 1      T                         0.0    0.0      0.0
  SNOW DEPTH       0

DEGREE DAYS
 HEATING
  YESTERDAY       11                         8      3        5
  MONTH TO DATE  131                       116     15       71
  SINCE SEP 1    131                       117     14       71
  SINCE JUL 1    141                       131     10       82

 COOLING
  YESTERDAY        0                         1     -1        0
  MONTH TO DATE   70                        84    -14      125
  SINCE SEP 1     70                        84    -14      125
  SINCE JAN 1    726                       811    -85      874
..................................................................


WIND (MPH)
  HIGHEST WIND SPEED    15   HIGHEST WIND DIRECTION     E (110)
  HIGHEST GUST SPEED    19   HIGHEST GUST DIRECTION     E (110)
  AVERAGE WIND SPEED     8.6


SKY COVER
  POSSIBLE SUNSHINE  MM
  AVERAGE SKY COVER 0.9


WEATHER CONDITIONS
 THE FOLLOWING WEATHER WAS RECORDED YESTERDAY.
  LIGHT RAIN
  FOG


RELATIVE HUMIDITY (PERCENT)
 HIGHEST    86           400 AM
 LOWEST     55           300 PM
 AVERAGE    71

..........................................................


THE ROCKFORD IL CLIMATE NORMALS FOR TODAY
                         NORMAL    RECORD    YEAR
 MAXIMUM TEMPERATURE (F)   69        90      1971
 MINIMUM TEMPERATURE (F)   45        28      2003


SUNRISE AND SUNSET
OCTOBER  1 2014.......SUNRISE   653 AM CDT   SUNSET   638 PM CDT
OCTOBER  2 2014.......SUNRISE   654 AM CDT   SUNSET   636 PM CDT


-  INDICATES NEGATIVE NUMBERS.
R  INDICATES RECORD WAS SET OR TIED.
MM INDICATES DATA IS MISSING.
T  INDICATES TRACE AMOUNT.




$$
