000
CDUS43 KGRB 220654
CLIRHI


CLIMATE REPORT
NATIONAL WEATHER SERVICE GREEN BAY
150 AM CDT TUE AUG 22 2017


...................................

...THE RHINELANDER WI CLIMATE SUMMARY FOR AUGUST 21 2017...

CLIMATE NORMAL PERIOD 1981 TO 2010
CLIMATE RECORD PERIOD 1908 TO 2017


WEATHER ITEM   OBSERVED TIME   RECORD YEAR NORMAL DEPARTURE LAST
                VALUE   (LST)  VALUE       VALUE  FROM      YEAR
                                                  NORMAL
..................................................................
TEMPERATURE (F)
 YESTERDAY
  MAXIMUM         78    250 PM  91    1955  76      2       69
  MINIMUM         59    544 AM  34    2004  52      7       47
  AVERAGE         69                        64      5       58

PRECIPITATION (IN)
  YESTERDAY        0.82          1.80 1936   0.11   0.71     0.13
  MONTH TO DATE    3.84                      2.22   1.62     5.35
  SINCE JUN 1     12.73                     10.13   2.60    16.19
  SINCE JAN 1     30.45                     19.81  10.64    27.27

SNOWFALL (IN)
  YESTERDAY        0.0           0.0    MM  MM     MM        0.0
  MONTH TO DATE    0.0                      MM     MM        0.0
  SINCE JUN 1      0.0                      MM     MM        0.0
  SINCE JUL 1      0.0                      MM     MM        0.0
  SNOW DEPTH       0

DEGREE DAYS
 HEATING
  YESTERDAY        0                         3     -3        7
  MONTH TO DATE   62                        41     21       10
  SINCE JUN 1    196                       226    -30      135
  SINCE JUL 1     98                        92      6       43

 COOLING
  YESTERDAY        4                         2      2        0
  MONTH TO DATE   18                        58    -40       89
  SINCE JUN 1    160                       216    -56      271
  SINCE JAN 1    162                       228    -66      286
..................................................................


WIND (MPH)
  HIGHEST WIND SPEED    24   HIGHEST WIND DIRECTION    SW (220)
  HIGHEST GUST SPEED    31   HIGHEST GUST DIRECTION     S (200)
  AVERAGE WIND SPEED     5.0


SKY COVER
  POSSIBLE SUNSHINE  MM
  AVERAGE SKY COVER 0.4


WEATHER CONDITIONS
 THE FOLLOWING WEATHER WAS RECORDED YESTERDAY.
  THUNDERSTORM
  HEAVY RAIN
  LIGHT RAIN
  FOG


RELATIVE HUMIDITY (PERCENT)
 HIGHEST   100           100 AM
 LOWEST     57          1000 AM
 AVERAGE    79

..........................................................


THE RHINELANDER WI CLIMATE NORMALS FOR TODAY
                         NORMAL    RECORD    YEAR
 MAXIMUM TEMPERATURE (F)   76        92      1947
 MINIMUM TEMPERATURE (F)   52        35      1920


SUNRISE AND SUNSET
AUGUST 22 2017........SUNRISE   607 AM CDT   SUNSET   753 PM CDT
AUGUST 23 2017........SUNRISE   608 AM CDT   SUNSET   751 PM CDT


-  INDICATES NEGATIVE NUMBERS.
R  INDICATES RECORD WAS SET OR TIED.
MM INDICATES DATA IS MISSING.
T  INDICATES TRACE AMOUNT.




$$
