000
CDUS43 KGRB 102321
CLIRHI


CLIMATE REPORT
NATIONAL WEATHER SERVICE GREEN BAY
521 PM CST SAT DEC 10 2016


...................................

...THE RHINELANDER WI CLIMATE SUMMARY FOR DECEMBER 10 2016...
VALID TODAY AS OF 0500 PM LOCAL TIME.

CLIMATE NORMAL PERIOD 1981 TO 2010
CLIMATE RECORD PERIOD 1908 TO 2016


WEATHER ITEM   OBSERVED TIME   RECORD YEAR NORMAL DEPARTURE LAST
                VALUE   (LST)  VALUE       VALUE  FROM      YEAR
                                                  NORMAL
..................................................................
TEMPERATURE (F)
 TODAY
  MAXIMUM         12    325 PM  49    2015  27    -15       49
  MINIMUM          6    822 AM -24    1927  10     -4       36
                                      1919
  AVERAGE          9                        18     -9       43

PRECIPITATION (IN)
  TODAY           MM             0.65 1911   0.05  MM        0.20
  MONTH TO DATE    0.36                      0.52  -0.16     0.63
  SINCE DEC 1      0.36                      0.52  -0.16     0.63
  SINCE JAN 1     41.24                     30.48  10.76    28.05

SNOWFALL (IN)
  TODAY           MM             5.5  2003  MM     MM        0.0
  MONTH TO DATE    5.2                      MM     MM        3.3
  SINCE DEC 1      5.2                      MM     MM        3.3
  SINCE JUL 1     11.8                      MM     MM        7.4
  SNOW DEPTH      MM

DEGREE DAYS
 HEATING
  TODAY           56                        47      9       22
  MONTH TO DATE  409                       448    -39      305
  SINCE DEC 1    409                       448    -39      305
  SINCE JUL 1   1891                      2582   -691     2022

 COOLING
  TODAY            0                         0      0        0
  MONTH TO DATE    0                         0      0        0
  SINCE DEC 1      0                         0      0        0
  SINCE JAN 1    321                       261     60      233
..................................................................


WIND (MPH)
  HIGHEST WIND SPEED    13   HIGHEST WIND DIRECTION     W (270)
  HIGHEST GUST SPEED    17   HIGHEST GUST DIRECTION     W (270)
  AVERAGE WIND SPEED     6.3


SKY COVER
  POSSIBLE SUNSHINE  MM
  AVERAGE SKY COVER 0.6


WEATHER CONDITIONS
 THE FOLLOWING WEATHER WAS RECORDED TODAY.
  HAZE


RELATIVE HUMIDITY (PERCENT)
 HIGHEST    73           100 AM
 LOWEST     53           300 PM
 AVERAGE    63

..........................................................


THE RHINELANDER WI CLIMATE NORMALS FOR TOMORROW
                         NORMAL    RECORD    YEAR
 MAXIMUM TEMPERATURE (F)   26        52      1913
 MINIMUM TEMPERATURE (F)   10       -25      1977


SUNRISE AND SUNSET
DECEMBER 10 2016......SUNRISE   728 AM CST   SUNSET   414 PM CST
DECEMBER 11 2016......SUNRISE   729 AM CST   SUNSET   414 PM CST


-  INDICATES NEGATIVE NUMBERS.
R  INDICATES RECORD WAS SET OR TIED.
MM INDICATES DATA IS MISSING.
T  INDICATES TRACE AMOUNT.




$$
