000
CDUS43 KGRB 190725
CLIRHI


CLIMATE REPORT
NATIONAL WEATHER SERVICE GREEN BAY
124 AM CST THU JAN 19 2017


...................................

...THE RHINELANDER WI CLIMATE SUMMARY FOR JANUARY 18 2017...

CLIMATE NORMAL PERIOD 1981 TO 2010
CLIMATE RECORD PERIOD 1908 TO 2017


WEATHER ITEM   OBSERVED TIME   RECORD YEAR NORMAL DEPARTURE LAST
                VALUE   (LST)  VALUE       VALUE  FROM      YEAR
                                                  NORMAL
..................................................................
TEMPERATURE (F)
 YESTERDAY
  MAXIMUM         41    243 PM  46    1996  21     20        1
  MINIMUM         23    252 AM -36    1948   3     20      -17
  AVERAGE         32                        12     20       -8

PRECIPITATION (IN)
  YESTERDAY        0.00          1.36 1996   0.04  -0.04     0.00
  MONTH TO DATE    1.22                      0.66   0.56     0.48
  SINCE DEC 1      3.29                      2.10   1.19     4.44
  SINCE JAN 1      1.22                      0.66   0.56     0.48

SNOWFALL (IN)
  YESTERDAY        0.0           5.0  1969  MM     MM        0.0
  MONTH TO DATE   13.3                      MM     MM        4.3
  SINCE DEC 1     32.9                      MM     MM       16.9
  SINCE JUL 1     39.5                      MM     MM       21.0
  SNOW DEPTH      13

DEGREE DAYS
 HEATING
  YESTERDAY       33                        53    -20       73
  MONTH TO DATE  983                       949     34      952
  SINCE DEC 1   2433                      2441     -8     2061
  SINCE JUL 1   3915                      4575   -660     3778

 COOLING
  YESTERDAY        0                         0      0        0
  MONTH TO DATE    0                         0      0        0
  SINCE DEC 1      0                         0      0        0
  SINCE JAN 1      0                         0      0        0
..................................................................


WIND (MPH)
  HIGHEST WIND SPEED    18   HIGHEST WIND DIRECTION    SW (230)
  HIGHEST GUST SPEED    24   HIGHEST GUST DIRECTION    SW (220)
  AVERAGE WIND SPEED     9.8


SKY COVER
  POSSIBLE SUNSHINE  MM
  AVERAGE SKY COVER 0.3


WEATHER CONDITIONS
 THE FOLLOWING WEATHER WAS RECORDED YESTERDAY.
  FOG
  HAZE


RELATIVE HUMIDITY (PERCENT)
 HIGHEST   100           100 AM
 LOWEST     65           200 PM
 AVERAGE    83

..........................................................


THE RHINELANDER WI CLIMATE NORMALS FOR TODAY
                         NORMAL    RECORD    YEAR
 MAXIMUM TEMPERATURE (F)   21        45      1908
 MINIMUM TEMPERATURE (F)    3       -33      1994


SUNRISE AND SUNSET
JANUARY 19 2017.......SUNRISE   732 AM CST   SUNSET   446 PM CST
JANUARY 20 2017.......SUNRISE   731 AM CST   SUNSET   447 PM CST


-  INDICATES NEGATIVE NUMBERS.
R  INDICATES RECORD WAS SET OR TIED.
MM INDICATES DATA IS MISSING.
T  INDICATES TRACE AMOUNT.




$$
