000
CDUS43 KGRB 200658
CLIRHI


CLIMATE REPORT
NATIONAL WEATHER SERVICE GREEN BAY
158 AM CDT FRI OCT 20 2017


...................................

...THE RHINELANDER WI CLIMATE SUMMARY FOR OCTOBER 19 2017...

CLIMATE NORMAL PERIOD 1981 TO 2010
CLIMATE RECORD PERIOD 1908 TO 2017


WEATHER ITEM   OBSERVED TIME   RECORD YEAR NORMAL DEPARTURE LAST
                VALUE   (LST)  VALUE       VALUE  FROM      YEAR
                                                  NORMAL
..................................................................
TEMPERATURE (F)
 YESTERDAY
  MAXIMUM         67    316 PM  78    1953  53     14       62
  MINIMUM         36    604 AM  13    1972  33      3       34
  AVERAGE         52                        43      9       48

PRECIPITATION (IN)
  YESTERDAY        0.00          1.65 1937   0.10  -0.10     0.00
  MONTH TO DATE    3.48                      2.10   1.38     5.29
  SINCE SEP 1      5.43                      6.30  -0.87    10.91
  SINCE JAN 1     36.52                     27.18   9.34    38.50

SNOWFALL (IN)
  YESTERDAY        0.0           6.0  1925  MM     MM        0.0
  MONTH TO DATE    0.0                      MM     MM        0.0
  SINCE SEP 1      0.0                      MM     MM        0.0
  SINCE JUL 1      0.0                      MM     MM        0.0
  SNOW DEPTH       0

DEGREE DAYS
 HEATING
  YESTERDAY       13                        22     -9       17
  MONTH TO DATE  258                       366   -108      241
  SINCE SEP 1    465                       671   -206      401
  SINCE JUL 1    631                       798   -167      462

 COOLING
  YESTERDAY        0                         0      0        0
  MONTH TO DATE    0                         0      0        0
  SINCE SEP 1     53                        18     35       13
  SINCE JAN 1    215                       259    -44      321
..................................................................


WIND (MPH)
  HIGHEST WIND SPEED    20   HIGHEST WIND DIRECTION     W (270)
  HIGHEST GUST SPEED    24   HIGHEST GUST DIRECTION     W (260)
  AVERAGE WIND SPEED     9.7


SKY COVER
  POSSIBLE SUNSHINE  MM
  AVERAGE SKY COVER 0.0


WEATHER CONDITIONS
 THE FOLLOWING WEATHER WAS RECORDED YESTERDAY.
  NO SIGNIFICANT WEATHER WAS OBSERVED.


RELATIVE HUMIDITY (PERCENT)
 HIGHEST    64           700 AM
 LOWEST     24           200 PM
 AVERAGE    44

..........................................................


THE RHINELANDER WI CLIMATE NORMALS FOR TODAY
                         NORMAL    RECORD    YEAR
 MAXIMUM TEMPERATURE (F)   52        83      1947
 MINIMUM TEMPERATURE (F)   33        14      1917


SUNRISE AND SUNSET
OCTOBER 20 2017.......SUNRISE   721 AM CDT   SUNSET   603 PM CDT
OCTOBER 21 2017.......SUNRISE   723 AM CDT   SUNSET   601 PM CDT


-  INDICATES NEGATIVE NUMBERS.
R  INDICATES RECORD WAS SET OR TIED.
MM INDICATES DATA IS MISSING.
T  INDICATES TRACE AMOUNT.




$$
