000
CDUS43 KGRB 302134
CLIRHI


CLIMATE REPORT
NATIONAL WEATHER SERVICE GREEN BAY
433 PM CDT SAT JUL 30 2016


...................................

...THE RHINELANDER WI CLIMATE SUMMARY FOR JULY 30 2016...
VALID TODAY AS OF 0400 PM LOCAL TIME.

CLIMATE NORMAL PERIOD 1981 TO 2010
CLIMATE RECORD PERIOD 1908 TO 2016


WEATHER ITEM   OBSERVED TIME   RECORD YEAR NORMAL DEPARTURE LAST
                VALUE   (LST)  VALUE       VALUE  FROM      YEAR
                                                  NORMAL
..................................................................
TEMPERATURE (F)
 TODAY
  MAXIMUM         78    226 PM  98    1999  79     -1       83
  MINIMUM         52    443 AM  32    1928  54     -2       58
  AVERAGE         65                        67     -2       71

PRECIPITATION (IN)
  TODAY            0.00          1.59 1954   0.11  -0.11     0.00
  MONTH TO DATE    3.82                      3.90  -0.08     3.04
  SINCE JUN 1     10.84                      7.79   3.05     6.60
  SINCE JAN 1     21.92                     17.47   4.45    15.20

SNOWFALL (IN)
  TODAY            0.0           0.0    MM  MM     MM        0.0
  MONTH TO DATE    0.0                      MM     MM        0.0
  SINCE JUN 1      0.0                      MM     MM        0.0
  SINCE JUL 1      0.0                      MM     MM        0.0
  SNOW DEPTH       0

DEGREE DAYS
 HEATING
  TODAY            0                         1     -1        0
  MONTH TO DATE   31                        56    -25       49
  SINCE JUN 1    123                       190    -67      181
  SINCE JUL 1     31                        56    -25       49

 COOLING
  TODAY            0                         3     -3        6
  MONTH TO DATE  129                       101     28       94
  SINCE JUN 1    182                       154     28       97
  SINCE JAN 1    197                       166     31      102
..................................................................


WIND (MPH)
  HIGHEST WIND SPEED    13   HIGHEST WIND DIRECTION     E (100)
  HIGHEST GUST SPEED    18   HIGHEST GUST DIRECTION     E (100)
  AVERAGE WIND SPEED     4.2


SKY COVER
  POSSIBLE SUNSHINE  MM
  AVERAGE SKY COVER 0.1


WEATHER CONDITIONS
 THE FOLLOWING WEATHER WAS RECORDED TODAY.
  FOG


RELATIVE HUMIDITY (PERCENT)
 HIGHEST    93          1200 AM
 LOWEST     43           200 PM
 AVERAGE    68

..........................................................


THE RHINELANDER WI CLIMATE NORMALS FOR TOMORROW
                         NORMAL    RECORD    YEAR
 MAXIMUM TEMPERATURE (F)   79        96      2006
 MINIMUM TEMPERATURE (F)   54        42      1952
                                             1910


SUNRISE AND SUNSET
JULY 30 2016..........SUNRISE   540 AM CDT   SUNSET   828 PM CDT
JULY 31 2016..........SUNRISE   541 AM CDT   SUNSET   827 PM CDT


-  INDICATES NEGATIVE NUMBERS.
R  INDICATES RECORD WAS SET OR TIED.
MM INDICATES DATA IS MISSING.
T  INDICATES TRACE AMOUNT.




$$
