000
CDUS43 KGRB 302127
CLIRHI


CLIMATE REPORT
NATIONAL WEATHER SERVICE GREEN BAY
427 PM CDT SUN APR 30 2017


...................................

...THE RHINELANDER WI CLIMATE SUMMARY FOR APRIL 30 2017...
VALID TODAY AS OF 0400 PM LOCAL TIME.

CLIMATE NORMAL PERIOD 1981 TO 2010
CLIMATE RECORD PERIOD 1908 TO 2017


WEATHER ITEM   OBSERVED TIME   RECORD YEAR NORMAL DEPARTURE LAST
                VALUE   (LST)  VALUE       VALUE  FROM      YEAR
                                                  NORMAL
..................................................................
TEMPERATURE (F)
 TODAY
  MAXIMUM         50    148 PM  89    1952  61    -11       56
  MINIMUM         37    540 AM  20    1956  35      2       35
  AVERAGE         44                        48     -4       46

PRECIPITATION (IN)
  TODAY            0.00          0.99 1954   0.10  -0.10     0.00
  MONTH TO DATE    6.87                      2.58   4.29     2.78
  SINCE MAR 1      8.08                      4.15   3.93     6.45
  SINCE JAN 1     11.44                      6.19   5.25     8.18

SNOWFALL (IN)
  TODAY            0.0           2.7  1909  MM     MM        0.0
  MONTH TO DATE    8.5                      MM     MM       11.9
  SINCE MAR 1     14.3                      MM     MM       21.2
  SINCE JUL 1     65.8                      MM     MM       55.7
  SNOW DEPTH       0

DEGREE DAYS
 HEATING
  TODAY           21                        17      4       19
  MONTH TO DATE  616                       703    -87      736
  SINCE MAR 1   1768                      1878   -110     1675
  SINCE JUL 1   7279                      8500  -1221     7358

 COOLING
  TODAY            0                         0      0        0
  MONTH TO DATE    0                         1     -1        0
  SINCE MAR 1      0                         1     -1        0
  SINCE JAN 1      0                         1     -1        0
..................................................................


WIND (MPH)
  HIGHEST WIND SPEED    22   HIGHEST WIND DIRECTION     E (90)
  HIGHEST GUST SPEED    27   HIGHEST GUST DIRECTION     E (80)
  AVERAGE WIND SPEED    12.2


SKY COVER
  POSSIBLE SUNSHINE  MM
  AVERAGE SKY COVER 0.7


WEATHER CONDITIONS
 THE FOLLOWING WEATHER WAS RECORDED TODAY.
  NO SIGNIFICANT WEATHER WAS OBSERVED.


RELATIVE HUMIDITY (PERCENT)
 HIGHEST    62           800 AM
 LOWEST     42          1200 PM
 AVERAGE    52

..........................................................


THE RHINELANDER WI CLIMATE NORMALS FOR TOMORROW
                         NORMAL    RECORD    YEAR
 MAXIMUM TEMPERATURE (F)   61        86      1952
 MINIMUM TEMPERATURE (F)   36        21      1909


SUNRISE AND SUNSET
APRIL 30 2017.........SUNRISE   547 AM CDT   SUNSET   804 PM CDT
MAY  1 2017...........SUNRISE   545 AM CDT   SUNSET   805 PM CDT


-  INDICATES NEGATIVE NUMBERS.
R  INDICATES RECORD WAS SET OR TIED.
MM INDICATES DATA IS MISSING.
T  INDICATES TRACE AMOUNT.




$$
