000
CDUS43 KGRB 250715
CLIRHI


CLIMATE REPORT
NATIONAL WEATHER SERVICE GREEN BAY
213 AM CDT SUN JUN 25 2017


...................................

...THE RHINELANDER WI CLIMATE SUMMARY FOR JUNE 24 2017...

CLIMATE NORMAL PERIOD 1981 TO 2010
CLIMATE RECORD PERIOD 1908 TO 2017


WEATHER ITEM   OBSERVED TIME   RECORD YEAR NORMAL DEPARTURE LAST
                VALUE   (LST)  VALUE       VALUE  FROM      YEAR
                                                  NORMAL
..................................................................
TEMPERATURE (F)
 YESTERDAY
  MAXIMUM         62    355 PM  95    1937  77    -15       81
  MINIMUM         49    820 PM  38    1979  53     -4       49
  AVERAGE         56                        65     -9       65

PRECIPITATION (IN)
  YESTERDAY        0.29          3.70 1919   0.14   0.15     0.00
  MONTH TO DATE    6.54                      3.08   3.46     4.89
  SINCE JUN 1      6.54                      3.08   3.46     4.89
  SINCE JAN 1     24.26                     12.76  11.50    15.97

SNOWFALL (IN)
  YESTERDAY        0.0           0.0    MM  MM     MM        0.0
  MONTH TO DATE    0.0                      MM     MM        0.0
  SINCE JUN 1      0.0                      MM     MM        0.0
  SINCE JUL 1     65.8                      MM     MM       55.7
  SNOW DEPTH       0

DEGREE DAYS
 HEATING
  YESTERDAY        9                         3      6        0
  MONTH TO DATE   62                       120    -58       78
  SINCE JUN 1     62                       120    -58       78
  SINCE JUL 1   7738                      9006  -1268     7779

 COOLING
  YESTERDAY        0                         3     -3        0
  MONTH TO DATE   63                        35     28       35
  SINCE JUN 1     63                        35     28       35
  SINCE JAN 1     65                        47     18       50
..................................................................


WIND (MPH)
  HIGHEST WIND SPEED    20   HIGHEST WIND DIRECTION     W (270)
  HIGHEST GUST SPEED    23   HIGHEST GUST DIRECTION     W (260)
  AVERAGE WIND SPEED     8.6


SKY COVER
  POSSIBLE SUNSHINE  MM
  AVERAGE SKY COVER 0.9


WEATHER CONDITIONS
 THE FOLLOWING WEATHER WAS RECORDED YESTERDAY.
  RAIN
  LIGHT RAIN
  FOG


RELATIVE HUMIDITY (PERCENT)
 HIGHEST   100           900 PM
 LOWEST     67           400 PM
 AVERAGE    84

..........................................................


THE RHINELANDER WI CLIMATE NORMALS FOR TODAY
                         NORMAL    RECORD    YEAR
 MAXIMUM TEMPERATURE (F)   77        92      1912
 MINIMUM TEMPERATURE (F)   53        34      1915


SUNRISE AND SUNSET
JUNE 25 2017..........SUNRISE   510 AM CDT   SUNSET   851 PM CDT
JUNE 26 2017..........SUNRISE   510 AM CDT   SUNSET   851 PM CDT


-  INDICATES NEGATIVE NUMBERS.
R  INDICATES RECORD WAS SET OR TIED.
MM INDICATES DATA IS MISSING.
T  INDICATES TRACE AMOUNT.

$$
