000
CDUS41 KAKQ 120627
CLIRIC


CLIMATE REPORT
NATIONAL WEATHER SERVICE WAKEFIELD, VA
127 AM EST FRI FEB 12 2016


...................................

...THE RICHMOND VA CLIMATE SUMMARY FOR FEBRUARY 11 2016...

CLIMATE NORMAL PERIOD 1981 TO 2010
CLIMATE RECORD PERIOD 1871 TO 2016


WEATHER ITEM   OBSERVED TIME   RECORD YEAR NORMAL DEPARTURE LAST
                VALUE   (LST)  VALUE       VALUE  FROM      YEAR
                                                  NORMAL
..................................................................
TEMPERATURE (F)
 YESTERDAY
  MAXIMUM         34    431 PM  83    1932  50    -16       49
  MINIMUM         21   1159 PM  -3    1936  30     -9       28
  AVERAGE         28                        40    -12       39

PRECIPITATION (IN)
  YESTERDAY        0.00          1.49 1983   0.09  -0.09     0.00
  MONTH TO DATE    1.40                      1.07   0.33     1.03
  SINCE DEC 1     10.64                      7.37   3.27     7.66
  SINCE JAN 1      4.70                      4.11   0.59     4.52

SNOWFALL (IN)
  YESTERDAY        0.0          13.3  1983   0.1   -0.1
  MONTH TO DATE    0.4                       1.5   -1.1
  SINCE NOV 1     12.5                       7.7    4.8
  SINCE JUL 1     12.5                       7.7    4.8
  SNOW DEPTH       0

DEGREE DAYS
 HEATING
  YESTERDAY       37                        25     12       26
  MONTH TO DATE  255                       282    -27      282
  SINCE DEC 1   1559                      1867   -308     1779
  SINCE JUL 1   2151                      2543   -392     2449

 COOLING
  YESTERDAY        0                         0      0        0
  MONTH TO DATE    0                         0      0        0
  SINCE DEC 1      8                         1      7        0
  SINCE JAN 1      0                         0      0        0
..................................................................


WIND (MPH)
  HIGHEST WIND SPEED    22   HIGHEST WIND DIRECTION     W (280)
  HIGHEST GUST SPEED    27   HIGHEST GUST DIRECTION     W (280)
  AVERAGE WIND SPEED    11.4


SKY COVER
  POSSIBLE SUNSHINE  MM
  AVERAGE SKY COVER 0.1


WEATHER CONDITIONS
 THE FOLLOWING WEATHER WAS RECORDED YESTERDAY.
  NO SIGNIFICANT WEATHER WAS OBSERVED.


RELATIVE HUMIDITY (PERCENT)
 HIGHEST    47           500 AM
 LOWEST     24           500 PM
 AVERAGE    36

..........................................................


THE RICHMOND VA CLIMATE NORMALS FOR TODAY
                         NORMAL    RECORD    YEAR
 MAXIMUM TEMPERATURE (F)   51        74      1999
 MINIMUM TEMPERATURE (F)   30         1      1936


SUNRISE AND SUNSET
FEBRUARY 12 2016......SUNRISE   703 AM EST   SUNSET   545 PM EST
FEBRUARY 13 2016......SUNRISE   701 AM EST   SUNSET   546 PM EST


-  INDICATES NEGATIVE NUMBERS.
R  INDICATES RECORD WAS SET OR TIED.
MM INDICATES DATA IS MISSING.
T  INDICATES TRACE AMOUNT.




$$
