000
CDUS41 KAKQ 220545
CLIRIC


CLIMATE REPORT
NATIONAL WEATHER SERVICE WAKEFIELD, VA
145 AM EDT SUN OCT 22 2017


...................................

...THE RICHMOND VA CLIMATE SUMMARY FOR OCTOBER 21 2017...

CLIMATE NORMAL PERIOD 1981 TO 2010
CLIMATE RECORD PERIOD 1871 TO 2017


WEATHER ITEM   OBSERVED TIME   RECORD YEAR NORMAL DEPARTURE LAST
                VALUE   (LST)  VALUE       VALUE  FROM      YEAR
                                                  NORMAL
..................................................................
TEMPERATURE (F)
 YESTERDAY
  MAXIMUM         78    207 PM  86    1993  70      8       80
  MINIMUM         50    650 AM  25    1930  46      4       58
  AVERAGE         64                        58      6       69

PRECIPITATION (IN)
  YESTERDAY        0.00          2.65 1958   0.09  -0.09     0.01
  MONTH TO DATE    2.64                      2.00   0.64     4.18
  SINCE SEP 1      4.12                      6.13  -2.01    15.37
  SINCE JAN 1     33.17                     36.12  -2.95    48.81

SNOWFALL (IN)
  YESTERDAY        0.0           0.0  2002   0.0    0.0
                                      2001
  MONTH TO DATE    0.0                       0.0    0.0
  SINCE NOV 1      7.1                      10.3   -3.2
  SINCE JUL 1      0.0                       0.0    0.0
  SNOW DEPTH       0

DEGREE DAYS
 HEATING
  YESTERDAY        1                         8     -7        0
  MONTH TO DATE   50                       113    -63       50
  SINCE SEP 1     62                       141    -79       50
  SINCE JUL 1     62                       142    -80       50

 COOLING
  YESTERDAY        0                         1     -1        4
  MONTH TO DATE   83                        34     49       58
  SINCE SEP 1    285                       231     54      337
  SINCE JAN 1   1698                      1538    160     1691
..................................................................


WIND (MPH)
  HIGHEST WIND SPEED     7   HIGHEST WIND DIRECTION    SE (140)
  HIGHEST GUST SPEED     9   HIGHEST GUST DIRECTION    SE (140)
  AVERAGE WIND SPEED     2.4


SKY COVER
  POSSIBLE SUNSHINE  MM
  AVERAGE SKY COVER 0.5


WEATHER CONDITIONS
 THE FOLLOWING WEATHER WAS RECORDED YESTERDAY.
  FOG


RELATIVE HUMIDITY (PERCENT)
 HIGHEST   100           200 AM
 LOWEST     36          1200 PM
 AVERAGE    68

..........................................................


THE RICHMOND VA CLIMATE NORMALS FOR TODAY
                         NORMAL    RECORD    YEAR
 MAXIMUM TEMPERATURE (F)   69        86      1920
 MINIMUM TEMPERATURE (F)   46        23      1930


SUNRISE AND SUNSET
OCTOBER 22 2017.......SUNRISE   724 AM EDT   SUNSET   623 PM EDT
OCTOBER 23 2017.......SUNRISE   725 AM EDT   SUNSET   621 PM EDT


-  INDICATES NEGATIVE NUMBERS.
R  INDICATES RECORD WAS SET OR TIED.
MM INDICATES DATA IS MISSING.
T  INDICATES TRACE AMOUNT.




$$
