000
CDUS41 KAKQ 210845
CLIRIC


CLIMATE REPORT
NATIONAL WEATHER SERVICE WAKEFIELD, VA
445 AM EDT THU AUG 21 2014


...................................

...THE RICHMOND VA CLIMATE SUMMARY FOR AUGUST 20 2014...

CLIMATE NORMAL PERIOD 1981 TO 2010
CLIMATE RECORD PERIOD 1871 TO 2014


WEATHER ITEM   OBSERVED TIME   RECORD YEAR NORMAL DEPARTURE LAST
                VALUE   (LST)  VALUE       VALUE  FROM      YEAR
                                                  NORMAL
..................................................................
TEMPERATURE (F)
 YESTERDAY
  MAXIMUM         87    428 PM 102    1983  87      0       85
  MINIMUM         70    535 AM  53    1998  67      3       68
                                      1930
  AVERAGE         79                        77      2       77

PRECIPITATION (IN)
  YESTERDAY        T             4.74 1931   0.14  -0.14     0.00
  MONTH TO DATE    3.44                      3.05   0.39     3.73
  SINCE JUN 1      9.46                     11.49  -2.03    16.11
  SINCE JAN 1     25.50                     28.38  -2.88    34.99

SNOWFALL (IN)
  YESTERDAY        0.0           0.0  2002   0.0    0.0
                                      2001
  MONTH TO DATE    0.0                       0.0    0.0
  SINCE NOV 1     14.5                      10.3    4.2
  SINCE JUL 1      0.0                       0.0    0.0
  SNOW DEPTH       0

DEGREE DAYS
 HEATING
  YESTERDAY        0                         0      0        0
  MONTH TO DATE    0                         0      0        0
  SINCE JUN 1      0                         7     -7        0
  SINCE JUL 1      0                         0      0        0

 COOLING
  YESTERDAY       14                        12      2       12
  MONTH TO DATE  223                       262    -39      218
  SINCE JUN 1   1037                      1020     17     1066
  SINCE JAN 1   1245                      1181     64     1279
..................................................................


WIND (MPH)
  HIGHEST WIND SPEED    13   HIGHEST WIND DIRECTION    SE (140)
  HIGHEST GUST SPEED    17   HIGHEST GUST DIRECTION    SE (150)
  AVERAGE WIND SPEED     4.9


SKY COVER
  POSSIBLE SUNSHINE  MM
  AVERAGE SKY COVER 0.5


WEATHER CONDITIONS
 THE FOLLOWING WEATHER WAS RECORDED YESTERDAY.
  FOG


RELATIVE HUMIDITY (PERCENT)
 HIGHEST    97           500 AM
 LOWEST     48           200 PM
 AVERAGE    73

..........................................................


THE RICHMOND VA CLIMATE NORMALS FOR TODAY
                         NORMAL    RECORD    YEAR
 MAXIMUM TEMPERATURE (F)   87        96      1962
                                             1959
                                             1899
 MINIMUM TEMPERATURE (F)   67        54      1922


SUNRISE AND SUNSET
AUGUST 21 2014........SUNRISE   630 AM EDT   SUNSET   754 PM EDT
AUGUST 22 2014........SUNRISE   631 AM EDT   SUNSET   752 PM EDT


-  INDICATES NEGATIVE NUMBERS.
R  INDICATES RECORD WAS SET OR TIED.
MM INDICATES DATA IS MISSING.
T  INDICATES TRACE AMOUNT.




$$
