000
CDUS41 KAKQ 310838
CLIRIC


CLIMATE REPORT
NATIONAL WEATHER SERVICE WAKEFIELD, VA
338 AM EST SAT JAN 31 2015


...................................

...THE RICHMOND VA CLIMATE SUMMARY FOR JANUARY 30 2015...

CLIMATE NORMAL PERIOD 1981 TO 2010
CLIMATE RECORD PERIOD 1871 TO 2015


WEATHER ITEM   OBSERVED TIME   RECORD YEAR NORMAL DEPARTURE LAST
                VALUE   (LST)  VALUE       VALUE  FROM      YEAR
                                                  NORMAL
..................................................................
TEMPERATURE (F)
 YESTERDAY
  MAXIMUM         47   1136 AM  81    2002  48     -1       36
  MINIMUM         25   1159 PM  -3    1940  29     -4        4
  AVERAGE         36                        38     -2       20

PRECIPITATION (IN)
  YESTERDAY        0.00          1.16 2000   0.10  -0.10     0.00
  MONTH TO DATE    3.49                      2.94   0.55     3.28
  SINCE DEC 1      6.63                      6.20   0.43     9.39
  SINCE JAN 1      3.49                      2.94   0.55     3.28

SNOWFALL (IN)
  YESTERDAY        0.0           9.5  2010   0.1   -0.1
  MONTH TO DATE    0.3                       3.7   -3.4
  SINCE NOV 1      0.3                       6.0   -5.7
  SINCE JUL 1      0.3                       6.0   -5.7
  SNOW DEPTH       0

DEGREE DAYS
 HEATING
  YESTERDAY       29                        27      2       45
  MONTH TO DATE  817                       810      7      929
  SINCE DEC 1   1463                      1553    -90     1580
  SINCE JUL 1   2133                      2229    -96     2220

 COOLING
  YESTERDAY        0                         0      0        0
  MONTH TO DATE    0                         0      0        0
  SINCE DEC 1      0                         1     -1        4
  SINCE JAN 1      0                         0      0        0
..................................................................


WIND (MPH)
  HIGHEST WIND SPEED    31   HIGHEST WIND DIRECTION     N (340)
  HIGHEST GUST SPEED    43   HIGHEST GUST DIRECTION     N (340)
  AVERAGE WIND SPEED    12.6


SKY COVER
  POSSIBLE SUNSHINE  MM
  AVERAGE SKY COVER 0.7


WEATHER CONDITIONS
 THE FOLLOWING WEATHER WAS RECORDED YESTERDAY.
  NO SIGNIFICANT WEATHER WAS OBSERVED.


RELATIVE HUMIDITY (PERCENT)
 HIGHEST    55           700 AM
 LOWEST     30           500 PM
 AVERAGE    43

..........................................................


THE RICHMOND VA CLIMATE NORMALS FOR TODAY
                         NORMAL    RECORD    YEAR
 MAXIMUM TEMPERATURE (F)   48        72      1916
 MINIMUM TEMPERATURE (F)   29         4      1934
                                             1930


SUNRISE AND SUNSET
JANUARY 31 2015.......SUNRISE   714 AM EST   SUNSET   532 PM EST
FEBRUARY  1 2015......SUNRISE   713 AM EST   SUNSET   533 PM EST


-  INDICATES NEGATIVE NUMBERS.
R  INDICATES RECORD WAS SET OR TIED.
MM INDICATES DATA IS MISSING.
T  INDICATES TRACE AMOUNT.




$$
