000
CDUS41 KAKQ 230645
CLIRIC


CLIMATE REPORT
NATIONAL WEATHER SERVICE WAKEFIELD, VA
145 AM EST TUE JAN 23 2018


...................................

...THE RICHMOND VA CLIMATE SUMMARY FOR JANUARY 22 2018...

CLIMATE NORMAL PERIOD 1981 TO 2010
CLIMATE RECORD PERIOD 1871 TO 2018


WEATHER ITEM   OBSERVED TIME   RECORD YEAR NORMAL DEPARTURE LAST
                VALUE   (LST)  VALUE       VALUE  FROM      YEAR
                                                  NORMAL
..................................................................
TEMPERATURE (F)
 YESTERDAY
  MAXIMUM         66    320 PM  75    1906  48     18       51
  MINIMUM         46    739 AM  -1    1970  28     18       48
  AVERAGE         56                        38     18       50

PRECIPITATION (IN)
  YESTERDAY        0.00          1.67 1954   0.10  -0.10     0.49
  MONTH TO DATE    1.44                      2.16  -0.72     3.35
  SINCE DEC 1      2.49                      5.42  -2.93     6.15
  SINCE JAN 1      1.44                      2.16  -0.72     3.35

SNOWFALL (IN)
  YESTERDAY        0.0           7.4  1987   0.2   -0.2
  MONTH TO DATE    5.0                       2.6    2.4
  SINCE NOV 1      8.1                       4.9    3.2
  SINCE JUL 1      8.1                       4.9    3.2
  SNOW DEPTH       0

DEGREE DAYS
 HEATING
  YESTERDAY        9                        27    -18       15
  MONTH TO DATE  705                       594    111      525
  SINCE DEC 1   1480                      1337    143     1259
  SINCE JUL 1   2092                      2013     79     1849

 COOLING
  YESTERDAY        0                         0      0        0
  MONTH TO DATE    0                         0      0        0
  SINCE DEC 1      0                         1     -1        0
  SINCE JAN 1      0                         0      0        0
..................................................................


WIND (MPH)
  HIGHEST WIND SPEED    16   HIGHEST WIND DIRECTION     S (180)
  HIGHEST GUST SPEED    21   HIGHEST GUST DIRECTION     S (200)
  AVERAGE WIND SPEED     8.2


SKY COVER
  POSSIBLE SUNSHINE  MM
  AVERAGE SKY COVER 0.9


WEATHER CONDITIONS
 THE FOLLOWING WEATHER WAS RECORDED YESTERDAY.
  NO SIGNIFICANT WEATHER WAS OBSERVED.


RELATIVE HUMIDITY (PERCENT)
 HIGHEST    80          1100 PM
 LOWEST     44           400 PM
 AVERAGE    62

..........................................................


THE RICHMOND VA CLIMATE NORMALS FOR TODAY
                         NORMAL    RECORD    YEAR
 MAXIMUM TEMPERATURE (F)   48        76      1974
 MINIMUM TEMPERATURE (F)   28         6      1936


SUNRISE AND SUNSET
JANUARY 23 2018.......SUNRISE   719 AM EST   SUNSET   524 PM EST
JANUARY 24 2018.......SUNRISE   719 AM EST   SUNSET   525 PM EST


-  INDICATES NEGATIVE NUMBERS.
R  INDICATES RECORD WAS SET OR TIED.
MM INDICATES DATA IS MISSING.
T  INDICATES TRACE AMOUNT.




$$
