000
CDUS41 KAKQ 290829
CLIRIC


CLIMATE REPORT
NATIONAL WEATHER SERVICE WAKEFIELD, VA
429 AM EDT SUN MAR 29 2015


...................................

...THE RICHMOND VA CLIMATE SUMMARY FOR MARCH 28 2015...

CLIMATE NORMAL PERIOD 1981 TO 2010
CLIMATE RECORD PERIOD 1871 TO 2015


WEATHER ITEM   OBSERVED TIME   RECORD YEAR NORMAL DEPARTURE LAST
                VALUE   (LST)  VALUE       VALUE  FROM      YEAR
                                                  NORMAL
..................................................................
TEMPERATURE (F)
 YESTERDAY
  MAXIMUM         44    356 PM  91    1907  64    -20       70
  MINIMUM         28   1140 PM  23    2001  41    -13       45
  AVERAGE         36                        52    -16       58

PRECIPITATION (IN)
  YESTERDAY        T             2.04 1942   0.13  -0.13     0.01
  MONTH TO DATE    3.73                      3.64   0.09     1.75
  SINCE MAR 1      3.73                      3.64   0.09     1.75
  SINCE JAN 1     10.99                      9.44   1.55     8.06

SNOWFALL (IN)
  YESTERDAY        T             0.6  1947   0.0    0.0
  MONTH TO DATE    0.3                       0.6   -0.3
  SINCE NOV 1     12.8                      10.2    2.6
  SINCE JUL 1     12.8                      10.2    2.6
  SNOW DEPTH       0

DEGREE DAYS
 HEATING
  YESTERDAY       29                        13     16        7
  MONTH TO DATE  488                       478     10      590
  SINCE MAR 1    488                       478     10      590
  SINCE JUL 1   3590                      3414    176     3543

 COOLING
  YESTERDAY        0                         0      0        0
  MONTH TO DATE    0                         0      0        2
  SINCE MAR 1      0                         0      0        2
  SINCE JAN 1      0                         0      0        2
..................................................................


WIND (MPH)
  HIGHEST WIND SPEED    24   HIGHEST WIND DIRECTION    NW (330)
  HIGHEST GUST SPEED    29   HIGHEST GUST DIRECTION     N (340)
  AVERAGE WIND SPEED    13.7


SKY COVER
  POSSIBLE SUNSHINE  MM
  AVERAGE SKY COVER 0.6


WEATHER CONDITIONS
 THE FOLLOWING WEATHER WAS RECORDED YESTERDAY.
  LIGHT SNOW


RELATIVE HUMIDITY (PERCENT)
 HIGHEST    73          1200 AM
 LOWEST     25           400 PM
 AVERAGE    49

..........................................................


THE RICHMOND VA CLIMATE NORMALS FOR TODAY
                         NORMAL    RECORD    YEAR
 MAXIMUM TEMPERATURE (F)   65        94      1907
 MINIMUM TEMPERATURE (F)   41        22      1923


SUNRISE AND SUNSET
MARCH 29 2015.........SUNRISE   700 AM EDT   SUNSET   729 PM EDT
MARCH 30 2015.........SUNRISE   658 AM EDT   SUNSET   730 PM EDT


-  INDICATES NEGATIVE NUMBERS.
R  INDICATES RECORD WAS SET OR TIED.
MM INDICATES DATA IS MISSING.
T  INDICATES TRACE AMOUNT.




$$
