000
CDUS41 KAKQ 190826
CLIRIC


CLIMATE REPORT
NATIONAL WEATHER SERVICE WAKEFIELD, VA
426 AM EDT FRI SEP 19 2014


...................................

...THE RICHMOND VA CLIMATE SUMMARY FOR SEPTEMBER 18 2014...

CLIMATE NORMAL PERIOD 1981 TO 2010
CLIMATE RECORD PERIOD 1871 TO 2014


WEATHER ITEM   OBSERVED TIME   RECORD YEAR NORMAL DEPARTURE LAST
                VALUE   (LST)  VALUE       VALUE  FROM      YEAR
                                                  NORMAL
..................................................................
TEMPERATURE (F)
 YESTERDAY
  MAXIMUM         78   1205 PM  95    1978  81     -3       74
  MINIMUM         56    526 AM  43    1966  59     -3       49
                                      1937
  AVERAGE         67                        70     -3       62

PRECIPITATION (IN)
  YESTERDAY        T             4.32 2003   0.15  -0.15     0.00
  MONTH TO DATE    0.55                      2.59  -2.04     0.54
  SINCE SEP 1      0.55                      2.59  -2.04     0.54
  SINCE JAN 1     26.22                     32.58  -6.36    39.41

SNOWFALL (IN)
  YESTERDAY        0.0           0.0  2002   0.0    0.0
                                      2001
  MONTH TO DATE    0.0                       0.0    0.0
  SINCE NOV 1     14.5                      10.3    4.2
  SINCE JUL 1      0.0                       0.0    0.0
  SNOW DEPTH       0

DEGREE DAYS
 HEATING
  YESTERDAY        0                         1     -1        3
  MONTH TO DATE    0                         5     -5        6
  SINCE SEP 1      0                         5     -5        6
  SINCE JUL 1      0                         6     -6        6

 COOLING
  YESTERDAY        2                         6     -4        0
  MONTH TO DATE  195                       147     48      174
  SINCE SEP 1    195                       147     48      174
  SINCE JAN 1   1575                      1454    121     1579
..................................................................


WIND (MPH)
  HIGHEST WIND SPEED     9   HIGHEST WIND DIRECTION     N (360)
  HIGHEST GUST SPEED    12   HIGHEST GUST DIRECTION     S (170)
  AVERAGE WIND SPEED     2.0


SKY COVER
  POSSIBLE SUNSHINE  MM
  AVERAGE SKY COVER 0.6


WEATHER CONDITIONS
 THE FOLLOWING WEATHER WAS RECORDED YESTERDAY.
  FOG
  HAZE


RELATIVE HUMIDITY (PERCENT)
 HIGHEST    93           300 AM
 LOWEST     50          1200 PM
 AVERAGE    72

..........................................................


THE RICHMOND VA CLIMATE NORMALS FOR TODAY
                         NORMAL    RECORD    YEAR
 MAXIMUM TEMPERATURE (F)   80        96      1978
 MINIMUM TEMPERATURE (F)   59        43      1984


SUNRISE AND SUNSET
SEPTEMBER 19 2014.....SUNRISE   655 AM EDT   SUNSET   711 PM EDT
SEPTEMBER 20 2014.....SUNRISE   655 AM EDT   SUNSET   709 PM EDT


-  INDICATES NEGATIVE NUMBERS.
R  INDICATES RECORD WAS SET OR TIED.
MM INDICATES DATA IS MISSING.
T  INDICATES TRACE AMOUNT.




$$
