000
CDUS41 KAKQ 292135
CLIRIC


CLIMATE REPORT
NATIONAL WEATHER SERVICE WAKEFIELD, VA
535 PM EDT MON JUN 29 2015


...................................

...THE RICHMOND VA CLIMATE SUMMARY FOR JUNE 29 2015...
VALID TODAY AS OF 0500 PM LOCAL TIME.

CLIMATE NORMAL PERIOD 1981 TO 2010
CLIMATE RECORD PERIOD 1871 TO 2015


WEATHER ITEM   OBSERVED TIME   RECORD YEAR NORMAL DEPARTURE LAST
                VALUE   (LST)  VALUE       VALUE  FROM      YEAR
                                                  NORMAL
..................................................................
TEMPERATURE (F)
 TODAY
  MAXIMUM         84    359 PM 103    2012  89     -5       86
  MINIMUM         59    531 AM  53    1970  68     -9       62
  AVERAGE         72

PRECIPITATION (IN)
  TODAY            0.00          2.60 1888   0.14  -0.14     0.00
  MONTH TO DATE    5.83                      3.80   2.03     3.39
  SINCE JUN 1      5.83                      3.80   2.03     3.39
  SINCE JAN 1     23.81                     20.69   3.12    19.43

SNOWFALL (IN)
  TODAY            0.0
  MONTH TO DATE    0.0
  SINCE NOV 1     12.8
  SINCE JUL 1     12.8
  SNOW DEPTH       0

DEGREE DAYS
 HEATING
  TODAY            0                         0      0        0
  MONTH TO DATE    6                         5      1        0
  SINCE JUN 1      6                         5      1        0
  SINCE JUL 1   3852                      3771     81     3780

 COOLING
  TODAY            7                        14     -7        9
  MONTH TO DATE  386                       302     84      342
  SINCE JUN 1    386                       302     84      342
  SINCE JAN 1    648                       463    185      550
..................................................................


WIND (MPH)
  RESULTANT WIND SPEED   2   RESULTANT WIND DIRECTION  SE (140)
  HIGHEST WIND SPEED    14   HIGHEST WIND DIRECTION     S (200)
  HIGHEST GUST SPEED    17   HIGHEST GUST DIRECTION     S (200)


SKY COVER
  POSSIBLE SUNSHINE  MM
  AVERAGE SKY COVER 0.3


WEATHER CONDITIONS
 THE FOLLOWING WEATHER WAS RECORDED TODAY.
  NO SIGNIFICANT WEATHER WAS OBSERVED.


RELATIVE HUMIDITY (PERCENT)
 HIGHEST    90
 LOWEST     36
 AVERAGE    63

..........................................................


THE RICHMOND VA CLIMATE NORMALS FOR TOMORROW
                         NORMAL    RECORD    YEAR
 MAXIMUM TEMPERATURE (F)   89       103      1936
 MINIMUM TEMPERATURE (F)   68        50      1919


SUNRISE AND SUNSET
JUNE 29 2015..........SUNRISE   551 AM EDT   SUNSET   834 PM EDT
JUNE 30 2015..........SUNRISE   551 AM EDT   SUNSET   834 PM EDT


-  INDICATES NEGATIVE NUMBERS.
R  INDICATES RECORD WAS SET OR TIED.
MM INDICATES DATA IS MISSING.
T  INDICATES TRACE AMOUNT.




$$
