000
CDUS45 KGJT 020806
CLIRIL


CLIMATE REPORT
NATIONAL WEATHER SERVICE GRAND JUNCTION CO
130 AM MDT WED SEP 2 2015


...................................

...THE RIFLE CO CLIMATE SUMMARY FOR SEPTEMBER 1 2015...

CLIMATE NORMAL PERIOD 1981 TO 2010
CLIMATE RECORD PERIOD 9999 TO 9999


WEATHER ITEM   OBSERVED TIME   RECORD YEAR NORMAL DEPARTURE LAST
                VALUE   (LST)  VALUE       VALUE  FROM      YEAR
                                                  NORMAL
..................................................................
TEMPERATURE (F)
 YESTERDAY
  MAXIMUM         84    401 PM  MM      MM  84      0       82
  MINIMUM         52    550 AM  MM      MM  49      3       45
  AVERAGE         68                        66      2       64

PRECIPITATION (IN)
  YESTERDAY        0.05         MM      MM   0.05   0.00     0.00
  MONTH TO DATE    0.05                      0.05   0.00     0.00
  SINCE SEP 1      0.05                      0.05   0.00     0.00
  SINCE JAN 1     11.22                      9.02   2.20     8.13

SNOWFALL (IN)
  YESTERDAY       MM            MM      MM  MM     MM       MM
  MONTH TO DATE   MM                        MM     MM       MM
  SINCE SEP 1     MM                        MM     MM       MM
  SINCE JUL 1     MM                        MM     MM       MM
  SNOW DEPTH      MM

DEGREE DAYS
 HEATING
  YESTERDAY        0                         1     -1        1
  MONTH TO DATE    0                         1     -1        1
  SINCE SEP 1      0                         1     -1        1
  SINCE JUL 1      0                         8     -8       18

 COOLING
  YESTERDAY        3                         2      1        0
  MONTH TO DATE    3                         2      1        0
  SINCE SEP 1      3                         2      1        0
  SINCE JAN 1    594                       518     76      529
..................................................................


WIND (MPH)
  HIGHEST WIND SPEED    32   HIGHEST WIND DIRECTION    NW (310)
  HIGHEST GUST SPEED    45   HIGHEST GUST DIRECTION    NW (300)
  AVERAGE WIND SPEED     5.5


SKY COVER
  POSSIBLE SUNSHINE  MM
  AVERAGE SKY COVER 0.2


WEATHER CONDITIONS
 THE FOLLOWING WEATHER WAS RECORDED YESTERDAY.
  THUNDERSTORM
  LIGHT RAIN


RELATIVE HUMIDITY (PERCENT)
 HIGHEST    83           300 AM
 LOWEST     26           400 PM
 AVERAGE    55

..........................................................


THE RIFLE CO CLIMATE NORMALS FOR TODAY
                         NORMAL    RECORD    YEAR
 MAXIMUM TEMPERATURE (F)   84        MM        MM
 MINIMUM TEMPERATURE (F)   49        MM        MM


SUNRISE AND SUNSET
SEPTEMBER  2 2015.....SUNRISE   640 AM MDT   SUNSET   741 PM MDT
SEPTEMBER  3 2015.....SUNRISE   641 AM MDT   SUNSET   739 PM MDT


-  INDICATES NEGATIVE NUMBERS.
R  INDICATES RECORD WAS SET OR TIED.
MM INDICATES DATA IS MISSING.
T  INDICATES TRACE AMOUNT.




$$
