000
CDUS45 KGJT 220758
CLIRIL


CLIMATE REPORT
NATIONAL WEATHER SERVICE GRAND JUNCTION CO
1255 AM MST WED NOV 22 2017


...................................

...THE RIFLE CO CLIMATE SUMMARY FOR NOVEMBER 21 2017...

CLIMATE NORMAL PERIOD 1981 TO 2010
CLIMATE RECORD PERIOD 9999 TO 9999


WEATHER ITEM   OBSERVED TIME   RECORD YEAR NORMAL DEPARTURE LAST
                VALUE   (LST)  VALUE       VALUE  FROM      YEAR
                                                  NORMAL
..................................................................
TEMPERATURE (F)
 YESTERDAY
  MAXIMUM         50    329 PM  MM      MM  45      5       53
  MINIMUM         31   1125 PM  MM      MM  21     10       41
  AVERAGE         41                        33      8       47

PRECIPITATION (IN)
  YESTERDAY        T            MM      MM   0.03  -0.03     0.17
  MONTH TO DATE    0.04                      0.85  -0.81     0.22
  SINCE SEP 1      1.76                      4.24  -2.48     2.32
  SINCE JAN 1      5.56                     13.21  -7.65     9.40

SNOWFALL (IN)
  YESTERDAY       MM            MM      MM  MM     MM       MM
  MONTH TO DATE   MM                        MM     MM       MM
  SINCE SEP 1     MM                        MM     MM       MM
  SINCE JUL 1     MM                        MM     MM       MM
  SNOW DEPTH      MM

DEGREE DAYS
 HEATING
  YESTERDAY       24                        32     -8       18
  MONTH TO DATE  472                       576   -104      394
  SINCE SEP 1   1109                      1213   -104      831
  SINCE JUL 1   1109                      1220   -111      836

 COOLING
  YESTERDAY        0                         0      0        0
  MONTH TO DATE    0                         0      0        0
  SINCE SEP 1    102                        25     77       34
  SINCE JAN 1    872                       541    331      675
..................................................................


WIND (MPH)
  HIGHEST WIND SPEED     8   HIGHEST WIND DIRECTION     E (90)
  HIGHEST GUST SPEED    10   HIGHEST GUST DIRECTION     E (80)
  AVERAGE WIND SPEED     2.2


SKY COVER
  POSSIBLE SUNSHINE  MM
  AVERAGE SKY COVER 0.6


WEATHER CONDITIONS
 THE FOLLOWING WEATHER WAS RECORDED YESTERDAY.
  LIGHT SNOW


RELATIVE HUMIDITY (PERCENT)
 HIGHEST    89           800 AM
 LOWEST     46           300 PM
 AVERAGE    68

..........................................................


THE RIFLE CO CLIMATE NORMALS FOR TODAY
                         NORMAL    RECORD    YEAR
 MAXIMUM TEMPERATURE (F)   44        MM        MM
 MINIMUM TEMPERATURE (F)   21        MM        MM


SUNRISE AND SUNSET
NOVEMBER 22 2017......SUNRISE   703 AM MST   SUNSET   451 PM MST
NOVEMBER 23 2017......SUNRISE   704 AM MST   SUNSET   450 PM MST


-  INDICATES NEGATIVE NUMBERS.
R  INDICATES RECORD WAS SET OR TIED.
MM INDICATES DATA IS MISSING.
T  INDICATES TRACE AMOUNT.




$$
