000
CDUS45 KGJT 270735
CLIRIL


CLIMATE REPORT
NATIONAL WEATHER SERVICE GRAND JUNCTION CO
133 AM MDT SAT AUG 27 2016


...................................

...THE RIFLE CO CLIMATE SUMMARY FOR AUGUST 26 2016...

CLIMATE NORMAL PERIOD 1981 TO 2010
CLIMATE RECORD PERIOD 9999 TO 9999


WEATHER ITEM   OBSERVED TIME   RECORD YEAR NORMAL DEPARTURE LAST
                VALUE   (LST)  VALUE       VALUE  FROM      YEAR
                                                  NORMAL
..................................................................
TEMPERATURE (F)
 YESTERDAY
  MAXIMUM         79    415 PM  MM      MM  86     -7       86
  MINIMUM         47    622 AM  MM      MM  51     -4       61
  AVERAGE         63                        68     -5       74

PRECIPITATION (IN)
  YESTERDAY        0.19         MM      MM   0.04   0.15     0.11
  MONTH TO DATE    1.03                      1.14  -0.11     1.02
  SINCE JUN 1      2.70                      3.29  -0.59     3.34
  SINCE JAN 1      7.08                      8.71  -1.63    10.27

SNOWFALL (IN)
  YESTERDAY       MM            MM      MM  MM     MM       MM
  MONTH TO DATE   MM                        MM     MM       MM
  SINCE JUN 1     MM                        MM     MM       MM
  SINCE JUL 1     MM                        MM     MM       MM
  SNOW DEPTH      MM

DEGREE DAYS
 HEATING
  YESTERDAY        2                         0      2        0
  MONTH TO DATE    4                         0      4        0
  SINCE JUN 1     12                        60    -48       18
  SINCE JUL 1      4                         1      3        0

 COOLING
  YESTERDAY        0                         4     -4        9
  MONTH TO DATE  148                       159    -11      199
  SINCE JUN 1    628                       495    133      571
  SINCE JAN 1    629                       502    127      572
..................................................................


WIND (MPH)
  HIGHEST WIND SPEED    26   HIGHEST WIND DIRECTION    NW (310)
  HIGHEST GUST SPEED    35   HIGHEST GUST DIRECTION    NW (310)
  AVERAGE WIND SPEED     7.5


SKY COVER
  POSSIBLE SUNSHINE  MM
  AVERAGE SKY COVER 0.1


WEATHER CONDITIONS
 THE FOLLOWING WEATHER WAS RECORDED YESTERDAY.
  THUNDERSTORM
  LIGHT RAIN
  FOG


RELATIVE HUMIDITY (PERCENT)
 HIGHEST   100           400 AM
 LOWEST     21           600 PM
 AVERAGE    61

..........................................................


THE RIFLE CO CLIMATE NORMALS FOR TODAY
                         NORMAL    RECORD    YEAR
 MAXIMUM TEMPERATURE (F)   85        MM        MM
 MINIMUM TEMPERATURE (F)   51        MM        MM


SUNRISE AND SUNSET
AUGUST 27 2016........SUNRISE   635 AM MDT   SUNSET   749 PM MDT
AUGUST 28 2016........SUNRISE   636 AM MDT   SUNSET   747 PM MDT


-  INDICATES NEGATIVE NUMBERS.
R  INDICATES RECORD WAS SET OR TIED.
MM INDICATES DATA IS MISSING.
T  INDICATES TRACE AMOUNT.




$$
