000
CDUS45 KRIW 310741
CLIRIW


CLIMATE REPORT
NATIONAL WEATHER SERVICE RIVERTON WY
131 AM MDT WED AUG 31 2016


...................................

...THE RIVERTON WY CLIMATE SUMMARY FOR AUGUST 30 2016...

CLIMATE NORMAL PERIOD 1981 TO 2010
CLIMATE RECORD PERIOD 1995 TO 2016


WEATHER ITEM   OBSERVED TIME   RECORD YEAR NORMAL DEPARTURE LAST
                VALUE   (LST)  VALUE       VALUE  FROM      YEAR
                                                  NORMAL
..................................................................
TEMPERATURE (F)
 YESTERDAY
  MAXIMUM         88    423 PM  92    2013  81      7       89
                                      2008
  MINIMUM         51    549 AM  45    2002  51      0       63
  AVERAGE         70                        66      4       76

PRECIPITATION (IN)
  YESTERDAY        0.00          0.60 2003   0.02  -0.02      T
  MONTH TO DATE    0.44                      0.55  -0.11     0.06
  SINCE JUN 1      0.83                      2.72  -1.89     1.95
  SINCE JAN 1      9.72                      6.80   2.92     8.80

SNOWFALL (IN)
  YESTERDAY        0.0                                       0.0
  MONTH TO DATE    0.0                                       0.0
  SINCE JUN 1      0.0                                        T
  SINCE JUL 1      0.0                                       0.0
  SNOW DEPTH       0

DEGREE DAYS
 HEATING
  YESTERDAY        0                         2     -2        0
  MONTH TO DATE   47                        24     23       25
  SINCE JUN 1     67                       155    -88       58
  SINCE JUL 1     51                        36     15       35

 COOLING
  YESTERDAY        5                         3      2       11
  MONTH TO DATE  148                       171    -23      186
  SINCE JUN 1    565                       457    108      471
  SINCE JAN 1    565                       466     99      471
..................................................................


WIND (MPH)
  HIGHEST WIND SPEED     9   HIGHEST WIND DIRECTION    SW (220)
  HIGHEST GUST SPEED    13   HIGHEST GUST DIRECTION     E (70)
  AVERAGE WIND SPEED     4.8


SKY COVER
  POSSIBLE SUNSHINE  MM
  AVERAGE SKY COVER 0.0


WEATHER CONDITIONS
 THE FOLLOWING WEATHER WAS RECORDED YESTERDAY.
  NO SIGNIFICANT WEATHER WAS OBSERVED.


RELATIVE HUMIDITY (PERCENT)
 HIGHEST    63           600 AM
 LOWEST     12           200 PM
 AVERAGE    38

..........................................................


THE RIVERTON WY CLIMATE NORMALS FOR TODAY
                         NORMAL    RECORD    YEAR
 MAXIMUM TEMPERATURE (F)   80        92      2011
                                             1996
 MINIMUM TEMPERATURE (F)   50        40      2010
                                             2005


SUNRISE AND SUNSET
AUGUST 31 2016........SUNRISE   638 AM MDT   SUNSET   749 PM MDT
SEPTEMBER  1 2016.....SUNRISE   639 AM MDT   SUNSET   748 PM MDT


-  INDICATES NEGATIVE NUMBERS.
R  INDICATES RECORD WAS SET OR TIED.
MM INDICATES DATA IS MISSING.
T  INDICATES TRACE AMOUNT.




$$
