000
CDUS45 KRIW 240731
CLIRIW


CLIMATE REPORT
NATIONAL WEATHER SERVICE RIVERTON WY
128 AM MDT WED MAY 24 2017


...................................

...THE RIVERTON WY CLIMATE SUMMARY FOR MAY 23 2017...

CLIMATE NORMAL PERIOD 1981 TO 2010
CLIMATE RECORD PERIOD 1995 TO 2017


WEATHER ITEM   OBSERVED TIME   RECORD YEAR NORMAL DEPARTURE LAST
                VALUE   (LST)  VALUE       VALUE  FROM      YEAR
                                                  NORMAL
..................................................................
TEMPERATURE (F)
 YESTERDAY
  MAXIMUM         66    534 PM  84    2003  70     -4       64
  MINIMUM         37    521 AM  28    2002  43     -6       36
  AVERAGE         52                        56     -4       50

PRECIPITATION (IN)
  YESTERDAY        0.00          0.63 2015   0.06  -0.06     0.00
  MONTH TO DATE    1.30                      1.34  -0.04     2.65
  SINCE MAR 1      8.20                      3.19   5.01     8.09
  SINCE JAN 1     10.06                      3.70   6.36     8.77

SNOWFALL (IN)
  YESTERDAY        0.0                                       0.0
  MONTH TO DATE    4.2                                        T
  SINCE MAR 1     18.7                                      34.2
  SINCE JUL 1     66.4                                      62.4
  SNOW DEPTH       0

DEGREE DAYS
 HEATING
  YESTERDAY       13                         9      4       15
  MONTH TO DATE  295                       287      8      326
  SINCE MAR 1   1626                      1829   -203     1698
  SINCE JUL 1   7500                      7683   -183     7019

 COOLING
  YESTERDAY        0                         0      0        0
  MONTH TO DATE    0                         0      0        0
  SINCE MAR 1      0                         0      0        0
  SINCE JAN 1      0                         0      0        0
..................................................................


WIND (MPH)
  HIGHEST WIND SPEED    14   HIGHEST WIND DIRECTION     W (280)
  HIGHEST GUST SPEED    17   HIGHEST GUST DIRECTION     W (270)
  AVERAGE WIND SPEED     5.8


SKY COVER
  POSSIBLE SUNSHINE  MM
  AVERAGE SKY COVER 0.0


WEATHER CONDITIONS
 THE FOLLOWING WEATHER WAS RECORDED YESTERDAY.
  NO SIGNIFICANT WEATHER WAS OBSERVED.


RELATIVE HUMIDITY (PERCENT)
 HIGHEST    92           500 AM
 LOWEST     25           100 PM
 AVERAGE    59

..........................................................


THE RIVERTON WY CLIMATE NORMALS FOR TODAY
                         NORMAL    RECORD    YEAR
 MAXIMUM TEMPERATURE (F)   70        81      2003
 MINIMUM TEMPERATURE (F)   43        28      2002


SUNRISE AND SUNSET
MAY 24 2017...........SUNRISE   542 AM MDT   SUNSET   840 PM MDT
MAY 25 2017...........SUNRISE   541 AM MDT   SUNSET   841 PM MDT


-  INDICATES NEGATIVE NUMBERS.
R  INDICATES RECORD WAS SET OR TIED.
MM INDICATES DATA IS MISSING.
T  INDICATES TRACE AMOUNT.




$$
