000
CDUS45 KRIW 200731
CLIRIW


CLIMATE REPORT
NATIONAL WEATHER SERVICE RIVERTON WY
128 AM MDT FRI OCT 20 2017


...................................

...THE RIVERTON WY CLIMATE SUMMARY FOR OCTOBER 19 2017...

CLIMATE NORMAL PERIOD 1981 TO 2010
CLIMATE RECORD PERIOD 1995 TO 2017


WEATHER ITEM   OBSERVED TIME   RECORD YEAR NORMAL DEPARTURE LAST
                VALUE   (LST)  VALUE       VALUE  FROM      YEAR
                                                  NORMAL
..................................................................
TEMPERATURE (F)
 YESTERDAY
  MAXIMUM         68    427 PM  71    2003  57     11       50
  MINIMUM         37    600 AM  23    1999  32      5       31
  AVERAGE         53                        44      9       41

PRECIPITATION (IN)
  YESTERDAY        0.00          T    2009   0.02  -0.02     0.00
                                      2009
                                      2015
  MONTH TO DATE    0.57                      0.75  -0.18     1.36
  SINCE SEP 1      2.30                      1.65   0.65     3.34
  SINCE JAN 1     13.75                      8.47   5.28    13.06

SNOWFALL (IN)
  YESTERDAY        0.0                                       0.0
  MONTH TO DATE    2.4                                       0.1
  SINCE SEP 1      2.4                                       0.1
  SINCE JUL 1      2.4                                       0.1
  SNOW DEPTH       0

DEGREE DAYS
 HEATING
  YESTERDAY       12                        21     -9       24
  MONTH TO DATE  391                       330     61      311
  SINCE SEP 1    675                       556    119      519
  SINCE JUL 1    682                       594     88      570

 COOLING
  YESTERDAY        0                         0      0        0
  MONTH TO DATE    0                         0      0        0
  SINCE SEP 1     67                        26     41       35
  SINCE JAN 1    547                       494     53      605
..................................................................


WIND (MPH)
  HIGHEST WIND SPEED    14   HIGHEST WIND DIRECTION     W (280)
  HIGHEST GUST SPEED    14   HIGHEST GUST DIRECTION     W (280)
  AVERAGE WIND SPEED     5.8


SKY COVER
  POSSIBLE SUNSHINE  MM
  AVERAGE SKY COVER 0.0


WEATHER CONDITIONS
 THE FOLLOWING WEATHER WAS RECORDED YESTERDAY.
  NO SIGNIFICANT WEATHER WAS OBSERVED.


RELATIVE HUMIDITY (PERCENT)
 HIGHEST    48           700 AM
 LOWEST     15           400 PM
 AVERAGE    32

..........................................................


THE RIVERTON WY CLIMATE NORMALS FOR TODAY
                         NORMAL    RECORD    YEAR
 MAXIMUM TEMPERATURE (F)   56        76      2003
 MINIMUM TEMPERATURE (F)   31        20      1995


SUNRISE AND SUNSET
OCTOBER 20 2017.......SUNRISE   734 AM MDT   SUNSET   623 PM MDT
OCTOBER 21 2017.......SUNRISE   735 AM MDT   SUNSET   621 PM MDT


-  INDICATES NEGATIVE NUMBERS.
R  INDICATES RECORD WAS SET OR TIED.
MM INDICATES DATA IS MISSING.
T  INDICATES TRACE AMOUNT.




$$
