000
CDUS45 KRIW 190727
CLIRIW


CLIMATE REPORT
NATIONAL WEATHER SERVICE RIVERTON WY
127 AM MDT SAT AUG 19 2017


...................................

...THE RIVERTON WY CLIMATE SUMMARY FOR AUGUST 18 2017...

CLIMATE NORMAL PERIOD 1981 TO 2010
CLIMATE RECORD PERIOD 1995 TO 2017


WEATHER ITEM   OBSERVED TIME   RECORD YEAR NORMAL DEPARTURE LAST
                VALUE   (LST)  VALUE       VALUE  FROM      YEAR
                                                  NORMAL
..................................................................
TEMPERATURE (F)
 YESTERDAY
  MAXIMUM         86    353 PM  96    2010  85      1       76
  MINIMUM         51    549 AM  44    2015  54     -3       51
  AVERAGE         69                        70     -1       64

PRECIPITATION (IN)
  YESTERDAY        0.00          0.65 2004   0.02  -0.02     0.16
  MONTH TO DATE    0.92                      0.33   0.59     0.22
  SINCE JUN 1      1.27                      2.50  -1.23     0.61
  SINCE JAN 1     11.43                      6.58   4.85     9.50

SNOWFALL (IN)
  YESTERDAY        0.0                                       0.0
  MONTH TO DATE    0.0                                       0.0
  SINCE JUN 1      0.0                                       0.0
  SINCE JUL 1      0.0                                       0.0
  SNOW DEPTH       0

DEGREE DAYS
 HEATING
  YESTERDAY        0                         1     -1        1
  MONTH TO DATE    7                         8     -1        2
  SINCE JUN 1     76                       139    -63       22
  SINCE JUL 1      7                        20    -13        6

 COOLING
  YESTERDAY        4                         5     -1        0
  MONTH TO DATE   51                       125    -74      119
  SINCE JUN 1    398                       411    -13      536
  SINCE JAN 1    398                       420    -22      536
..................................................................


WIND (MPH)
  HIGHEST WIND SPEED    16   HIGHEST WIND DIRECTION     W (280)
  HIGHEST GUST SPEED    19   HIGHEST GUST DIRECTION     W (290)
  AVERAGE WIND SPEED     6.6


SKY COVER
  POSSIBLE SUNSHINE  MM
  AVERAGE SKY COVER 0.0


WEATHER CONDITIONS
 THE FOLLOWING WEATHER WAS RECORDED YESTERDAY.
  NO SIGNIFICANT WEATHER WAS OBSERVED.


RELATIVE HUMIDITY (PERCENT)
 HIGHEST    64           300 AM
 LOWEST     11           300 PM
 AVERAGE    38

..........................................................


THE RIVERTON WY CLIMATE NORMALS FOR TODAY
                         NORMAL    RECORD    YEAR
 MAXIMUM TEMPERATURE (F)   85        96      2013
 MINIMUM TEMPERATURE (F)   54        43      2002


SUNRISE AND SUNSET
AUGUST 19 2017........SUNRISE   624 AM MDT   SUNSET   809 PM MDT
AUGUST 20 2017........SUNRISE   625 AM MDT   SUNSET   808 PM MDT


-  INDICATES NEGATIVE NUMBERS.
R  INDICATES RECORD WAS SET OR TIED.
MM INDICATES DATA IS MISSING.
T  INDICATES TRACE AMOUNT.




$$
