000
CDUS45 KRIW 290740
CLIRIW


CLIMATE REPORT
NATIONAL WEATHER SERVICE RIVERTON WY
1239 AM MST THU JAN 29 2015


...................................

...THE RIVERTON WY CLIMATE SUMMARY FOR JANUARY 28 2015...

CLIMATE NORMAL PERIOD 1981 TO 2010
CLIMATE RECORD PERIOD 1995 TO 2015


WEATHER ITEM   OBSERVED TIME   RECORD YEAR NORMAL DEPARTURE LAST
                VALUE   (LST)  VALUE       VALUE  FROM      YEAR
                                                  NORMAL
..................................................................
TEMPERATURE (F)
 YESTERDAY
  MAXIMUM         44   1040 AM  46    2005  32     12       24
  MINIMUM         29    519 AM  -7    2007   9     20       -1
  AVERAGE         37                        20     17       12

PRECIPITATION (IN)
  YESTERDAY        T             0.07 2002   0.01  -0.01     0.00
  MONTH TO DATE    0.03                      0.22  -0.19     0.68
  SINCE DEC 1      0.68                      0.54   0.14     0.96
  SINCE JAN 1      0.03                      0.22  -0.19     0.68

SNOWFALL (IN)
  YESTERDAY        T                                         0.0
  MONTH TO DATE    0.4                                      11.1
  SINCE DEC 1      7.3                                      17.9
  SINCE JUL 1     12.8                                      44.2
  SNOW DEPTH       T

DEGREE DAYS
 HEATING
  YESTERDAY       28                        45    -17       53
  MONTH TO DATE 1216                      1266    -50     1187
  SINCE DEC 1   2520                      2667   -147     2593
  SINCE JUL 1   4297                      4583   -286     4491

 COOLING
  YESTERDAY        0                         0      0        0
  MONTH TO DATE    0                         0      0        0
  SINCE DEC 1      0                         0      0        0
  SINCE JAN 1      0                         0      0        0
..................................................................


WIND (MPH)
  HIGHEST WIND SPEED    13   HIGHEST WIND DIRECTION     W (250)
  HIGHEST GUST SPEED    16   HIGHEST GUST DIRECTION    NW (300)
  AVERAGE WIND SPEED     6.1


SKY COVER
  POSSIBLE SUNSHINE  MM
  AVERAGE SKY COVER 0.7


WEATHER CONDITIONS
 THE FOLLOWING WEATHER WAS RECORDED YESTERDAY.
  LIGHT RAIN


RELATIVE HUMIDITY (PERCENT)
 HIGHEST    82          1200 AM
 LOWEST     59           900 PM
 AVERAGE    71

..........................................................


THE RIVERTON WY CLIMATE NORMALS FOR TODAY
                         NORMAL    RECORD    YEAR
 MAXIMUM TEMPERATURE (F)   32        47      2012
 MINIMUM TEMPERATURE (F)    9        -6      2002


SUNRISE AND SUNSET
JANUARY 29 2015.......SUNRISE   732 AM MST   SUNSET   522 PM MST
JANUARY 30 2015.......SUNRISE   731 AM MST   SUNSET   523 PM MST


-  INDICATES NEGATIVE NUMBERS.
R  INDICATES RECORD WAS SET OR TIED.
MM INDICATES DATA IS MISSING.
T  INDICATES TRACE AMOUNT.




$$
