000
CDUS45 KRIW 090037
CLIRIW


CLIMATE REPORT
NATIONAL WEATHER SERVICE RIVERTON WY
536 PM MST MON FEB 8 2016


...................................

...THE RIVERTON WY CLIMATE SUMMARY FOR FEBRUARY 8 2016...
VALID TODAY AS OF 0500 PM LOCAL TIME.

CLIMATE NORMAL PERIOD 1981 TO 2010
CLIMATE RECORD PERIOD 1995 TO 2016


WEATHER ITEM   OBSERVED TIME   RECORD YEAR NORMAL DEPARTURE LAST
                VALUE   (LST)  VALUE       VALUE  FROM      YEAR
                                                  NORMAL
..................................................................
TEMPERATURE (F)
 TODAY
  MAXIMUM         37        MM  58    1996  33      4       57
  MINIMUM         12        MM -15    2001  11      1       35
  AVERAGE         25                        22      3       46

PRECIPITATION (IN)
  TODAY            0.00          0.08 2013   0.01  -0.01     0.00
  MONTH TO DATE    0.24                      0.06   0.18     0.29
  SINCE DEC 1      0.72                      0.62   0.10     0.97
  SINCE JAN 1      0.64                      0.30   0.34     0.32

SNOWFALL (IN)
  TODAY            0.0                                       0.0
  MONTH TO DATE    2.6                                       3.8
  SINCE DEC 1     10.1                                      11.1
  SINCE JUL 1     28.2                                      16.6
  SNOW DEPTH       2

DEGREE DAYS
 HEATING
  TODAY           40                        43     -3       19
  MONTH TO DATE  357                       349      8      238
  SINCE DEC 1   3199                      3148     51     2853
  SINCE JUL 1   4738                      5064   -326     4630

 COOLING
  TODAY            0                         0      0        0
  MONTH TO DATE    0                         0      0        0
  SINCE DEC 1      0                         0      0        0
  SINCE JAN 1      0                         0      0        0
..................................................................


WIND (MPH)
  HIGHEST WIND SPEED    10   HIGHEST WIND DIRECTION     W (250)
  HIGHEST GUST SPEED    MM   HIGHEST GUST DIRECTION    MM
  AVERAGE WIND SPEED     4.4


SKY COVER
  POSSIBLE SUNSHINE  MM
  AVERAGE SKY COVER 0.0


WEATHER CONDITIONS
 THE FOLLOWING WEATHER WAS RECORDED TODAY.
  NO SIGNIFICANT WEATHER WAS OBSERVED.


RELATIVE HUMIDITY (PERCENT)
 HIGHEST    84           800 AM
 LOWEST     56           200 PM
 AVERAGE    70

..........................................................


THE RIVERTON WY CLIMATE NORMALS FOR TOMORROW
                         NORMAL    RECORD    YEAR
 MAXIMUM TEMPERATURE (F)   34        61      1996
 MINIMUM TEMPERATURE (F)   11       -18      2001


SUNRISE AND SUNSET
FEBRUARY  8 2016......SUNRISE   721 AM MST   SUNSET   535 PM MST
FEBRUARY  9 2016......SUNRISE   720 AM MST   SUNSET   537 PM MST


-  INDICATES NEGATIVE NUMBERS.
R  INDICATES RECORD WAS SET OR TIED.
MM INDICATES DATA IS MISSING.
T  INDICATES TRACE AMOUNT.




$$
