000
CDUS45 KRIW 300733
CLIRIW


CLIMATE REPORT
NATIONAL WEATHER SERVICE RIVERTON WY
132 AM MDT TUE SEP 30 2014


...................................

...THE RIVERTON WY CLIMATE SUMMARY FOR SEPTEMBER 29 2014...

CLIMATE NORMAL PERIOD 1981 TO 2010
CLIMATE RECORD PERIOD 1995 TO 2014


WEATHER ITEM   OBSERVED TIME   RECORD YEAR NORMAL DEPARTURE LAST
                VALUE   (LST)  VALUE       VALUE  FROM      YEAR
                                                  NORMAL
..................................................................
TEMPERATURE (F)
 YESTERDAY
  MAXIMUM         63    416 PM  83    2009  66     -3       66
  MINIMUM         45    656 AM  29    1999  39      6       37
  AVERAGE         54                        52      2       52

PRECIPITATION (IN)
  YESTERDAY        T             0.36 2004   0.04  -0.04     0.00
  MONTH TO DATE    0.78                      0.86  -0.08     3.01
  SINCE SEP 1      0.78                      0.86  -0.08     3.01
  SINCE JAN 1      6.15                      7.68  -1.53     7.07

SNOWFALL (IN)
  YESTERDAY        0.0                                       0.0
  MONTH TO DATE    0.3                                       7.3
  SINCE SEP 1      0.3                                       7.3
  SINCE JUL 1      0.3                                       7.3
  SNOW DEPTH       0

DEGREE DAYS
 HEATING
  YESTERDAY       11                        13     -2       13
  MONTH TO DATE  161                       213    -52      181
  SINCE SEP 1    161                       213    -52      181
  SINCE JUL 1    211                       251    -40      181

 COOLING
  YESTERDAY        0                         0      0        0
  MONTH TO DATE   31                        24      7       68
  SINCE SEP 1     31                        24      7       68
  SINCE JAN 1    431                       492    -61      798
..................................................................


WIND (MPH)
  HIGHEST WIND SPEED    21   HIGHEST WIND DIRECTION     W (290)
  HIGHEST GUST SPEED    27   HIGHEST GUST DIRECTION     W (290)
  AVERAGE WIND SPEED     7.3


SKY COVER
  POSSIBLE SUNSHINE  MM
  AVERAGE SKY COVER 0.4


WEATHER CONDITIONS
 THE FOLLOWING WEATHER WAS RECORDED YESTERDAY.
  LIGHT RAIN
  FOG
  FOG W/VISIBILITY <= 1/4 MILE


RELATIVE HUMIDITY (PERCENT)
 HIGHEST   100           300 AM
 LOWEST     46           500 PM
 AVERAGE    73

..........................................................


THE RIVERTON WY CLIMATE NORMALS FOR TODAY
                         NORMAL    RECORD    YEAR
 MAXIMUM TEMPERATURE (F)   65        81      2005
 MINIMUM TEMPERATURE (F)   38        32      2009


SUNRISE AND SUNSET
SEPTEMBER 30 2014.....SUNRISE   710 AM MDT   SUNSET   657 PM MDT
OCTOBER  1 2014.......SUNRISE   711 AM MDT   SUNSET   655 PM MDT


-  INDICATES NEGATIVE NUMBERS.
R  INDICATES RECORD WAS SET OR TIED.
MM INDICATES DATA IS MISSING.
T  INDICATES TRACE AMOUNT.




$$
