000
CDUS45 KRIW 050045
CLIRIW


CLIMATE REPORT
NATIONAL WEATHER SERVICE RIVERTON WY
644 PM MDT TUE AUG 4 2015


...................................

...THE RIVERTON WY CLIMATE SUMMARY FOR AUGUST 4 2015...
VALID TODAY AS OF 0500 PM LOCAL TIME.

CLIMATE NORMAL PERIOD 1981 TO 2010
CLIMATE RECORD PERIOD 1995 TO 2015


WEATHER ITEM   OBSERVED TIME   RECORD YEAR NORMAL DEPARTURE LAST
                VALUE   (LST)  VALUE       VALUE  FROM      YEAR
                                                  NORMAL
..................................................................
TEMPERATURE (F)
 TODAY
  MAXIMUM         82        MM  93    2013  88     -6       80
                                      2009
  MINIMUM         57    400 AM  45    2012  57      0       58
  AVERAGE         70                        73     -3       69

PRECIPITATION (IN)
  TODAY            0.00          0.24 2011   0.02  -0.02     0.08
  MONTH TO DATE    0.02                      0.07  -0.05     0.08
  SINCE JUN 1      1.91                      2.24  -0.33     1.98
  SINCE JAN 1      8.76                      6.32   2.44     4.30

SNOWFALL (IN)
  TODAY            0.0                                       0.0
  MONTH TO DATE    0.0                                       0.0
  SINCE JUN 1      T                                         0.0
  SINCE JUL 1      0.0                                       0.0
  SNOW DEPTH       0

DEGREE DAYS
 HEATING
  TODAY            0                         0      0        0
  MONTH TO DATE    0                         0      0        0
  SINCE JUN 1     33                       131    -98      130
  SINCE JUL 1     10                        12     -2        4

 COOLING
  TODAY            5                         8     -3        4
  MONTH TO DATE   34                        32      2       27
  SINCE JUN 1    319                       318      1      288
  SINCE JAN 1    319                       327     -8      303
..................................................................


WIND (MPH)
  HIGHEST WIND SPEED    15   HIGHEST WIND DIRECTION    NE (40)
  HIGHEST GUST SPEED    25   HIGHEST GUST DIRECTION     E (100)
  AVERAGE WIND SPEED     9.0


SKY COVER
  POSSIBLE SUNSHINE  MM
  AVERAGE SKY COVER 0.5


WEATHER CONDITIONS
 THE FOLLOWING WEATHER WAS RECORDED TODAY.
  NO SIGNIFICANT WEATHER WAS OBSERVED.


RELATIVE HUMIDITY (PERCENT)
 HIGHEST   100           300 AM
 LOWEST     30          1200 PM
 AVERAGE    65

..........................................................


THE RIVERTON WY CLIMATE NORMALS FOR TOMORROW
                         NORMAL    RECORD    YEAR
 MAXIMUM TEMPERATURE (F)   88        94      2001
 MINIMUM TEMPERATURE (F)   57        49      2012


SUNRISE AND SUNSET
AUGUST  4 2015........SUNRISE   608 AM MDT   SUNSET   832 PM MDT
AUGUST  5 2015........SUNRISE   609 AM MDT   SUNSET   830 PM MDT


-  INDICATES NEGATIVE NUMBERS.
R  INDICATES RECORD WAS SET OR TIED.
MM INDICATES DATA IS MISSING.
T  INDICATES TRACE AMOUNT.




$$
