000
CDUS45 KRIW 120741
CLIRIW


CLIMATE REPORT
NATIONAL WEATHER SERVICE RIVERTON WY
134 AM MDT SAT JUL 12 2014


...................................

...THE RIVERTON WY CLIMATE SUMMARY FOR JULY 11 2014...

CLIMATE NORMAL PERIOD 1981 TO 2010
CLIMATE RECORD PERIOD 1995 TO 2014


WEATHER ITEM   OBSERVED TIME   RECORD YEAR NORMAL DEPARTURE LAST
                VALUE   (LST)  VALUE       VALUE  FROM      YEAR
                                                  NORMAL
..................................................................
TEMPERATURE (F)
 YESTERDAY
  MAXIMUM         80    202 PM  96    2013  87     -7       96
  MINIMUM         60   1159 PM  52    2000  56      4       62
  AVERAGE         70                        71     -1       79

PRECIPITATION (IN)
  YESTERDAY        0.22R         0.05 2010   0.03   0.19      T
  MONTH TO DATE    0.38                      0.39  -0.01     0.27
  SINCE JUN 1      1.50                      1.67  -0.17     0.32
  SINCE JAN 1      3.82                      5.75  -1.93     3.76

SNOWFALL (IN)
  YESTERDAY        0.0                                       0.0
  MONTH TO DATE    0.0                                       0.0
  SINCE JUN 1      0.0                                       0.0
  SINCE JUL 1      0.0                                       0.0
  SNOW DEPTH       0

DEGREE DAYS
 HEATING
  YESTERDAY        0                         0      0        0
  MONTH TO DATE    4                         8     -4        0
  SINCE JUN 1    130                       127      3       52
  SINCE JUL 1      4                         8     -4        0

 COOLING
  YESTERDAY        5                         7     -2       14
  MONTH TO DATE   81                        63     18      109
  SINCE JUN 1    104                       129    -25      246
  SINCE JAN 1    119                       138    -19      259
..................................................................


WIND (MPH)
  HIGHEST WIND SPEED    24   HIGHEST WIND DIRECTION    NE (50)
  HIGHEST GUST SPEED    28   HIGHEST GUST DIRECTION    NE (50)
  AVERAGE WIND SPEED     7.3


SKY COVER
  POSSIBLE SUNSHINE  MM
  AVERAGE SKY COVER 0.4


WEATHER CONDITIONS
 THE FOLLOWING WEATHER WAS RECORDED YESTERDAY.
  RAIN
  LIGHT RAIN
  FOG


RELATIVE HUMIDITY (PERCENT)
 HIGHEST   100          1000 PM
 LOWEST     39          1100 AM
 AVERAGE    70

..........................................................


THE RIVERTON WY CLIMATE NORMALS FOR TODAY
                         NORMAL    RECORD    YEAR
 MAXIMUM TEMPERATURE (F)   87        99      2002
 MINIMUM TEMPERATURE (F)   56        43      2008


SUNRISE AND SUNSET
JULY 12 2014..........SUNRISE   546 AM MDT   SUNSET   853 PM MDT
JULY 13 2014..........SUNRISE   547 AM MDT   SUNSET   852 PM MDT


-  INDICATES NEGATIVE NUMBERS.
R  INDICATES RECORD WAS SET OR TIED.
MM INDICATES DATA IS MISSING.
T  INDICATES TRACE AMOUNT.




$$
