000
CDUS45 KRIW 230743
CLIRIW


CLIMATE REPORT
NATIONAL WEATHER SERVICE RIVERTON WY
1241 AM MST MON JAN 23 2017


...................................

...THE RIVERTON WY CLIMATE SUMMARY FOR JANUARY 22 2017...

CLIMATE NORMAL PERIOD 1981 TO 2010
CLIMATE RECORD PERIOD 1995 TO 2017


WEATHER ITEM   OBSERVED TIME   RECORD YEAR NORMAL DEPARTURE LAST
                VALUE   (LST)  VALUE       VALUE  FROM      YEAR
                                                  NORMAL
..................................................................
TEMPERATURE (F)
 YESTERDAY
  MAXIMUM         22   1100 PM  49    2009  31     -9       30
  MINIMUM         MM        MM -25    2008   9     MM       13
  AVERAGE         MM                        20     MM       22

PRECIPITATION (IN)
  YESTERDAY        T             0.17 2010   0.00   0.00     0.00
  MONTH TO DATE    0.34                      0.17   0.17     0.33
  SINCE DEC 1      1.11                      0.49   0.62     0.41
  SINCE JAN 1      0.34                      0.17   0.17     0.33

SNOWFALL (IN)
  YESTERDAY        T                                         0.0
  MONTH TO DATE    5.9                                       4.2
  SINCE DEC 1     18.5                                       6.4
  SINCE JUL 1     22.9                                      24.5
  SNOW DEPTH       4

DEGREE DAYS
 HEATING
  YESTERDAY       MM                        45     MM       43
  MONTH TO DATE 1139                       996    143     1066
  SINCE DEC 1   2669                      2397    272     2466
  SINCE JUL 1   4265                      4313    -48     4005

 COOLING
  YESTERDAY       MM                         0     MM        0
  MONTH TO DATE    0                         0      0        0
  SINCE DEC 1      0                         0      0        0
  SINCE JAN 1      0                         0      0        0
..................................................................


WIND (MPH)
  HIGHEST WIND SPEED    10   HIGHEST WIND DIRECTION    SW (220)
  HIGHEST GUST SPEED    MM   HIGHEST GUST DIRECTION    MM
  AVERAGE WIND SPEED     5.1


SKY COVER
  POSSIBLE SUNSHINE  MM
  AVERAGE SKY COVER 0.2


WEATHER CONDITIONS
 THE FOLLOWING WEATHER WAS RECORDED YESTERDAY.
  LIGHT SNOW


RELATIVE HUMIDITY (PERCENT)
 HIGHEST    80           600 PM
 LOWEST     68           400 PM
 AVERAGE    74

..........................................................


THE RIVERTON WY CLIMATE NORMALS FOR TODAY
                         NORMAL    RECORD    YEAR
 MAXIMUM TEMPERATURE (F)   31        45      2004
 MINIMUM TEMPERATURE (F)    9       -10      2008


SUNRISE AND SUNSET
JANUARY 23 2017.......SUNRISE   737 AM MST   SUNSET   515 PM MST
JANUARY 24 2017.......SUNRISE   736 AM MST   SUNSET   516 PM MST


-  INDICATES NEGATIVE NUMBERS.
R  INDICATES RECORD WAS SET OR TIED.
MM INDICATES DATA IS MISSING.
T  INDICATES TRACE AMOUNT.




$$
