490
CDUS42 KFFC 200818
CLIRMG


CLIMATE REPORT
NATIONAL WEATHER SERVICE PEACHTREE CITY GA
418 AM EDT FRI OCT 20 2017


...................................

...THE ROME  CLIMATE SUMMARY FOR OCTOBER 19 2017...

CLIMATE NORMAL PERIOD 1981 TO 2010
CLIMATE RECORD PERIOD 9999 TO 9999


WEATHER ITEM   OBSERVED TIME   RECORD YEAR NORMAL DEPARTURE LAST
                VALUE   (LST)  VALUE       VALUE  FROM      YEAR
                                                  NORMAL
..................................................................
TEMPERATURE (F)
 YESTERDAY
  MAXIMUM         75    403 PM  MM      MM  73      2       91
  MINIMUM         40    641 AM  MM      MM  47     -7       67
  AVERAGE         58                        60     -2       79

PRECIPITATION (IN)
  YESTERDAY        0.00         MM      MM   0.12  -0.12     0.00
  MONTH TO DATE    3.48                      2.43   1.05     0.01
  SINCE SEP 1      8.08                      5.84   2.24     0.25
  SINCE JAN 1     46.56                     41.26   5.30    27.52

SNOWFALL (IN)
  YESTERDAY        0.0          MM      MM  MM     MM       MM
  MONTH TO DATE    0.0                      MM     MM        0.0
  SINCE SEP 1      0.0                      MM     MM        0.0
  SINCE JUL 1      0.0                      MM     MM        0.0
  SNOW DEPTH       0

DEGREE DAYS
 HEATING
  YESTERDAY        7                         6      1        0
  MONTH TO DATE   29                        69    -40       14
  SINCE SEP 1     38                        83    -45       17
  SINCE JUL 1     38                        83    -45       17

 COOLING
  YESTERDAY        0                         1     -1       14
  MONTH TO DATE  105                        35     70       91
  SINCE SEP 1    341                       259     82      480
  SINCE JAN 1   1954                      1625    329     2225
..................................................................


WIND (MPH)
  RESULTANT WIND SPEED   0   RESULTANT WIND DIRECTION  NE (40)
  HIGHEST WIND SPEED     8   HIGHEST WIND DIRECTION     N (350)
  HIGHEST GUST SPEED    10   HIGHEST GUST DIRECTION     N (360)
  AVERAGE WIND SPEED     0.7


SKY COVER
  AVERAGE SKY COVER 0.0


WEATHER CONDITIONS
 THE FOLLOWING WEATHER WAS RECORDED YESTERDAY.
  FOG
  HAZE


RELATIVE HUMIDITY (PERCENT)
 HIGHEST   100          1200 AM
 LOWEST     33           300 PM
 AVERAGE    67

..........................................................


THE ROME  CLIMATE NORMALS FOR TODAY
                         NORMAL    RECORD    YEAR
 MAXIMUM TEMPERATURE (F)   73        MM        MM
 MINIMUM TEMPERATURE (F)   47        MM        MM


SUNRISE AND SUNSET
OCTOBER 20 2017.......SUNRISE   750 AM EDT   SUNSET   700 PM EDT
OCTOBER 21 2017.......SUNRISE   751 AM EDT   SUNSET   659 PM EDT


-  INDICATES NEGATIVE NUMBERS.
R  INDICATES RECORD WAS SET OR TIED.
MM INDICATES DATA IS MISSING.
T  INDICATES TRACE AMOUNT.




$$
