000
CDUS42 KFFC 030820
CLIRMG


CLIMATE REPORT
NATIONAL WEATHER SERVICE PEACHTREE CITY GA
419 AM EDT WED JUN 3 2015


...................................

...THE ROME  CLIMATE SUMMARY FOR JUNE 2 2015...

CLIMATE NORMAL PERIOD 1981 TO 2010
CLIMATE RECORD PERIOD 9999 TO 9999


WEATHER ITEM   OBSERVED TIME   RECORD YEAR NORMAL DEPARTURE LAST
                VALUE   (LST)  VALUE       VALUE  FROM      YEAR
                                                  NORMAL
..................................................................
TEMPERATURE (F)
 YESTERDAY
  MAXIMUM         81    522 PM  MM      MM  85     -4       82
  MINIMUM         63   1159 PM  MM      MM  61      2       65
  AVERAGE         72                        73     -1       74

PRECIPITATION (IN)
  YESTERDAY        0.46         MM      MM   0.13   0.33     0.00
  MONTH TO DATE    0.61                      0.28   0.33     0.00
  SINCE JUN 1      0.61                      0.28   0.33     0.00
  SINCE JAN 1     20.25                     23.15  -2.90    24.49

DEGREE DAYS
 COOLING
  YESTERDAY        7                         8     -1        9
  MONTH TO DATE   15                        16     -1       19
  SINCE JUN 1     15                        16     -1       19
  SINCE JAN 1    272                       184     88      220
..................................................................


WIND (MPH)
  RESULTANT WIND SPEED   0   RESULTANT WIND DIRECTION  SW (210)
  HIGHEST WIND SPEED    14   HIGHEST WIND DIRECTION     E (70)
  HIGHEST GUST SPEED    16   HIGHEST GUST DIRECTION     E (90)
  AVERAGE WIND SPEED     2.4


SKY COVER
  AVERAGE SKY COVER 0.6


WEATHER CONDITIONS
 THE FOLLOWING WEATHER WAS RECORDED YESTERDAY.
  THUNDERSTORM
  HEAVY RAIN
  LIGHT RAIN
  FOG


RELATIVE HUMIDITY (PERCENT)
 HIGHEST   100           400 AM
 LOWEST     58           400 PM
 AVERAGE    79

..........................................................


THE ROME  CLIMATE NORMALS FOR TODAY
                         NORMAL    RECORD    YEAR
 MAXIMUM TEMPERATURE (F)   85        MM        MM
 MINIMUM TEMPERATURE (F)   62        MM        MM


SUNRISE AND SUNSET
JUNE  3 2015..........SUNRISE   629 AM EDT   SUNSET   849 PM EDT
JUNE  4 2015..........SUNRISE   629 AM EDT   SUNSET   849 PM EDT


-  INDICATES NEGATIVE NUMBERS.
R  INDICATES RECORD WAS SET OR TIED.
MM INDICATES DATA IS MISSING.
T  INDICATES TRACE AMOUNT.




$$
