000
CDUS42 KFFC 160819
CLIRMG


CLIMATE REPORT
NATIONAL WEATHER SERVICE PEACHTREE CITY GA
419 AM EDT WED AUG 16 2017


...................................

...THE ROME  CLIMATE SUMMARY FOR AUGUST 15 2017...

CLIMATE NORMAL PERIOD 1981 TO 2010
CLIMATE RECORD PERIOD 9999 TO 9999


WEATHER ITEM   OBSERVED TIME   RECORD YEAR NORMAL DEPARTURE LAST
                VALUE   (LST)  VALUE       VALUE  FROM      YEAR
                                                  NORMAL
..................................................................
TEMPERATURE (F)
 YESTERDAY
  MAXIMUM         91    443 PM  MM      MM  90      1       93
  MINIMUM         74    600 AM  MM      MM  68      6       71
  AVERAGE         83                        79      4       82

PRECIPITATION (IN)
  YESTERDAY        0.01         MM      MM   0.13  -0.12     0.66
  MONTH TO DATE    2.26                      2.03   0.23     2.94
  SINCE JUN 1      9.72                     10.45  -0.73     6.67
  SINCE JAN 1     37.67                     33.32   4.35    23.79

DEGREE DAYS
 COOLING
  YESTERDAY       18                        14      4       17
  MONTH TO DATE  218                       215      3      269
  SINCE JUN 1   1061                       991     70     1256
  SINCE JAN 1   1387                      1159    228     1481
..................................................................


WIND (MPH)
  RESULTANT WIND SPEED   2   RESULTANT WIND DIRECTION  SW (240)
  HIGHEST WIND SPEED    12   HIGHEST WIND DIRECTION     W (260)
  HIGHEST GUST SPEED    19   HIGHEST GUST DIRECTION    NW (320)
  AVERAGE WIND SPEED     3.3


SKY COVER
  AVERAGE SKY COVER 0.4


WEATHER CONDITIONS
 THE FOLLOWING WEATHER WAS RECORDED YESTERDAY.
  FOG


RELATIVE HUMIDITY (PERCENT)
 HIGHEST   100          1200 AM
 LOWEST     59           100 PM
 AVERAGE    80

..........................................................


THE ROME  CLIMATE NORMALS FOR TODAY
                         NORMAL    RECORD    YEAR
 MAXIMUM TEMPERATURE (F)   90        MM        MM
 MINIMUM TEMPERATURE (F)   68        MM        MM


SUNRISE AND SUNSET
AUGUST 16 2017........SUNRISE   703 AM EDT   SUNSET   827 PM EDT
AUGUST 17 2017........SUNRISE   703 AM EDT   SUNSET   825 PM EDT


-  INDICATES NEGATIVE NUMBERS.
R  INDICATES RECORD WAS SET OR TIED.
MM INDICATES DATA IS MISSING.
T  INDICATES TRACE AMOUNT.




$$
