000
CDUS41 KRNK 090829
CLIRNK


CLIMATE REPORT
NATIONAL WEATHER SERVICE BLACKSBURG VA
329 AM EST TUE FEB 9 2016


...................................

...THE BLACKSBURG VA CLIMATE SUMMARY FOR FEBRUARY 8 2016...

CLIMATE NORMAL PERIOD 1981 TO 2010
CLIMATE RECORD PERIOD 1952 TO 2016


WEATHER ITEM   OBSERVED RECORD YEAR NORMAL DEPARTURE LAST
                VALUE   VALUE       VALUE  FROM      YEAR
                                           NORMAL
...........................................................
TEMPERATURE (F)
 YESTERDAY
  MAXIMUM         41     63    2015  43     -2       63
  MINIMUM         21     -3    1967  23     -2       36
  AVERAGE         31                 33     -2       50

PRECIPITATION (IN)
  YESTERDAY        0.07   0.91 1965   0.09  -0.02     0.00
  MONTH TO DATE    1.29               0.79   0.50     0.31
  SINCE DEC 1      8.75               6.82   1.93     4.26
  SINCE JAN 1      3.73               3.87  -0.14     1.61

SNOWFALL (IN)
  YESTERDAY        0.5                                0.0
  MONTH TO DATE    0.5                                 T
  SINCE DEC 1     14.7                                1.6
  SINCE JUL 1     14.7                                4.0
  SNOW DEPTH       1

DEGREE DAYS
 HEATING
  YESTERDAY       34                 32      2       15
  MONTH TO DATE  222                259    -37      238
  SINCE DEC 1   1881               2266   -385     2096
  SINCE JUL 1   2769               3446   -677     3289

 COOLING
  YESTERDAY        0                  0      0        0
  MONTH TO DATE    0                  0      0        0
  SINCE DEC 1      0                  0      0        0
  SINCE JAN 1      0                  0      0        0
...........................................................


WIND (MPH)
  HIGHEST WIND SPEED    10   HIGHEST WIND DIRECTION    SW (210)
  HIGHEST GUST SPEED    17   HIGHEST GUST DIRECTION     W (290)
  AVERAGE WIND SPEED     2.2


SKY COVER
  AVERAGE SKY COVER 0.6


WEATHER CONDITIONS
 THE FOLLOWING WEATHER WAS RECORDED YESTERDAY.
  LIGHT RAIN
  LIGHT SNOW


RELATIVE HUMIDITY (PERCENT)
 HIGHEST   100           400 PM
 LOWEST     57           100 PM
 AVERAGE    79

..........................................................


THE BLACKSBURG VA CLIMATE NORMALS FOR TODAY
                         NORMAL    RECORD    YEAR
 MAXIMUM TEMPERATURE (F)   44        65      1965
 MINIMUM TEMPERATURE (F)   23         4      1967


SUNRISE AND SUNSET
FEBRUARY  9 2016......SUNRISE   718 AM EST   SUNSET   555 PM EST
FEBRUARY 10 2016......SUNRISE   717 AM EST   SUNSET   556 PM EST


-  INDICATES NEGATIVE NUMBERS.
R  INDICATES RECORD WAS SET OR TIED.
MM INDICATES DATA IS MISSING.
T  INDICATES TRACE AMOUNT.




$$
