000
CDUS41 KRNK 310916
CLIRNK


CLIMATE REPORT
NATIONAL WEATHER SERVICE BLACKSBURG VA
512 AM EDT SUN AUG 31 2014


...................................

...THE BLACKSBURG VA CLIMATE SUMMARY FOR AUGUST 30 2014...

CLIMATE NORMAL PERIOD 1981 TO 2010
CLIMATE RECORD PERIOD 1952 TO 2014


WEATHER ITEM   OBSERVED TIME   RECORD YEAR NORMAL DEPARTURE LAST
                VALUE   (LST)  VALUE       VALUE  FROM      YEAR
                                                  NORMAL
..................................................................
TEMPERATURE (F)
 YESTERDAY
  MAXIMUM         85    200 PM  94    1953  80      5       81
  MINIMUM         64    400 AM  38    1986  57      7       61
  AVERAGE         75                        68      7       71

PRECIPITATION (IN)
  YESTERDAY        0.00          0.58 2001   0.11  -0.11     0.00
  MONTH TO DATE    5.95                      3.49   2.46     1.74
  SINCE JUN 1     10.94                     11.75  -0.81    17.46
  SINCE JAN 1     25.77                     29.09  -3.32    39.33

SNOWFALL (IN)
  YESTERDAY        0.0
  MONTH TO DATE    0.0
  SINCE JUN 1      T
  SINCE JUL 1      0.0
  SNOW DEPTH       0

DEGREE DAYS
 HEATING
  YESTERDAY        0                         1     -1        0
  MONTH TO DATE    3                         5     -2       21
  SINCE JUN 1     14                        49    -35       30
  SINCE JUL 1     11                        11      0       23

 COOLING
  YESTERDAY       10                         4      6        6
  MONTH TO DATE  116                       165    -49      139
  SINCE JUN 1    462                       480    -18      467
  SINCE JAN 1    520                       509     11      498
..................................................................


WIND (MPH)
  HIGHEST WIND SPEED    10   HIGHEST WIND DIRECTION    SW (230)
  HIGHEST GUST SPEED    MM   HIGHEST GUST DIRECTION    MM
  AVERAGE WIND SPEED     2.5


SKY COVER
  POSSIBLE SUNSHINE  MM
  AVERAGE SKY COVER 0.4


WEATHER CONDITIONS
 THE FOLLOWING WEATHER WAS RECORDED YESTERDAY.
  FOG


RELATIVE HUMIDITY (PERCENT)
 HIGHEST   100          1200 AM
 LOWEST     51           200 PM
 AVERAGE    76

..........................................................


THE BLACKSBURG VA CLIMATE NORMALS FOR TODAY
                         NORMAL    RECORD    YEAR
 MAXIMUM TEMPERATURE (F)   80        95      1953
 MINIMUM TEMPERATURE (F)   57        39      1986


SUNRISE AND SUNSET
AUGUST 31 2014........SUNRISE   651 AM EDT   SUNSET   752 PM EDT
SEPTEMBER  1 2014.....SUNRISE   652 AM EDT   SUNSET   750 PM EDT


-  INDICATES NEGATIVE NUMBERS.
R  INDICATES RECORD WAS SET OR TIED.
MM INDICATES DATA IS MISSING.
T  INDICATES TRACE AMOUNT.


REMARKS:
TRACE OF SNOW IS FROM HAIL ON JUNE 17.


$$
