000
CDUS41 KRNK 280721
CLIRNK


CLIMATE REPORT
NATIONAL WEATHER SERVICE BLACKSBURG VA
306 AM EDT FRI APR 28 2017


...................................

...THE BLACKSBURG VA CLIMATE SUMMARY FOR APRIL 27 2017...

CLIMATE NORMAL PERIOD 1981 TO 2010
CLIMATE RECORD PERIOD 1952 TO 2017


WEATHER ITEM   OBSERVED RECORD YEAR NORMAL DEPARTURE LAST
                VALUE   VALUE       VALUE  FROM      YEAR
                                           NORMAL
...........................................................
TEMPERATURE (F)
 YESTERDAY
  MAXIMUM         74     85    1994  67      7       78
  MINIMUM         52     25    1974  41     11       57
  AVERAGE         63                 54      9       68

PRECIPITATION (IN)
  YESTERDAY        0.23   2.70 1978   0.12   0.11     0.03
  MONTH TO DATE    5.92               3.14   2.78     1.28
  SINCE MAR 1      9.16               6.78   2.38     3.85
  SINCE JAN 1     14.94              12.67   2.27    10.99

SNOWFALL (IN)
  YESTERDAY        0.0                                0.0
  MONTH TO DATE    0.1                                0.6
  SINCE MAR 1      1.1                                1.6
  SINCE JUL 1      7.7                               25.6
  SNOW DEPTH       0

DEGREE DAYS
 HEATING
  YESTERDAY        2                 11     -9        0
  MONTH TO DATE  251                399   -148      352
  SINCE MAR 1    918               1126   -208      837
  SINCE JUL 1   4010               5174  -1164     4272

 COOLING
  YESTERDAY        0                  0      0        3
  MONTH TO DATE    4                  0      4        4
  SINCE MAR 1      4                  0      4        4
  SINCE JAN 1      4                  0      4        4
...........................................................


WIND (MPH)
  HIGHEST WIND SPEED    14   HIGHEST WIND DIRECTION     S (190)
  HIGHEST GUST SPEED    23   HIGHEST GUST DIRECTION     S (180)
  AVERAGE WIND SPEED     4.6


SKY COVER
  AVERAGE SKY COVER 0.4


WEATHER CONDITIONS
 THE FOLLOWING WEATHER WAS RECORDED YESTERDAY.
  THUNDERSTORM
  RAIN
  LIGHT RAIN
  FOG
  FOG W/VISIBILITY <= 1/4 MILE


RELATIVE HUMIDITY (PERCENT)
 HIGHEST    96           400 AM
 LOWEST     49          1100 AM
 AVERAGE    73

..........................................................


THE BLACKSBURG VA CLIMATE NORMALS FOR TODAY
                         NORMAL    RECORD    YEAR
 MAXIMUM TEMPERATURE (F)   67        84      1990
 MINIMUM TEMPERATURE (F)   42        25      1976


SUNRISE AND SUNSET
APRIL 28 2017.........SUNRISE   630 AM EDT   SUNSET   809 PM EDT
APRIL 29 2017.........SUNRISE   629 AM EDT   SUNSET   810 PM EDT


-  INDICATES NEGATIVE NUMBERS.
R  INDICATES RECORD WAS SET OR TIED.
MM INDICATES DATA IS MISSING.
T  INDICATES TRACE AMOUNT.




$$
