000
CDUS41 KRNK 300921
CLIRNK


CLIMATE REPORT
NATIONAL WEATHER SERVICE BLACKSBURG VA
517 AM EDT TUE SEP 30 2014


...................................

...THE BLACKSBURG VA CLIMATE SUMMARY FOR SEPTEMBER 29 2014...

CLIMATE NORMAL PERIOD 1981 TO 2010
CLIMATE RECORD PERIOD 1952 TO 2014


WEATHER ITEM   OBSERVED TIME   RECORD YEAR NORMAL DEPARTURE LAST
                VALUE   (LST)  VALUE       VALUE  FROM      YEAR
                                                  NORMAL
..................................................................
TEMPERATURE (F)
 YESTERDAY
  MAXIMUM         73    500 PM  91    1953  70      3       68
  MINIMUM         55   1100 PM  32    1970  45     10       42
  AVERAGE         64                        58      6       55

PRECIPITATION (IN)
  YESTERDAY        0.03          1.60 1957   0.11  -0.08     0.00
  MONTH TO DATE    3.80                      3.00   0.80     1.13
  SINCE SEP 1      3.80                      3.00   0.80     1.13
  SINCE JAN 1     29.57                     32.19  -2.62    40.68

SNOWFALL (IN)
  YESTERDAY        0.0
  MONTH TO DATE    0.0
  SINCE SEP 1      0.0
  SINCE JUL 1      0.0
  SNOW DEPTH       0

DEGREE DAYS
 HEATING
  YESTERDAY        1                         8     -7       10
  MONTH TO DATE   66                       104    -38      103
  SINCE SEP 1     66                       104    -38      103
  SINCE JUL 1     77                       122    -45      126

 COOLING
  YESTERDAY        0                         1     -1        0
  MONTH TO DATE   77                        58     19       55
  SINCE SEP 1     77                        58     19       55
  SINCE JAN 1    607                       570     37      561
..................................................................


WIND (MPH)
  HIGHEST WIND SPEED     3   HIGHEST WIND DIRECTION    SW (210)
  HIGHEST GUST SPEED    MM   HIGHEST GUST DIRECTION    MM
  AVERAGE WIND SPEED     0.3


SKY COVER
  POSSIBLE SUNSHINE  MM
  AVERAGE SKY COVER 0.4


WEATHER CONDITIONS
 THE FOLLOWING WEATHER WAS RECORDED YESTERDAY.
  LIGHT RAIN
  FOG
  FOG W/VISIBILITY <= 1/4 MILE


RELATIVE HUMIDITY (PERCENT)
 HIGHEST   100          1200 AM
 LOWEST     73           400 PM
 AVERAGE    87

..........................................................


THE BLACKSBURG VA CLIMATE NORMALS FOR TODAY
                         NORMAL    RECORD    YEAR
 MAXIMUM TEMPERATURE (F)   70        90      1953
 MINIMUM TEMPERATURE (F)   45        29      1967


SUNRISE AND SUNSET
SEPTEMBER 30 2014.....SUNRISE   716 AM EDT   SUNSET   706 PM EDT
OCTOBER  1 2014.......SUNRISE   717 AM EDT   SUNSET   705 PM EDT


-  INDICATES NEGATIVE NUMBERS.
R  INDICATES RECORD WAS SET OR TIED.
MM INDICATES DATA IS MISSING.
T  INDICATES TRACE AMOUNT.



$$
