000
CDUS41 KRNK 040634
CLIRNK


CLIMATE REPORT
NATIONAL WEATHER SERVICE BLACKSBURG VA
231 AM EDT SAT JUL 4 2015


...................................

...THE BLACKSBURG VA CLIMATE SUMMARY FOR JULY 3 2015...

CLIMATE NORMAL PERIOD 1981 TO 2010
CLIMATE RECORD PERIOD 1952 TO 2015


WEATHER ITEM   OBSERVED RECORD YEAR NORMAL DEPARTURE LAST
                VALUE   VALUE       VALUE  FROM      YEAR
                                           NORMAL
...........................................................
TEMPERATURE (F)
 YESTERDAY
  MAXIMUM         69     95    1954  82    -13       84
  MINIMUM         63     43    1988  60      3       65
  AVERAGE         66                 71     -5       75

PRECIPITATION (IN)
  YESTERDAY        0.40   2.73 2013   0.12   0.28     0.01
  MONTH TO DATE    0.43               0.37   0.06     0.01
  SINCE JUN 1      3.91               4.37  -0.46     3.08
  SINCE JAN 1     19.44              21.71  -2.27    17.91

SNOWFALL (IN)
  YESTERDAY        0.0                                0.0
  MONTH TO DATE    0.0                                0.0
  SINCE JUN 1      0.0                                 T
  SINCE JUL 1      0.0                                0.0
  SNOW DEPTH       0

DEGREE DAYS
 HEATING
  YESTERDAY        0                  0      0        0
  MONTH TO DATE    0                  0      0        0
  SINCE JUN 1     11                 38    -27        3
  SINCE JUL 1      0                  0      0        0

 COOLING
  YESTERDAY        1                  6     -5       10
  MONTH TO DATE    9                 18     -9       35
  SINCE JUN 1    221                137     84      201
  SINCE JAN 1    297                166    131      259
...........................................................


WIND (MPH)
  HIGHEST WIND SPEED     9   HIGHEST WIND DIRECTION    SE (120)
  HIGHEST GUST SPEED    MM   HIGHEST GUST DIRECTION    MM
  AVERAGE WIND SPEED     4.0


SKY COVER
  AVERAGE SKY COVER 1.0


WEATHER CONDITIONS
 THE FOLLOWING WEATHER WAS RECORDED YESTERDAY.
  RAIN
  LIGHT RAIN
  FOG


RELATIVE HUMIDITY (PERCENT)
 HIGHEST   100           400 AM
 LOWEST     93           200 PM
 AVERAGE    97

..........................................................


THE BLACKSBURG VA CLIMATE NORMALS FOR TODAY
                         NORMAL    RECORD    YEAR
 MAXIMUM TEMPERATURE (F)   82        94      1966
 MINIMUM TEMPERATURE (F)   60        45      1971


SUNRISE AND SUNSET
JULY  4 2015..........SUNRISE   606 AM EDT   SUNSET   846 PM EDT
JULY  5 2015..........SUNRISE   607 AM EDT   SUNSET   845 PM EDT


-  INDICATES NEGATIVE NUMBERS.
R  INDICATES RECORD WAS SET OR TIED.
MM INDICATES DATA IS MISSING.
T  INDICATES TRACE AMOUNT.

$$

RAB
