000
CDUS41 KRNK 310910 CCA
CLIRNK

CLIMATE REPORT
NATIONAL WEATHER SERVICE BLACKSBURG VA
508 AM EDT THU JUL 31 2014


...................................

...THE BLACKSBURG VA CLIMATE SUMMARY FOR JULY 30 2014...

CLIMATE NORMAL PERIOD 1981 TO 2010
CLIMATE RECORD PERIOD 1952 TO 2014


WEATHER ITEM   OBSERVED TIME   RECORD YEAR NORMAL DEPARTURE LAST
                VALUE   (LST)  VALUE       VALUE  FROM      YEAR
                                                  NORMAL
..................................................................
TEMPERATURE (F)
 YESTERDAY
  MAXIMUM         77    300 PM  94    1953  82     -5       77
  MINIMUM         49R   600 AM  50    1981  60    -11       51
  AVERAGE         63                        71     -8       64

PRECIPITATION (IN)
  YESTERDAY        0.00          3.00 1966   0.13  -0.13     0.00
  MONTH TO DATE    1.92                      4.12  -2.20     7.44
  SINCE JUN 1      4.99                      8.12  -3.13    15.38
  SINCE JAN 1     19.82                     25.46  -5.64    37.25

SNOWFALL (IN)
  YESTERDAY        0.0
  MONTH TO DATE    0.0
  SINCE JUN 1      T
  SINCE JUL 1      0.0
  SNOW DEPTH       0

DEGREE DAYS
 HEATING
  YESTERDAY        2                         0      2        1
  MONTH TO DATE    8                         0      8        2
  SINCE JUN 1     11                        38    -27        9
  SINCE JUL 1      8                         0      8        2

 COOLING
  YESTERDAY        0                         6     -6        0
  MONTH TO DATE  179                       186     -7      212
  SINCE JUN 1    345                       305     40      328
  SINCE JAN 1    403                       334     69      359
..................................................................


WIND (MPH)
  HIGHEST WIND SPEED     6   HIGHEST WIND DIRECTION     W (260)
  HIGHEST GUST SPEED    MM   HIGHEST GUST DIRECTION    MM
  AVERAGE WIND SPEED     1.2


SKY COVER
  POSSIBLE SUNSHINE  MM
  AVERAGE SKY COVER 0.2


WEATHER CONDITIONS
 THE FOLLOWING WEATHER WAS RECORDED YESTERDAY.
  FOG


RELATIVE HUMIDITY (PERCENT)
 HIGHEST   100          1200 AM
 LOWEST     39           300 PM
 AVERAGE    70

..........................................................


THE BLACKSBURG VA CLIMATE NORMALS FOR TODAY
                         NORMAL    RECORD    YEAR
 MAXIMUM TEMPERATURE (F)   82        95      1953
 MINIMUM TEMPERATURE (F)   60        44      1997


SUNRISE AND SUNSET
JULY 31 2014..........SUNRISE   626 AM EDT   SUNSET   830 PM EDT
AUGUST  1 2014........SUNRISE   626 AM EDT   SUNSET   829 PM EDT


-  INDICATES NEGATIVE NUMBERS.
R  INDICATES RECORD WAS SET OR TIED.
MM INDICATES DATA IS MISSING.
T  INDICATES TRACE AMOUNT.

REMARKS:
TRACE OF SNOW IS FROM HAIL ON JUNE 17.


$$
