000
CDUS41 KRNK 260846
CLIRNK


CLIMATE REPORT
NATIONAL WEATHER SERVICE BLACKSBURG VA
444 AM EDT THU MAY 26 2016


...................................

...THE BLACKSBURG VA CLIMATE SUMMARY FOR MAY 25 2016...

CLIMATE NORMAL PERIOD 1981 TO 2010
CLIMATE RECORD PERIOD 1952 TO 2016


WEATHER ITEM   OBSERVED RECORD YEAR NORMAL DEPARTURE LAST
                VALUE   VALUE       VALUE  FROM      YEAR
                                           NORMAL
...........................................................
TEMPERATURE (F)
 YESTERDAY
  MAXIMUM         81     89    1953  74      7       79
  MINIMUM         49     34    1967  50     -1       52
  AVERAGE         65                 62      3       66

PRECIPITATION (IN)
  YESTERDAY        0.00   0.83 2001   0.15  -0.15     0.00
  MONTH TO DATE    4.22               3.38   0.84     1.86
  SINCE MAR 1      8.54              10.50  -1.96    11.73
  SINCE JAN 1     15.68              16.39  -0.71    15.15

SNOWFALL (IN)
  YESTERDAY        0.0                                0.0
  MONTH TO DATE    0.0                                0.0
  SINCE MAR 1      1.6                                4.4
  SINCE JUL 1     25.6                               27.8
  SNOW DEPTH       0

DEGREE DAYS
 HEATING
  YESTERDAY        0                  5     -5        0
  MONTH TO DATE  172                180     -8       78
  SINCE MAR 1   1019               1337   -318     1083
  SINCE JUL 1   4454               5385   -931     5209

 COOLING
  YESTERDAY        0                  1     -1        1
  MONTH TO DATE   11                 14     -3       47
  SINCE MAR 1     21                 17      4       47
  SINCE JAN 1     21                 17      4       47
...........................................................


WIND (MPH)
  HIGHEST WIND SPEED     8   HIGHEST WIND DIRECTION    SW (240)
  HIGHEST GUST SPEED    MM   HIGHEST GUST DIRECTION    MM
  AVERAGE WIND SPEED     1.2


SKY COVER
  AVERAGE SKY COVER 0.1


WEATHER CONDITIONS
 THE FOLLOWING WEATHER WAS RECORDED YESTERDAY.
  NO SIGNIFICANT WEATHER WAS OBSERVED.


RELATIVE HUMIDITY (PERCENT)
 HIGHEST   100           400 AM
 LOWEST     41           400 PM
 AVERAGE    71

..........................................................


THE BLACKSBURG VA CLIMATE NORMALS FOR TODAY
                         NORMAL    RECORD    YEAR
 MAXIMUM TEMPERATURE (F)   74        88      1953
 MINIMUM TEMPERATURE (F)   50        34      1988


SUNRISE AND SUNSET
MAY 26 2016...........SUNRISE   605 AM EDT   SUNSET   833 PM EDT
MAY 27 2016...........SUNRISE   605 AM EDT   SUNSET   833 PM EDT


-  INDICATES NEGATIVE NUMBERS.
R  INDICATES RECORD WAS SET OR TIED.
MM INDICATES DATA IS MISSING.
T  INDICATES TRACE AMOUNT.

$$

RAB
