000
CDUS41 KRNK 202115
CLIRNK


CLIMATE REPORT
NATIONAL WEATHER SERVICE BLACKSBURG VA
513 PM EDT FRI OCT 20 2017


...................................

...THE BLACKSBURG VA CLIMATE SUMMARY FOR OCTOBER 20 2017...
VALID TODAY AS OF 0500 PM LOCAL TIME.

CLIMATE NORMAL PERIOD 1981 TO 2010
CLIMATE RECORD PERIOD 1952 TO 2017


WEATHER ITEM   OBSERVED RECORD YEAR NORMAL DEPARTURE LAST
                VALUE   VALUE       VALUE  FROM      YEAR
                                           NORMAL
...........................................................
TEMPERATURE (F)
 TODAY
  MAXIMUM         73     82    1985  64      9       80
  MINIMUM         41     18    1972  38      3       53
  AVERAGE         57                 51      6       67

PRECIPITATION (IN)
  TODAY            0.00   1.23 1961   0.09  -0.09     0.00
  MONTH TO DATE    3.69               1.78   1.91     1.96
  SINCE SEP 1      5.14               4.88   0.26     8.67
  SINCE JAN 1     35.10              34.07   1.03    37.34

SNOWFALL (IN)
  TODAY            0.0                                0.0
  MONTH TO DATE    0.0                                0.0
  SINCE SEP 1      0.0                                0.0
  SINCE JUL 1      0.0                                0.0
  SNOW DEPTH       0

DEGREE DAYS
 HEATING
  TODAY            8                 14     -6        0
  MONTH TO DATE  110                226   -116      110
  SINCE SEP 1    180                339   -159      117
  SINCE JUL 1    189                357   -168      117

 COOLING
  TODAY            0                  0      0        2
  MONTH TO DATE   35                  1     34        5
  SINCE SEP 1     96                 58     38      137
  SINCE JAN 1    632                570     62      914
...........................................................


WIND (MPH)
  HIGHEST WIND SPEED     6   HIGHEST WIND DIRECTION    NW (310)
  HIGHEST GUST SPEED    MM   HIGHEST GUST DIRECTION    MM
  AVERAGE WIND SPEED     1.5


SKY COVER
  AVERAGE SKY COVER 0.0


WEATHER CONDITIONS
 THE FOLLOWING WEATHER WAS RECORDED TODAY.
  NO SIGNIFICANT WEATHER WAS OBSERVED.


RELATIVE HUMIDITY (PERCENT)
 HIGHEST    92           700 AM
 LOWEST     44           300 PM
 AVERAGE    68

..........................................................


THE BLACKSBURG VA CLIMATE NORMALS FOR TOMORROW
                         NORMAL    RECORD    YEAR
 MAXIMUM TEMPERATURE (F)   64        81      1993
 MINIMUM TEMPERATURE (F)   38        19      1972


SUNRISE AND SUNSET
OCTOBER 20 2017.......SUNRISE   734 AM EDT   SUNSET   638 PM EDT
OCTOBER 21 2017.......SUNRISE   735 AM EDT   SUNSET   636 PM EDT


-  INDICATES NEGATIVE NUMBERS.
R  INDICATES RECORD WAS SET OR TIED.
MM INDICATES DATA IS MISSING.
T  INDICATES TRACE AMOUNT.

REMARKS:
DUE TO MISSING TEMPERATURES ON SEPTEMBER 8-10...ALL TEMPERATURE AND
DEGREE DAY INFORMATION WILL BE CALCULATED WITHOUT DATA FROM THESE
DATES.


$$
