000
CDUS46 KSGX 300016
CLIRNM


CLIMATE REPORT
NATIONAL WEATHER SERVICE SAN DIEGO, CA
516 PM PDT SAT APR 29 2017


...................................

...THE RAMONA AIRPORT CA CLIMATE SUMMARY FOR APRIL 29 2017...
VALID TODAY AS OF 0500 PM LOCAL TIME.

CLIMATE NORMAL PERIOD 1981 TO 2010
CLIMATE RECORD PERIOD 1974 TO 2017


WEATHER ITEM   OBSERVED TIME   RECORD YEAR NORMAL DEPARTURE LAST
                VALUE   (LST)  VALUE       VALUE  FROM      YEAR
                                                  NORMAL
..................................................................
TEMPERATURE (F)
 TODAY
  MAXIMUM         82    126 PM  93    2015  73      9       72
  MINIMUM         48   1203 AM  36    1974  44      4       40
  AVERAGE         65                        58      7       56

PRECIPITATION (IN)
  TODAY            0.00          0.68 1999   0.04  -0.04     0.00
  MONTH TO DATE    T                         1.37  -1.37     1.33
  SINCE OCT 1     21.58                     15.02   6.56    12.92
  SINCE JAN 1     14.56                     10.88   3.68     9.39

DEGREE DAYS
 HEATING
  TODAY            0                         7     -7        9
  MONTH TO DATE  146                       270   -124      187
  SINCE MAR 1    373                       645   -272      501
  SINCE JUL 1   1808                      2386   -578     2004

 COOLING
  TODAY            0                         0      0        0
  MONTH TO DATE    9                         0      9        1
  SINCE MAR 1     12                         0     12        1
  SINCE JAN 1     12                         1     11        6
..................................................................


WIND (MPH)
  RESULTANT WIND SPEED   5   RESULTANT WIND DIRECTION  NE (50)
  HIGHEST WIND SPEED    21   HIGHEST WIND DIRECTION    NE (50)
  HIGHEST GUST SPEED    22   HIGHEST GUST DIRECTION     E (90)
  AVERAGE WIND SPEED     9.9


SKY COVER
  POSSIBLE SUNSHINE  MM
  AVERAGE SKY COVER 0.0


WEATHER CONDITIONS
 THE FOLLOWING WEATHER WAS RECORDED TODAY.
  NO SIGNIFICANT WEATHER WAS OBSERVED.


RELATIVE HUMIDITY (PERCENT)
 HIGHEST    80          1200 AM
 LOWEST      9           900 AM
 AVERAGE    45

..........................................................


THE RAMONA AIRPORT CA CLIMATE NORMALS FOR TOMORROW
                         NORMAL    RECORD    YEAR
 MAXIMUM TEMPERATURE (F)   73        93      1996
 MINIMUM TEMPERATURE (F)   45        36      2009


SUNRISE AND SUNSET
APRIL 29 2017.........SUNRISE   602 AM PDT   SUNSET   729 PM PDT
APRIL 30 2017.........SUNRISE   601 AM PDT   SUNSET   729 PM PDT


-  INDICATES NEGATIVE NUMBERS.
R  INDICATES RECORD WAS SET OR TIED.
MM INDICATES DATA IS MISSING.
T  INDICATES TRACE AMOUNT.




$$
