000
CDUS46 KSGX 290016
CLIRNM


CLIMATE REPORT
NATIONAL WEATHER SERVICE SAN DIEGO, CA
516 PM PDT THU MAY 28 2015


...................................

...THE RAMONA AIRPORT CA CLIMATE SUMMARY FOR MAY 28 2015...
VALID TODAY AS OF 0500 PM LOCAL TIME.

CLIMATE NORMAL PERIOD 1981 TO 2010
CLIMATE RECORD PERIOD 1974 TO 2015


WEATHER ITEM   OBSERVED TIME   RECORD YEAR NORMAL DEPARTURE LAST
                VALUE   (LST)  VALUE       VALUE  FROM      YEAR
                                                  NORMAL
..................................................................
TEMPERATURE (F)
 TODAY
  MAXIMUM         82    240 PM  99    1978  78      4       85
  MINIMUM         54    722 AM  41    2012  49      5       53
  AVERAGE         68                        63      5       69

PRECIPITATION (IN)
  TODAY            T             0.47 1990   0.00   0.00     0.00
  MONTH TO DATE    1.48                      0.30   1.18      T
  SINCE OCT 1      9.41                     15.35  -5.94     7.76
  SINCE JAN 1      4.81                     11.21  -6.40     5.09

SNOWFALL (IN)
  TODAY            0.0
  MONTH TO DATE    0.0
  SINCE MAR 1      0.0
  SINCE JUL 1      0.0
  SNOW DEPTH       0

DEGREE DAYS
 HEATING
  TODAY            0                         3     -3        0
  MONTH TO DATE  149                       125     24       68
  SINCE MAR 1    537                       776   -239      509
  SINCE JUL 1   1721                      2517   -796     1930

 COOLING
  TODAY            3                         1      2        4
  MONTH TO DATE    9                        16     -7       66
  SINCE MAR 1     28                        20      8       75
  SINCE JAN 1     30                        21      9       75
..................................................................


WIND (MPH)
  RESULTANT WIND SPEED   3   RESULTANT WIND DIRECTION  NW (300)
  HIGHEST WIND SPEED    13   HIGHEST WIND DIRECTION    NW (310)
  HIGHEST GUST SPEED    17   HIGHEST GUST DIRECTION     W (280)
  AVERAGE WIND SPEED     4.2


SKY COVER
  POSSIBLE SUNSHINE  MM
  AVERAGE SKY COVER 0.6


WEATHER CONDITIONS
 THE FOLLOWING WEATHER WAS RECORDED TODAY.
  LIGHT RAIN
  FOG


RELATIVE HUMIDITY (PERCENT)
 HIGHEST   100           300 AM
 LOWEST     39           300 PM
 AVERAGE    70

..........................................................


THE RAMONA AIRPORT CA CLIMATE NORMALS FOR TOMORROW
                         NORMAL    RECORD    YEAR
 MAXIMUM TEMPERATURE (F)   78       102      1984
 MINIMUM TEMPERATURE (F)   49        41      2010
                                             2006


SUNRISE AND SUNSET
MAY 28 2015...........SUNRISE   541 AM PDT   SUNSET   749 PM PDT
MAY 29 2015...........SUNRISE   541 AM PDT   SUNSET   750 PM PDT


-  INDICATES NEGATIVE NUMBERS.
R  INDICATES RECORD WAS SET OR TIED.
MM INDICATES DATA IS MISSING.
T  INDICATES TRACE AMOUNT.




$$
