000
CDUS46 KSGX 301418
CLIRNM


CLIMATE REPORT
NATIONAL WEATHER SERVICE SAN DIEGO, CA
718 AM PDT SAT AUG 30 2014


...................................

...THE RAMONA AIRPORT CA CLIMATE SUMMARY FOR AUGUST 29 2014...

CLIMATE NORMAL PERIOD 1981 TO 2010
CLIMATE RECORD PERIOD 1974 TO 2014


WEATHER ITEM   OBSERVED TIME   RECORD YEAR NORMAL DEPARTURE LAST
                VALUE   (LST)  VALUE       VALUE  FROM      YEAR
                                                  NORMAL
..................................................................
TEMPERATURE (F)
 YESTERDAY
  MAXIMUM         95    133 PM 108    1998  91      4       98
  MINIMUM         57    443 AM  41    1974  57      0       67
  AVERAGE         76                        74      2       83

PRECIPITATION (IN)
  YESTERDAY        0.00          0.01 2005   0.01  -0.01     0.00
                                      2005
                                      2006
  MONTH TO DATE    0.25                      0.14   0.11      T
  SINCE JUL 1      0.41                      0.27   0.14     0.08
  SINCE JAN 1      5.50                     11.60  -6.10     4.58

SNOWFALL (IN)
  YESTERDAY        0.0
  MONTH TO DATE    0.0
  SINCE JAN 1      0.0
  SINCE JUL 1      0.0
  SNOW DEPTH       0

DEGREE DAYS
 HEATING
  YESTERDAY        0                         0      0        0
  MONTH TO DATE    0                         0      0        1
  SINCE JUN 1      7                        29    -22        3
  SINCE JUL 1      0                         2     -2        1

 COOLING
  YESTERDAY       11                         9      2       18
  MONTH TO DATE  255                       260     -5      222
  SINCE JUN 1    634                       568     66      581
  SINCE JAN 1    717                       595    122      629
..................................................................


WIND (MPH)
  RESULTANT WIND SPEED   5   RESULTANT WIND DIRECTION   W (290)
  HIGHEST WIND SPEED    15   HIGHEST WIND DIRECTION     W (270)
  HIGHEST GUST SPEED    20   HIGHEST GUST DIRECTION     W (290)
  AVERAGE WIND SPEED     5.1


SKY COVER
  POSSIBLE SUNSHINE  MM
  AVERAGE SKY COVER 0.0


WEATHER CONDITIONS
 THE FOLLOWING WEATHER WAS RECORDED YESTERDAY.
  NO SIGNIFICANT WEATHER WAS OBSERVED.


RELATIVE HUMIDITY (PERCENT)
 HIGHEST    84          1000 PM
 LOWEST     17           200 PM
 AVERAGE    51

..........................................................


THE RAMONA AIRPORT CA CLIMATE NORMALS FOR TODAY
                         NORMAL    RECORD    YEAR
 MAXIMUM TEMPERATURE (F)   91       105      1976
 MINIMUM TEMPERATURE (F)   57        44      1974


SUNRISE AND SUNSET
AUGUST 30 2014........SUNRISE   621 AM PDT   SUNSET   715 PM PDT
AUGUST 31 2014........SUNRISE   621 AM PDT   SUNSET   714 PM PDT


-  INDICATES NEGATIVE NUMBERS.
R  INDICATES RECORD WAS SET OR TIED.
MM INDICATES DATA IS MISSING.
T  INDICATES TRACE AMOUNT.




$$
