000
CDUS46 KSGX 230025
CLIRNM


CLIMATE REPORT
NATIONAL WEATHER SERVICE SAN DIEGO, CA
425 PM PST WED FEB 22 2017


...................................

...THE RAMONA AIRPORT CA CLIMATE SUMMARY FOR FEBRUARY 22 2017...
VALID TODAY AS OF 0400 PM LOCAL TIME.

CLIMATE NORMAL PERIOD 1981 TO 2010
CLIMATE RECORD PERIOD 1974 TO 2017


WEATHER ITEM   OBSERVED TIME   RECORD YEAR NORMAL DEPARTURE LAST
                VALUE   (LST)  VALUE       VALUE  FROM      YEAR
                                                  NORMAL
..................................................................
TEMPERATURE (F)
 TODAY
  MAXIMUM         60    207 PM  82    1989  65     -5       79
  MINIMUM         39    437 AM  22    2006  38      1       34
  AVERAGE         50                        51     -1       57

PRECIPITATION (IN)
  TODAY            0.00          0.93 2008   0.14  -0.14     0.00
  MONTH TO DATE    2.00                      2.35  -0.35     0.11
  SINCE OCT 1     16.36                      9.81   6.55    10.18
  SINCE JAN 1      9.34                      5.67   3.67     6.65

DEGREE DAYS
 HEATING
  TODAY           15                        14      1        8
  MONTH TO DATE  222                       316    -94      175
  SINCE DEC 1   1078                      1252   -174     1117
  SINCE JUL 1   1329                      1663   -334     1456

 COOLING
  TODAY            0                         0      0        0
  MONTH TO DATE    0                         0      0        5
  SINCE DEC 1      1                         1      0        5
  SINCE JAN 1      0                         1     -1        5
..................................................................


WIND (MPH)
  RESULTANT WIND SPEED   4   RESULTANT WIND DIRECTION   W (290)
  HIGHEST WIND SPEED    16   HIGHEST WIND DIRECTION     W (260)
  HIGHEST GUST SPEED    21   HIGHEST GUST DIRECTION     W (290)
  AVERAGE WIND SPEED     5.7


SKY COVER
  POSSIBLE SUNSHINE  MM
  AVERAGE SKY COVER 0.7


WEATHER CONDITIONS
 THE FOLLOWING WEATHER WAS RECORDED TODAY.
  FOG
  FOG W/VISIBILITY <= 1/4 MILE


RELATIVE HUMIDITY (PERCENT)
 HIGHEST   100          1200 AM
 LOWEST     67           100 PM
 AVERAGE    84

..........................................................


THE RAMONA AIRPORT CA CLIMATE NORMALS FOR TOMORROW
                         NORMAL    RECORD    YEAR
 MAXIMUM TEMPERATURE (F)   65        83      1990
 MINIMUM TEMPERATURE (F)   38        23      2006


SUNRISE AND SUNSET
FEBRUARY 22 2017......SUNRISE   623 AM PST   SUNSET   539 PM PST
FEBRUARY 23 2017......SUNRISE   622 AM PST   SUNSET   540 PM PST


-  INDICATES NEGATIVE NUMBERS.
R  INDICATES RECORD WAS SET OR TIED.
MM INDICATES DATA IS MISSING.
T  INDICATES TRACE AMOUNT.




$$
