000
CDUS45 KREV 080839
CLIRNO


CLIMATE REPORT
NATIONAL WEATHER SERVICE RENO NV
1238 AM PST MON FEB 8 2016


...................................

...THE RENO TAHOE AIRPORT NV CLIMATE SUMMARY FOR FEBRUARY 7 2016...

CLIMATE NORMAL PERIOD 1981 TO 2010
CLIMATE RECORD PERIOD 1888 TO 2016


WEATHER ITEM   OBSERVED TIME   RECORD YEAR NORMAL DEPARTURE LAST
                VALUE   (LST)  VALUE       VALUE  FROM      YEAR
                                                  NORMAL
..................................................................
TEMPERATURE (F)
 YESTERDAY
  MAXIMUM         56    307 PM  67    2011  49      7       61
                                      1951
  MINIMUM         26    645 AM -16    1989  28     -2       43
  AVERAGE         41                        38      3       52

PRECIPITATION (IN)
  YESTERDAY        0.00          0.47 1983   0.04  -0.04     0.10
  MONTH TO DATE    0.00                      0.23  -0.23     0.35
  SINCE OCT 1      5.65                      3.62   2.03     1.83
  SINCE JAN 1      1.70                      1.26   0.44     0.41

SNOWFALL (IN)
  YESTERDAY        0.0           5.0  1909   0.2   -0.2      0.0
  MONTH TO DATE    0.0                       1.0   -1.0      0.0
  SINCE DEC 1     17.8                      11.5    6.3      2.2
  SINCE JUL 1     22.9                      15.0    7.9      2.2
  SNOW DEPTH       T

DEGREE DAYS
 HEATING
  YESTERDAY       24                        27     -3       13
  MONTH TO DATE  229                       191     38      109
  SINCE DEC 1   1964                      2025    -61     1632
  SINCE JUL 1   2957                      3128   -171     2457

 COOLING
  YESTERDAY        0                         0      0        0
  MONTH TO DATE    0                         0      0        0
  SINCE DEC 1      0                         0      0        0
  SINCE JAN 1      0                         0      0        0
..................................................................


WIND (MPH)
  RESULTANT WIND SPEED   2   RESULTANT WIND DIRECTION   E (100)
  HIGHEST WIND SPEED    16   HIGHEST WIND DIRECTION     E (100)
  HIGHEST GUST SPEED    19   HIGHEST GUST DIRECTION     E (100)
  AVERAGE WIND SPEED     2.9



WEATHER CONDITIONS
 THE FOLLOWING WEATHER WAS RECORDED YESTERDAY.
  NO SIGNIFICANT WEATHER WAS OBSERVED.


RELATIVE HUMIDITY (PERCENT)
 HIGHEST    92           700 AM
 LOWEST     38           200 PM
 AVERAGE    65

..........................................................


THE RENO TAHOE AIRPORT NV CLIMATE NORMALS FOR TODAY
                         NORMAL    RECORD    YEAR
 MAXIMUM TEMPERATURE (F)   49        64      2000
                                             1970
 MINIMUM TEMPERATURE (F)   28       -12      1989


SUNRISE AND SUNSET
FEBRUARY  8 2016......SUNRISE   700 AM PST   SUNSET   527 PM PST
FEBRUARY  9 2016......SUNRISE   659 AM PST   SUNSET   528 PM PST


-  INDICATES NEGATIVE NUMBERS.
R  INDICATES RECORD WAS SET OR TIED.
MM INDICATES DATA IS MISSING.
T  INDICATES TRACE AMOUNT.




$$
