000
CDUS45 KREV 300836
CLIRNO


CLIMATE REPORT
NATIONAL WEATHER SERVICE RENO NV
136 AM PDT THU MAR 30 2017


...................................

...THE RENO-TAHOE INTL AIRPORT NV CLIMATE SUMMARY FOR MARCH 29 2017...

CLIMATE NORMAL PERIOD 1981 TO 2010
CLIMATE RECORD PERIOD 1888 TO 2017


WEATHER ITEM   OBSERVED TIME   RECORD YEAR NORMAL DEPARTURE LAST
                VALUE   (LST)  VALUE       VALUE  FROM      YEAR
                                                  NORMAL
..................................................................
TEMPERATURE (F)
 YESTERDAY
  MAXIMUM         71    220 PM  78    2004  60     11       47
                                      1966
  MINIMUM         34    603 AM  -3    1897  35     -1       31
  AVERAGE         53                        48      5       39

PRECIPITATION (IN)
  YESTERDAY        T             0.64 1954   0.02  -0.02      T
  MONTH TO DATE    0.74                      0.73   0.01     0.97
  SINCE OCT 1     13.52                      5.14   8.38     7.04
  SINCE JAN 1      9.73                      2.78   6.95     3.09

SNOWFALL (IN)
  YESTERDAY       MM             3.1  1912   0.0   MM        0.0
  MONTH TO DATE    2.9                       1.9    1.0      6.8
  SINCE MAR 1      2.9                       1.9    1.0      6.8
  SINCE JUL 1     27.0                      20.9    6.1     30.9
  SNOW DEPTH       0

DEGREE DAYS
 HEATING
  YESTERDAY       12                        17     -5       26
  MONTH TO DATE  462                       563   -101      475
  SINCE MAR 1    462                       563   -101      475
  SINCE JUL 1   3835                      4201   -366     3812

 COOLING
  YESTERDAY        0                         0      0        0
  MONTH TO DATE    0                         0      0        0
  SINCE MAR 1      0                         0      0        0
  SINCE JAN 1      0                         0      0        0
..................................................................


WIND (MPH)
  RESULTANT WIND SPEED   3   RESULTANT WIND DIRECTION   W (260)
  HIGHEST WIND SPEED    22   HIGHEST WIND DIRECTION    NW (300)
  HIGHEST GUST SPEED    26   HIGHEST GUST DIRECTION    NW (300)
  AVERAGE WIND SPEED     5.3



WEATHER CONDITIONS
 THE FOLLOWING WEATHER WAS RECORDED YESTERDAY.
  LIGHT RAIN


RELATIVE HUMIDITY (PERCENT)
 HIGHEST    82           600 AM
 LOWEST     25           200 PM
 AVERAGE    54

..........................................................


THE RENO-TAHOE INTL AIRPORT NV CLIMATE NORMALS FOR TODAY
                         NORMAL    RECORD    YEAR
 MAXIMUM TEMPERATURE (F)   60        82      1966
 MINIMUM TEMPERATURE (F)   35        15      1897
                                             1896


SUNRISE AND SUNSET
MARCH 30 2017.........SUNRISE   646 AM PDT   SUNSET   721 PM PDT
MARCH 31 2017.........SUNRISE   644 AM PDT   SUNSET   722 PM PDT


-  INDICATES NEGATIVE NUMBERS.
R  INDICATES RECORD WAS SET OR TIED.
MM INDICATES DATA IS MISSING.
T  INDICATES TRACE AMOUNT.




$$
