000
CDUS45 KREV 270040
CLIRNO


CLIMATE REPORT
NATIONAL WEATHER SERVICE RENO NV
439 PM PST SUN FEB 26 2017


...................................

...THE RENO TAHOE AIRPORT NV CLIMATE SUMMARY FOR FEBRUARY 26 2017...
VALID TODAY AS OF 0400 PM LOCAL TIME.

CLIMATE NORMAL PERIOD 1981 TO 2010
CLIMATE RECORD PERIOD 1888 TO 2017


WEATHER ITEM   OBSERVED TIME   RECORD YEAR NORMAL DEPARTURE LAST
                VALUE   (LST)  VALUE       VALUE  FROM      YEAR
                                                  NORMAL
..................................................................
TEMPERATURE (F)
 TODAY
  MAXIMUM         47    157 PM  72    1908  54     -7       71
  MINIMUM         22    709 AM -10    1962  31     -9       36
  AVERAGE         35                        42     -7       54

PRECIPITATION (IN)
  TODAY            0.00          0.49 1919   0.04  -0.04     0.00
  MONTH TO DATE    3.42                      0.94   2.48     0.42
  SINCE OCT 1     12.78                      4.33   8.45     6.07
  SINCE JAN 1      8.99                      1.97   7.02     2.12

SNOWFALL (IN)
  TODAY            0.0           3.9  1919   0.2   -0.2      0.0
  MONTH TO DATE    3.8                       4.6   -0.8      1.2
  SINCE DEC 1     23.5                      15.1    8.4     19.0
  SINCE JUL 1     24.1                      18.6    5.5     24.1
  SNOW DEPTH       0

DEGREE DAYS
 HEATING
  TODAY           30                        23      7       11
  MONTH TO DATE  596                       657    -61      567
  SINCE DEC 1   2436                      2491    -55     2302
  SINCE JUL 1   3314                      3594   -280     3295

 COOLING
  TODAY            0                         0      0        0
  MONTH TO DATE    0                         0      0        0
  SINCE DEC 1      0                         0      0        0
  SINCE JAN 1      0                         0      0        0
..................................................................


WIND (MPH)
  RESULTANT WIND SPEED   2   RESULTANT WIND DIRECTION   W (250)
  HIGHEST WIND SPEED    21   HIGHEST WIND DIRECTION     W (270)
  HIGHEST GUST SPEED    30   HIGHEST GUST DIRECTION     W (270)
  AVERAGE WIND SPEED     3.5



WEATHER CONDITIONS
 THE FOLLOWING WEATHER WAS RECORDED TODAY.
  NO SIGNIFICANT WEATHER WAS OBSERVED.


RELATIVE HUMIDITY (PERCENT)
 HIGHEST    81           200 AM
 LOWEST     28           200 PM
 AVERAGE    55

..........................................................


THE RENO TAHOE AIRPORT NV CLIMATE NORMALS FOR TOMORROW
                         NORMAL    RECORD    YEAR
 MAXIMUM TEMPERATURE (F)   54        74      1986
 MINIMUM TEMPERATURE (F)   31       -12      1962


SUNRISE AND SUNSET
FEBRUARY 26 2017......SUNRISE   636 AM PST   SUNSET   549 PM PST
FEBRUARY 27 2017......SUNRISE   634 AM PST   SUNSET   550 PM PST


-  INDICATES NEGATIVE NUMBERS.
R  INDICATES RECORD WAS SET OR TIED.
MM INDICATES DATA IS MISSING.
T  INDICATES TRACE AMOUNT.




$$
