000
CDUS45 KREV 230836
CLIRNO


CLIMATE REPORT
NATIONAL WEATHER SERVICE RENO NV
135 AM PDT FRI JUN 23 2017


...................................

...THE RENO-TAHOE INTL AIRPORT NV CLIMATE SUMMARY FOR JUNE 22 2017...

CLIMATE NORMAL PERIOD 1981 TO 2010
CLIMATE RECORD PERIOD 1888 TO 2017


WEATHER ITEM   OBSERVED TIME   RECORD YEAR NORMAL DEPARTURE LAST
                VALUE   (LST)  VALUE       VALUE  FROM      YEAR
                                                  NORMAL
..................................................................
TEMPERATURE (F)
 YESTERDAY
  MAXIMUM         95    455 PM 100    1970  86      9       96
                                      1961
                                      1954
  MINIMUM         64    431 AM  31    1943  53     11       57
  AVERAGE         80                        70     10       77

PRECIPITATION (IN)
  YESTERDAY        0.00          0.31 1945   0.02  -0.02     0.00
  MONTH TO DATE    0.12                      0.42  -0.30      T
  SINCE OCT 1     15.06                      6.55   8.51     9.16
  SINCE JAN 1     11.27                      4.19   7.08     5.21

SNOWFALL (IN)
  YESTERDAY        0.0           0.0    MM   0.0    0.0      0.0
  MONTH TO DATE    0.0                       0.0    0.0      0.0
  SINCE JUN 1      0.0                       0.0    0.0      0.0
  SINCE JUL 1     27.0                      21.8    5.2     31.1
  SNOW DEPTH       0

DEGREE DAYS
 HEATING
  YESTERDAY        0                         1     -1        0
  MONTH TO DATE   45                        50     -5       15
  SINCE JUN 1     45                        50     -5       15
  SINCE JUL 1   4446                      4918   -472     4332

 COOLING
  YESTERDAY       15                         6      9       12
  MONTH TO DATE  165                        84     81      152
  SINCE JUN 1    165                        84     81      152
  SINCE JAN 1    219                       121     98      180
..................................................................


WIND (MPH)
  RESULTANT WIND SPEED   4   RESULTANT WIND DIRECTION  NE (40)
  HIGHEST WIND SPEED    16   HIGHEST WIND DIRECTION    NE (40)
  HIGHEST GUST SPEED    22   HIGHEST GUST DIRECTION    NE (40)
  AVERAGE WIND SPEED     5.5



WEATHER CONDITIONS
 THE FOLLOWING WEATHER WAS RECORDED YESTERDAY.
  NO SIGNIFICANT WEATHER WAS OBSERVED.


RELATIVE HUMIDITY (PERCENT)
 HIGHEST    34           400 AM
 LOWEST     11          1200 PM
 AVERAGE    23

..........................................................


THE RENO-TAHOE INTL AIRPORT NV CLIMATE NORMALS FOR TODAY
                         NORMAL    RECORD    YEAR
 MAXIMUM TEMPERATURE (F)   86        99      2006
                                             1981
 MINIMUM TEMPERATURE (F)   54        31      1943


SUNRISE AND SUNSET
JUNE 23 2017..........SUNRISE   533 AM PDT   SUNSET   830 PM PDT
JUNE 24 2017..........SUNRISE   533 AM PDT   SUNSET   830 PM PDT


-  INDICATES NEGATIVE NUMBERS.
R  INDICATES RECORD WAS SET OR TIED.
MM INDICATES DATA IS MISSING.
T  INDICATES TRACE AMOUNT.




$$
