000
CDUS45 KREV 240836
CLIRNO


CLIMATE REPORT
NATIONAL WEATHER SERVICE RENO NV
1235 AM PST MON NOV 24 2014


...................................

...THE RENO TAHOE AIRPORT NV CLIMATE SUMMARY FOR NOVEMBER 23 2014...

CLIMATE NORMAL PERIOD 1981 TO 2010
CLIMATE RECORD PERIOD 1888 TO 2014


WEATHER ITEM   OBSERVED TIME   RECORD YEAR NORMAL DEPARTURE LAST
                VALUE   (LST)  VALUE       VALUE  FROM      YEAR
                                                  NORMAL
..................................................................
TEMPERATURE (F)
 YESTERDAY
  MAXIMUM         46    409 PM  69    1970  52     -6       49
  MINIMUM         27    633 AM   9    1947  29     -2       22
  AVERAGE         37                        40     -3       36

PRECIPITATION (IN)
  YESTERDAY        0.00          1.64 1988   0.03  -0.03     0.00
  MONTH TO DATE    0.19                      0.61  -0.42     0.49
  SINCE OCT 1      0.37                      1.12  -0.75     0.55
  SINCE JAN 1      3.94                      6.16  -2.22     3.61

SNOWFALL (IN)
  YESTERDAY        0.0           4.0  1988   0.2   -0.2      0.0
  MONTH TO DATE    0.0                       2.3   -2.3      0.4
  SINCE SEP 1      0.0                       2.7   -2.7      0.4
  SINCE JUL 1      0.0                       2.7   -2.7      0.4
  SNOW DEPTH       0

DEGREE DAYS
 HEATING
  YESTERDAY       28                        25      3       29
  MONTH TO DATE  450                       485    -35      438
  SINCE SEP 1    701                       911   -210      939
  SINCE JUL 1    705                       921   -216      939

 COOLING
  YESTERDAY        0                         0      0        0
  MONTH TO DATE    0                         0      0        0
  SINCE SEP 1    175                        93     82      141
  SINCE JAN 1   1211                       839    372     1174
..................................................................


WIND (MPH)
  RESULTANT WIND SPEED   1   RESULTANT WIND DIRECTION   N (20)
  HIGHEST WIND SPEED    10   HIGHEST WIND DIRECTION     N (340)
  HIGHEST GUST SPEED    14   HIGHEST GUST DIRECTION     W (290)
  AVERAGE WIND SPEED     2.4



WEATHER CONDITIONS
 THE FOLLOWING WEATHER WAS RECORDED YESTERDAY.
  NO SIGNIFICANT WEATHER WAS OBSERVED.


RELATIVE HUMIDITY (PERCENT)
 HIGHEST    85           600 AM
 LOWEST     42           400 PM
 AVERAGE    64

..........................................................


THE RENO TAHOE AIRPORT NV CLIMATE NORMALS FOR TODAY
                         NORMAL    RECORD    YEAR
 MAXIMUM TEMPERATURE (F)   51        75      1970
 MINIMUM TEMPERATURE (F)   28         7      1938


SUNRISE AND SUNSET
NOVEMBER 24 2014......SUNRISE   653 AM PST   SUNSET   438 PM PST
NOVEMBER 25 2014......SUNRISE   654 AM PST   SUNSET   438 PM PST


-  INDICATES NEGATIVE NUMBERS.
R  INDICATES RECORD WAS SET OR TIED.
MM INDICATES DATA IS MISSING.
T  INDICATES TRACE AMOUNT.




$$
