000
CDUS45 KREV 250838
CLIRNO


CLIMATE REPORT
NATIONAL WEATHER SERVICE RENO NV
1237 AM PST SUN JAN 25 2015


...................................

...THE RENO TAHOE AIRPORT NV CLIMATE SUMMARY FOR JANUARY 24 2015...

CLIMATE NORMAL PERIOD 1981 TO 2010
CLIMATE RECORD PERIOD 1888 TO 2015


WEATHER ITEM   OBSERVED TIME   RECORD YEAR NORMAL DEPARTURE LAST
                VALUE   (LST)  VALUE       VALUE  FROM      YEAR
                                                  NORMAL
..................................................................
TEMPERATURE (F)
 YESTERDAY
  MAXIMUM         59    256 PM  67    1948  47     12       54
  MINIMUM         25    740 AM  -6    1962  26     -1       30
                                      1949
  AVERAGE         42                        36      6       42

PRECIPITATION (IN)
  YESTERDAY        0.00          0.94 1983   0.03  -0.03     0.00
  MONTH TO DATE    0.00                      0.83  -0.83      T
  SINCE OCT 1      1.42                      3.19  -1.77     0.96
  SINCE JAN 1      0.00                      0.83  -0.83      T

SNOWFALL (IN)
  YESTERDAY        0.0          11.2  1967   0.1   -0.1      0.0
  MONTH TO DATE    0.0                       4.8   -4.8      0.0
  SINCE DEC 1      2.2                       9.7   -7.5      4.3
  SINCE JUL 1      2.2                      13.2  -11.0      4.7
  SNOW DEPTH       0

DEGREE DAYS
 HEATING
  YESTERDAY       23                        29     -6       23
  MONTH TO DATE  606                       714   -108      629
  SINCE DEC 1   1372                      1635   -263     1745
  SINCE JUL 1   2197                      2738   -541     2863

 COOLING
  YESTERDAY        0                         0      0        0
  MONTH TO DATE    0                         0      0        0
  SINCE DEC 1      0                         0      0        0
  SINCE JAN 1      0                         0      0        0
..................................................................


WIND (MPH)
  RESULTANT WIND SPEED   2   RESULTANT WIND DIRECTION   E (90)
  HIGHEST WIND SPEED    14   HIGHEST WIND DIRECTION     E (90)
  HIGHEST GUST SPEED    17   HIGHEST GUST DIRECTION     E (110)
  AVERAGE WIND SPEED     3.5



WEATHER CONDITIONS
 THE FOLLOWING WEATHER WAS RECORDED YESTERDAY.
  NO SIGNIFICANT WEATHER WAS OBSERVED.


RELATIVE HUMIDITY (PERCENT)
 HIGHEST    75           300 AM
 LOWEST     23           300 PM
 AVERAGE    49

..........................................................


THE RENO TAHOE AIRPORT NV CLIMATE NORMALS FOR TODAY
                         NORMAL    RECORD    YEAR
 MAXIMUM TEMPERATURE (F)   47        67      1975
 MINIMUM TEMPERATURE (F)   26       -16      1949


SUNRISE AND SUNSET
JANUARY 25 2015.......SUNRISE   712 AM PST   SUNSET   511 PM PST
JANUARY 26 2015.......SUNRISE   712 AM PST   SUNSET   512 PM PST


-  INDICATES NEGATIVE NUMBERS.
R  INDICATES RECORD WAS SET OR TIED.
MM INDICATES DATA IS MISSING.
T  INDICATES TRACE AMOUNT.




$$
