786
CDUS45 KREV 240837
CLIRNO


CLIMATE REPORT
NATIONAL WEATHER SERVICE RENO NV
136 AM PDT WED MAY 24 2017


...................................

...THE RENO-TAHOE INTL AIRPORT NV CLIMATE SUMMARY FOR MAY 23 2017...

CLIMATE NORMAL PERIOD 1981 TO 2010
CLIMATE RECORD PERIOD 1888 TO 2017


WEATHER ITEM   OBSERVED TIME   RECORD YEAR NORMAL DEPARTURE LAST
                VALUE   (LST)  VALUE       VALUE  FROM      YEAR
                                                  NORMAL
..................................................................
TEMPERATURE (F)
 YESTERDAY
  MAXIMUM         92    320 PM  94    2001  76     16       65
  MINIMUM         55    502 AM  26    1968  47      8       39
                                      1960
  AVERAGE         74                        62     12       52

PRECIPITATION (IN)
  YESTERDAY        0.00          0.49 1959   0.02  -0.02     0.02
  MONTH TO DATE    0.61                      0.36   0.25     1.16
  SINCE OCT 1     14.94                      6.00   8.94     9.16
  SINCE JAN 1     11.15                      3.64   7.51     5.21

SNOWFALL (IN)
  YESTERDAY        0.0           T    1944   0.0    0.0      0.0
  MONTH TO DATE    0.0                       0.3   -0.3      0.2
  SINCE MAR 1      2.9                       2.8    0.1      7.0
  SINCE JUL 1     27.0                      21.8    5.2     31.1
  SNOW DEPTH       0

DEGREE DAYS
 HEATING
  YESTERDAY        0                         5     -5       13
  MONTH TO DATE  132                       171    -39      149
  SINCE MAR 1   1026                      1195   -169      957
  SINCE JUL 1   4399                      4833   -434     4294

 COOLING
  YESTERDAY        9                         2      7        0
  MONTH TO DATE   27                        18      9       12
  SINCE MAR 1     27                        19      8       12
  SINCE JAN 1     27                        19      8       12
..................................................................


WIND (MPH)
  RESULTANT WIND SPEED   2   RESULTANT WIND DIRECTION  NW (300)
  HIGHEST WIND SPEED    22   HIGHEST WIND DIRECTION     W (280)
  HIGHEST GUST SPEED    36   HIGHEST GUST DIRECTION     W (280)
  AVERAGE WIND SPEED     5.8



WEATHER CONDITIONS
 THE FOLLOWING WEATHER WAS RECORDED YESTERDAY.
  NO SIGNIFICANT WEATHER WAS OBSERVED.


RELATIVE HUMIDITY (PERCENT)
 HIGHEST    55           400 AM
 LOWEST     13           300 PM
 AVERAGE    34

..........................................................


THE RENO-TAHOE INTL AIRPORT NV CLIMATE NORMALS FOR TODAY
                         NORMAL    RECORD    YEAR
 MAXIMUM TEMPERATURE (F)   76        94      2001
 MINIMUM TEMPERATURE (F)   48        27      1968


SUNRISE AND SUNSET
MAY 24 2017...........SUNRISE   538 AM PDT   SUNSET   815 PM PDT
MAY 25 2017...........SUNRISE   537 AM PDT   SUNSET   815 PM PDT


-  INDICATES NEGATIVE NUMBERS.
R  INDICATES RECORD WAS SET OR TIED.
MM INDICATES DATA IS MISSING.
T  INDICATES TRACE AMOUNT.




$$
