000
CDUS41 KRNK 270633
CLIROA


CLIMATE REPORT
NATIONAL WEATHER SERVICE BLACKSBURG VA
232 AM EDT THU JUL 27 2017


...................................

...THE ROANOKE VA CLIMATE SUMMARY FOR JULY 26 2017...

CLIMATE NORMAL PERIOD 1981 TO 2010
CLIMATE RECORD PERIOD 1912 TO 2017


WEATHER ITEM   OBSERVED TIME   RECORD YEAR NORMAL DEPARTURE LAST
                VALUE   (LST)  VALUE       VALUE  FROM      YEAR
                                                  NORMAL
..................................................................
TEMPERATURE (F)
 YESTERDAY
  MAXIMUM         84    434 PM 101    1930  87     -3       98
  MINIMUM         69    651 AM  55    1976  66      3       75
                                      1947
                                      1924
  AVERAGE         77                        77      0       87

PRECIPITATION (IN)
  YESTERDAY        0.00          1.87 1984   0.13  -0.13     0.01
  MONTH TO DATE    1.78                      3.38  -1.60     2.34
  SINCE JUN 1      6.28                      7.21  -0.93     8.37
  SINCE JAN 1     27.30                     23.91   3.39    26.10

SNOWFALL (IN)
  YESTERDAY        0.0                                       0.0
  MONTH TO DATE    0.0                                       0.0
  SINCE JUN 1      0.0                                       0.0
  SINCE JUL 1      0.0                                       0.0
  SNOW DEPTH       0

DEGREE DAYS
 HEATING
  YESTERDAY        0                         0      0        0
  MONTH TO DATE    0                         0      0        0
  SINCE JUN 1      4                        11     -7        0
  SINCE JUL 1      0                         0      0        0

 COOLING
  YESTERDAY       12                        12      0       22
  MONTH TO DATE  390                       307     83      365
  SINCE JUN 1    630                       553     77      645
  SINCE JAN 1    814                       669    145      770
..................................................................


WIND (MPH)
  HIGHEST WIND SPEED    13   HIGHEST WIND DIRECTION     S (170)
  HIGHEST GUST SPEED    17   HIGHEST GUST DIRECTION     S (160)
  AVERAGE WIND SPEED     5.3


SKY COVER
  AVERAGE SKY COVER 0.7


WEATHER CONDITIONS
 THE FOLLOWING WEATHER WAS RECORDED YESTERDAY.
  NO SIGNIFICANT WEATHER WAS OBSERVED.


RELATIVE HUMIDITY (PERCENT)
 HIGHEST    79          1100 PM
 LOWEST     58           100 PM
 AVERAGE    69

..........................................................


THE ROANOKE VA CLIMATE NORMALS FOR TODAY
                         NORMAL    RECORD    YEAR
 MAXIMUM TEMPERATURE (F)   87       103      1936
 MINIMUM TEMPERATURE (F)   66        53      1977
                                             1924


SUNRISE AND SUNSET
JULY 27 2017..........SUNRISE   621 AM EDT   SUNSET   832 PM EDT
JULY 28 2017..........SUNRISE   621 AM EDT   SUNSET   831 PM EDT


-  INDICATES NEGATIVE NUMBERS.
R  INDICATES RECORD WAS SET OR TIED.
MM INDICATES DATA IS MISSING.
T  INDICATES TRACE AMOUNT.




$$
