000
CDUS41 KRNK 222222
CLIROA


CLIMATE REPORT
NATIONAL WEATHER SERVICE BLACKSBURG VA
520 PM EST MON JAN 22 2018


...................................

...THE ROANOKE VA CLIMATE SUMMARY FOR JANUARY 22 2018...
VALID TODAY AS OF 0500 PM LOCAL TIME.

CLIMATE NORMAL PERIOD 1981 TO 2010
CLIMATE RECORD PERIOD 1912 TO 2018


WEATHER ITEM   OBSERVED TIME   RECORD YEAR NORMAL DEPARTURE LAST
                VALUE   (LST)  VALUE       VALUE  FROM      YEAR
                                                  NORMAL
..................................................................
TEMPERATURE (F)
 TODAY
  MAXIMUM         64    222 PM  74    1932  46     18       53
  MINIMUM         39    807 AM   2    1984  27     12       49
  AVERAGE         52                        37     15       51

PRECIPITATION (IN)
  TODAY            0.00          2.01 1954   0.10  -0.10     0.19
  MONTH TO DATE    1.19                      2.07  -0.88     2.15
  SINCE DEC 1      1.55                      5.01  -3.46     4.94
  SINCE JAN 1      1.19                      2.07  -0.88     2.15

SNOWFALL (IN)
  TODAY            0.0                                       0.0
  MONTH TO DATE    2.1                                       4.5
  SINCE DEC 1      3.6                                       4.5
  SINCE JUL 1      3.6                                       4.5
  SNOW DEPTH       0

DEGREE DAYS
 HEATING
  TODAY           13                        28    -15       14
  MONTH TO DATE  729                       633     96      516
  SINCE DEC 1   1528                      1439     89     1275
  SINCE JUL 1   2263                      2243     20     1803

 COOLING
  TODAY            0                         0      0        0
  MONTH TO DATE    0                         0      0        0
  SINCE DEC 1      0                         0      0        0
  SINCE JAN 1      0                         0      0        0
..................................................................


WIND (MPH)
  HIGHEST WIND SPEED    16   HIGHEST WIND DIRECTION     S (160)
  HIGHEST GUST SPEED    21   HIGHEST GUST DIRECTION     S (160)
  AVERAGE WIND SPEED     1.8


SKY COVER
  AVERAGE SKY COVER 0.7


WEATHER CONDITIONS
 THE FOLLOWING WEATHER WAS RECORDED TODAY.
  NO SIGNIFICANT WEATHER WAS OBSERVED.


RELATIVE HUMIDITY (PERCENT)
 HIGHEST    92           700 AM
 LOWEST     43           300 PM
 AVERAGE    68

..........................................................


THE ROANOKE VA CLIMATE NORMALS FOR TOMORROW
                         NORMAL    RECORD    YEAR
 MAXIMUM TEMPERATURE (F)   46        73      1974
                                             1967
 MINIMUM TEMPERATURE (F)   28         0      1936


SUNRISE AND SUNSET
JANUARY 22 2018.......SUNRISE   730 AM EST   SUNSET   533 PM EST
JANUARY 23 2018.......SUNRISE   729 AM EST   SUNSET   535 PM EST


-  INDICATES NEGATIVE NUMBERS.
R  INDICATES RECORD WAS SET OR TIED.
MM INDICATES DATA IS MISSING.
T  INDICATES TRACE AMOUNT.

$$
