261
CDUS41 KRNK 190627
CLIROA


CLIMATE REPORT
NATIONAL WEATHER SERVICE BLACKSBURG VA
124 AM EST SUN NOV 19 2017


...................................

...THE ROANOKE VA CLIMATE SUMMARY FOR NOVEMBER 18 2017...

CLIMATE NORMAL PERIOD 1981 TO 2010
CLIMATE RECORD PERIOD 1912 TO 2017


WEATHER ITEM   OBSERVED TIME   RECORD YEAR NORMAL DEPARTURE LAST
                VALUE   (LST)  VALUE       VALUE  FROM      YEAR
                                                  NORMAL
..................................................................
TEMPERATURE (F)
 YESTERDAY
  MAXIMUM         63   1157 PM  81    1931  58      5       78
  MINIMUM         33   1236 AM  18    1914  37     -4       39
  AVERAGE         48                        47      1       59

PRECIPITATION (IN)
  YESTERDAY        T             0.88 1929   0.12  -0.12     0.00
  MONTH TO DATE    0.60                      2.05  -1.45     0.02
  SINCE SEP 1      7.16                      8.83  -1.67     9.19
  SINCE JAN 1     37.06                     36.96   0.10    42.96

SNOWFALL (IN)
  YESTERDAY        0.0                                       0.0
  MONTH TO DATE    0.0                                       0.0
  SINCE SEP 1      0.0                                       0.0
  SINCE JUL 1      0.0                                       0.0
  SNOW DEPTH       0

DEGREE DAYS
 HEATING
  YESTERDAY       17                        18     -1        6
  MONTH TO DATE  291                       267     24      195
  SINCE SEP 1    508                       563    -55      318
  SINCE JUL 1    508                       564    -56      318

 COOLING
  YESTERDAY        0                         0      0        0
  MONTH TO DATE    0                         0      0       10
  SINCE SEP 1    237                       160     77      314
  SINCE JAN 1   1414                      1207    207     1563
..................................................................


WIND (MPH)
  HIGHEST WIND SPEED    20   HIGHEST WIND DIRECTION    SW (210)
  HIGHEST GUST SPEED    25   HIGHEST GUST DIRECTION    SW (220)
  AVERAGE WIND SPEED     5.8


SKY COVER
  AVERAGE SKY COVER 0.7


WEATHER CONDITIONS
 THE FOLLOWING WEATHER WAS RECORDED YESTERDAY.
  LIGHT RAIN


RELATIVE HUMIDITY (PERCENT)
 HIGHEST    82           500 AM
 LOWEST     46           100 PM
 AVERAGE    64

..........................................................


THE ROANOKE VA CLIMATE NORMALS FOR TODAY
                         NORMAL    RECORD    YEAR
 MAXIMUM TEMPERATURE (F)   57        78      1934
 MINIMUM TEMPERATURE (F)   37        18      2014


SUNRISE AND SUNSET
NOVEMBER 19 2017......SUNRISE   704 AM EST   SUNSET   507 PM EST
NOVEMBER 20 2017......SUNRISE   705 AM EST   SUNSET   506 PM EST


-  INDICATES NEGATIVE NUMBERS.
R  INDICATES RECORD WAS SET OR TIED.
MM INDICATES DATA IS MISSING.
T  INDICATES TRACE AMOUNT.




$$
