000
CDUS41 KRNK 170921
CLIROA


CLIMATE REPORT
NATIONAL WEATHER SERVICE BLACKSBURG VA
516 AM EDT THU APR 17 2014


...................................

...THE ROANOKE VA CLIMATE SUMMARY FOR APRIL 16 2014...

CLIMATE NORMAL PERIOD 1981 TO 2010
CLIMATE RECORD PERIOD 1912 TO 2014


WEATHER ITEM   OBSERVED TIME   RECORD YEAR NORMAL DEPARTURE LAST
                VALUE   (LST)  VALUE       VALUE  FROM      YEAR
                                                  NORMAL
..................................................................
TEMPERATURE (F)
 YESTERDAY
  MAXIMUM         52    449 PM  90    2002  68    -16       76
  MINIMUM         28    556 AM  24    1943  46    -18       56
  AVERAGE         40                        57    -17       66

PRECIPITATION (IN)
  YESTERDAY        0.00          1.95 2011   0.11  -0.11      T
  MONTH TO DATE    2.18                      1.79   0.39     2.17
  SINCE MAR 1      4.94                      5.25  -0.31     5.57
  SINCE JAN 1     11.22                     11.06   0.16    14.86

SNOWFALL (IN)
  YESTERDAY        0.0
  MONTH TO DATE    0.0
  SINCE MAR 1      5.6
  SINCE JUL 1     28.0
  SNOW DEPTH       0

DEGREE DAYS
 HEATING
  YESTERDAY       25                         9     16        0
  MONTH TO DATE  136                       174    -38      132
  SINCE MAR 1    786                       726     60      831
  SINCE JUL 1   4188                      3931    257     3773

 COOLING
  YESTERDAY        0                         1     -1        1
  MONTH TO DATE    8                         8      0       33
  SINCE MAR 1      8                        13     -5       33
  SINCE JAN 1      8                        13     -5       33
..................................................................


WIND (MPH)
  HIGHEST WIND SPEED    23   HIGHEST WIND DIRECTION    NW (330)
  HIGHEST GUST SPEED    26   HIGHEST GUST DIRECTION    NW (330)
  AVERAGE WIND SPEED     7.9


SKY COVER
  POSSIBLE SUNSHINE  MM
  AVERAGE SKY COVER 0.1


WEATHER CONDITIONS
 THE FOLLOWING WEATHER WAS RECORDED YESTERDAY.
  NO SIGNIFICANT WEATHER WAS OBSERVED.


RELATIVE HUMIDITY (PERCENT)
 HIGHEST    58           300 AM
 LOWEST     29           200 PM
 AVERAGE    44

..........................................................


THE ROANOKE VA CLIMATE NORMALS FOR TODAY
                         NORMAL    RECORD    YEAR
 MAXIMUM TEMPERATURE (F)   69        91      1976
 MINIMUM TEMPERATURE (F)   46        27      1980


SUNRISE AND SUNSET
APRIL 17 2014.........SUNRISE   643 AM EDT   SUNSET   757 PM EDT
APRIL 18 2014.........SUNRISE   641 AM EDT   SUNSET   758 PM EDT


-  INDICATES NEGATIVE NUMBERS.
R  INDICATES RECORD WAS SET OR TIED.
MM INDICATES DATA IS MISSING.
T  INDICATES TRACE AMOUNT.


REMARKS:
DUE TO A PROBLEM WITH THE ASOS TEMPERATURE SENSOR ON AUGUST
26-28 AND SEPTEMBER 23...THE SEASONAL TOTAL AND DEPARTURE FROM
NORMAL FOR HDD WILL BE CALCULATED WITHOUT DATA FROM THOSE DATES.


$$
