000
CDUS41 KRNK 220913
CLIROA


CLIMATE REPORT
NATIONAL WEATHER SERVICE BLACKSBURG VA
509 AM EDT MON SEP 22 2014


...................................

...THE ROANOKE VA CLIMATE SUMMARY FOR SEPTEMBER 21 2014...

CLIMATE NORMAL PERIOD 1981 TO 2010
CLIMATE RECORD PERIOD 1912 TO 2014


WEATHER ITEM   OBSERVED TIME   RECORD YEAR NORMAL DEPARTURE LAST
                VALUE   (LST)  VALUE       VALUE  FROM      YEAR
                                                  NORMAL
..................................................................
TEMPERATURE (F)
 YESTERDAY
  MAXIMUM         84    124 PM  95    1931  77      7       68
  MINIMUM         54    346 AM  36    1956  56     -2       56
  AVERAGE         69                        66      3       62

PRECIPITATION (IN)
  YESTERDAY        0.08          3.80 1979   0.13  -0.05     0.47
  MONTH TO DATE    1.22                      2.85  -1.63     1.11
  SINCE SEP 1      1.22                      2.85  -1.63     1.11
  SINCE JAN 1     29.80                     30.98  -1.18    43.42

SNOWFALL (IN)
  YESTERDAY        0.0
  MONTH TO DATE    0.0
  SINCE SEP 1      0.0
  SINCE JUL 1      0.0
  SNOW DEPTH       0

DEGREE DAYS
 HEATING
  YESTERDAY        0                         2     -2        3
  MONTH TO DATE    3                        17    -14       18
  SINCE SEP 1      3                        17    -14       18
  SINCE JUL 1      3                        18    -15       19

 COOLING
  YESTERDAY        4                         3      1        0
  MONTH TO DATE  127                       118      9      123
  SINCE SEP 1    127                       118      9      123
  SINCE JAN 1   1097                      1165    -68     1183
..................................................................


WIND (MPH)
  HIGHEST WIND SPEED    21   HIGHEST WIND DIRECTION    NW (320)
  HIGHEST GUST SPEED    26   HIGHEST GUST DIRECTION     N (340)
  AVERAGE WIND SPEED     7.7


SKY COVER
  POSSIBLE SUNSHINE  MM
  AVERAGE SKY COVER 0.4


WEATHER CONDITIONS
 THE FOLLOWING WEATHER WAS RECORDED YESTERDAY.
  LIGHT RAIN


RELATIVE HUMIDITY (PERCENT)
 HIGHEST    93          1200 AM
 LOWEST     51           100 PM
 AVERAGE    72

..........................................................


THE ROANOKE VA CLIMATE NORMALS FOR TODAY
                         NORMAL    RECORD    YEAR
 MAXIMUM TEMPERATURE (F)   76        97      1931
 MINIMUM TEMPERATURE (F)   55        35      1918


SUNRISE AND SUNSET
SEPTEMBER 22 2014.....SUNRISE   708 AM EDT   SUNSET   717 PM EDT
SEPTEMBER 23 2014.....SUNRISE   708 AM EDT   SUNSET   715 PM EDT


-  INDICATES NEGATIVE NUMBERS.
R  INDICATES RECORD WAS SET OR TIED.
MM INDICATES DATA IS MISSING.
T  INDICATES TRACE AMOUNT.




$$
