000
CDUS41 KRNK 292110
CLIROA


CLIMATE REPORT
NATIONAL WEATHER SERVICE BLACKSBURG VA
508 PM EDT SUN MAY 29 2016


...................................

...THE ROANOKE VA CLIMATE SUMMARY FOR MAY 29 2016...
VALID TODAY AS OF 0500 PM LOCAL TIME.

CLIMATE NORMAL PERIOD 1981 TO 2010
CLIMATE RECORD PERIOD 1912 TO 2016


WEATHER ITEM   OBSERVED TIME   RECORD YEAR NORMAL DEPARTURE LAST
                VALUE   (LST)  VALUE       VALUE  FROM      YEAR
                                                  NORMAL
..................................................................
TEMPERATURE (F)
 TODAY
  MAXIMUM         77   1258 PM  97    1941  79     -2       86
  MINIMUM         65    550 AM  40    1949  57      8       65
  AVERAGE         71                        68      3       76

PRECIPITATION (IN)
  TODAY            0.01          3.89 1976   0.15  -0.14     0.04
  MONTH TO DATE    5.71                      3.77   1.94     1.13
  SINCE MAR 1      9.09                     10.60  -1.51    10.44
  SINCE JAN 1     17.32                     16.41   0.91    14.36

SNOWFALL (IN)
  TODAY            0.0                                       0.0
  MONTH TO DATE    0.0                                       0.0
  SINCE MAR 1      1.0                                       1.9
  SINCE JUL 1     23.0                                      21.7
  SNOW DEPTH       0

DEGREE DAYS
 HEATING
  TODAY            0                         1     -1        0
  MONTH TO DATE   92                        98     -6       35
  SINCE MAR 1    671                       925   -254      815
  SINCE JUL 1   3505                      4130   -625     4244

 COOLING
  TODAY            6                         4      2       11
  MONTH TO DATE   62                        77    -15      144
  SINCE MAR 1    111                       106      5      150
  SINCE JAN 1    111                       106      5      150
..................................................................


WIND (MPH)
  HIGHEST WIND SPEED    12   HIGHEST WIND DIRECTION     E (100)
  HIGHEST GUST SPEED    15   HIGHEST GUST DIRECTION     E (110)
  AVERAGE WIND SPEED     2.2


SKY COVER
  AVERAGE SKY COVER 0.7


WEATHER CONDITIONS
 THE FOLLOWING WEATHER WAS RECORDED TODAY.
  LIGHT RAIN


RELATIVE HUMIDITY (PERCENT)
 HIGHEST    93           500 AM
 LOWEST     49           200 PM
 AVERAGE    71

..........................................................


THE ROANOKE VA CLIMATE NORMALS FOR TOMORROW
                         NORMAL    RECORD    YEAR
 MAXIMUM TEMPERATURE (F)   79        94      2011
                                             1931
 MINIMUM TEMPERATURE (F)   58        41      1932


SUNRISE AND SUNSET
MAY 29 2016...........SUNRISE   602 AM EDT   SUNSET   833 PM EDT
MAY 30 2016...........SUNRISE   601 AM EDT   SUNSET   834 PM EDT


-  INDICATES NEGATIVE NUMBERS.
R  INDICATES RECORD WAS SET OR TIED.
MM INDICATES DATA IS MISSING.
T  INDICATES TRACE AMOUNT.


$$

PW
