000
CDUS41 KRNK 240844
CLIROA


CLIMATE REPORT
NATIONAL WEATHER SERVICE BLACKSBURG VA
440 AM EDT FRI MAR 24 2017


...................................

...THE ROANOKE VA CLIMATE SUMMARY FOR MARCH 23 2017...

CLIMATE NORMAL PERIOD 1981 TO 2010
CLIMATE RECORD PERIOD 1912 TO 2017


WEATHER ITEM   OBSERVED TIME   RECORD YEAR NORMAL DEPARTURE LAST
                VALUE   (LST)  VALUE       VALUE  FROM      YEAR
                                                  NORMAL
..................................................................
TEMPERATURE (F)
 YESTERDAY
  MAXIMUM         53    427 PM  84    2012  60     -7       78
  MINIMUM         30    641 AM  21    2004  39     -9       43
  AVERAGE         42                        50     -8       61

PRECIPITATION (IN)
  YESTERDAY        0.00          1.65 1953   0.11  -0.11     0.00
  MONTH TO DATE    0.97                      2.49  -1.52     1.86
  SINCE MAR 1      0.97                      2.49  -1.52     1.86
  SINCE JAN 1      5.61                      8.30  -2.69    10.09

SNOWFALL (IN)
  YESTERDAY        0.0                                       0.0
  MONTH TO DATE    0.1                                       1.0
  SINCE MAR 1      0.1                                       1.0
  SINCE JUL 1      4.6                                      23.0
  SNOW DEPTH       0

DEGREE DAYS
 HEATING
  YESTERDAY       23                        16      7        4
  MONTH TO DATE  471                       438     33      271
  SINCE MAR 1    471                       438     33      271
  SINCE JUL 1   2935                      3643   -708     3105

 COOLING
  YESTERDAY        0                         0      0        0
  MONTH TO DATE    0                         0      0       10
  SINCE MAR 1      0                         0      0       10
  SINCE JAN 1      0                         0      0       10
..................................................................


WIND (MPH)
  HIGHEST WIND SPEED    15   HIGHEST WIND DIRECTION    SE (120)
  HIGHEST GUST SPEED    20   HIGHEST GUST DIRECTION    SE (150)
  AVERAGE WIND SPEED     6.3


SKY COVER
  AVERAGE SKY COVER 0.1


WEATHER CONDITIONS
 THE FOLLOWING WEATHER WAS RECORDED YESTERDAY.
  NO SIGNIFICANT WEATHER WAS OBSERVED.


RELATIVE HUMIDITY (PERCENT)
 HIGHEST    53           400 AM
 LOWEST     22           300 PM
 AVERAGE    38

..........................................................


THE ROANOKE VA CLIMATE NORMALS FOR TODAY
                         NORMAL    RECORD    YEAR
 MAXIMUM TEMPERATURE (F)   61        89      1929
 MINIMUM TEMPERATURE (F)   39        21      1940


SUNRISE AND SUNSET
MARCH 24 2017.........SUNRISE   717 AM EDT   SUNSET   736 PM EDT
MARCH 25 2017.........SUNRISE   716 AM EDT   SUNSET   736 PM EDT


-  INDICATES NEGATIVE NUMBERS.
R  INDICATES RECORD WAS SET OR TIED.
MM INDICATES DATA IS MISSING.
T  INDICATES TRACE AMOUNT.

$$

RAB
