000
CDUS41 KRNK 312108
CLIROA


CLIMATE REPORT
NATIONAL WEATHER SERVICE BLACKSBURG VA
507 PM EDT FRI JUL 31 2015


...................................

...THE ROANOKE VA CLIMATE SUMMARY FOR JULY 31 2015...
VALID TODAY AS OF 0500 PM LOCAL TIME.

CLIMATE NORMAL PERIOD 1981 TO 2010
CLIMATE RECORD PERIOD 1912 TO 2015


WEATHER ITEM   OBSERVED TIME   RECORD YEAR NORMAL DEPARTURE LAST
                VALUE   (LST)  VALUE       VALUE  FROM      YEAR
                                                  NORMAL
..................................................................
TEMPERATURE (F)
 TODAY
  MAXIMUM         89    344 PM 101    1953  87      2       82
  MINIMUM         64    525 AM  49    1914  66     -2       58
  AVERAGE         77                        77      0       70

PRECIPITATION (IN)
  TODAY            0.00          1.68 1923   0.13  -0.13     0.00
  MONTH TO DATE    4.29                      4.04   0.25     3.40
  SINCE JUN 1     13.36                      7.87   5.49     6.45
  SINCE JAN 1     28.34                     24.57   3.77    22.05

SNOWFALL (IN)
  TODAY            0.0                                       0.0
  MONTH TO DATE    0.0                                       0.0
  SINCE JUN 1      T                                         0.0
  SINCE JUL 1      0.0                                       0.0
  SNOW DEPTH       0

DEGREE DAYS
 HEATING
  TODAY            0                         0      0        0
  MONTH TO DATE    0                         0      0        0
  SINCE JUN 1      7                        11     -4        0
  SINCE JUL 1      0                         0      0        0

 COOLING
  TODAY           12                        12      0        5
  MONTH TO DATE  392                       361     31      304
  SINCE JUN 1    718                       607    111      601
  SINCE JAN 1    886                       723    163      750
..................................................................


WIND (MPH)
  HIGHEST WIND SPEED    16   HIGHEST WIND DIRECTION    NW (310)
  HIGHEST GUST SPEED    21   HIGHEST GUST DIRECTION    NW (310)
  AVERAGE WIND SPEED     6.0


SKY COVER
  AVERAGE SKY COVER 0.1


WEATHER CONDITIONS
 THE FOLLOWING WEATHER WAS RECORDED TODAY.
  NO SIGNIFICANT WEATHER WAS OBSERVED.


RELATIVE HUMIDITY (PERCENT)
 HIGHEST    78           500 AM
 LOWEST     32           100 PM
 AVERAGE    55

..........................................................


THE ROANOKE VA CLIMATE NORMALS FOR TOMORROW
                         NORMAL    RECORD    YEAR
 MAXIMUM TEMPERATURE (F)   87        97      1953
                                             1935
 MINIMUM TEMPERATURE (F)   66        54      1997
                                             1936
                                             1914


SUNRISE AND SUNSET
JULY 31 2015..........SUNRISE   623 AM EDT   SUNSET   829 PM EDT
AUGUST  1 2015........SUNRISE   624 AM EDT   SUNSET   828 PM EDT


-  INDICATES NEGATIVE NUMBERS.
R  INDICATES RECORD WAS SET OR TIED.
MM INDICATES DATA IS MISSING.
T  INDICATES TRACE AMOUNT.




$$
