000
CDUS41 KBUF 211037
CLIROC


CLIMATE REPORT
NATIONAL WEATHER SERVICE BUFFALO NY
535 AM EST SAT JAN 21 2017


...................................

...THE ROCHESTER NY CLIMATE SUMMARY FOR JANUARY 20 2017...

CLIMATE NORMAL PERIOD 1981 TO 2010
CLIMATE RECORD PERIOD 1871 TO 2017


WEATHER ITEM   OBSERVED TIME   RECORD YEAR NORMAL DEPARTURE LAST
                VALUE   (LST)  VALUE       VALUE  FROM      YEAR
                                                  NORMAL
..................................................................
TEMPERATURE (F)
 YESTERDAY
  MAXIMUM         47    247 PM  58    1951  31     16       28
  MINIMUM         35    717 AM  -9    1994  17     18       21
  AVERAGE         41                        24     17       25

PRECIPITATION (IN)
  YESTERDAY        0.01          1.26 1978   0.08  -0.07     0.03
  MONTH TO DATE    1.89                      1.61   0.28     1.22
  SINCE DEC 1      4.80                      4.24   0.56     3.95
  SINCE JAN 1      1.89                      1.61   0.28     1.22

SNOWFALL (IN)
  YESTERDAY        0.0          13.1  1978   0.9   -0.9      0.8
  MONTH TO DATE    4.4                      18.3  -13.9     13.0
  SINCE DEC 1     33.7                      40.1   -6.4     15.3
  SINCE JUL 1     49.6                      47.5    2.1     16.5
  SNOW DEPTH       0

DEGREE DAYS
 HEATING
  YESTERDAY       24                        41    -17       40
  MONTH TO DATE  695                       803   -108      764
  SINCE DEC 1   1730                      1888   -158     1463
  SINCE JUL 1   2708                      3256   -548     2503

 COOLING
  YESTERDAY        0                         0      0        0
  MONTH TO DATE    0                         0      0        0
  SINCE DEC 1      0                         0      0        0
  SINCE JAN 1      0                         0      0        0
..................................................................


WIND (MPH)
  HIGHEST WIND SPEED    10   HIGHEST WIND DIRECTION    SE (140)
  HIGHEST GUST SPEED    13   HIGHEST GUST DIRECTION    SE (140)
  AVERAGE WIND SPEED     5.4


SKY COVER
  AVERAGE SKY COVER 1.0


WEATHER CONDITIONS
 THE FOLLOWING WEATHER WAS RECORDED YESTERDAY.
  LIGHT RAIN
  FOG


RELATIVE HUMIDITY (PERCENT)
 HIGHEST    92          1200 AM
 LOWEST     70           100 PM
 AVERAGE    81

..........................................................


THE ROCHESTER NY CLIMATE NORMALS FOR TODAY
                         NORMAL    RECORD    YEAR
 MAXIMUM TEMPERATURE (F)   31        71      1906
 MINIMUM TEMPERATURE (F)   17       -10      2005


SUNRISE AND SUNSET
JANUARY 21 2017.......SUNRISE   736 AM EST   SUNSET   509 PM EST
JANUARY 22 2017.......SUNRISE   735 AM EST   SUNSET   510 PM EST


-  INDICATES NEGATIVE NUMBERS.
R  INDICATES RECORD WAS SET OR TIED.
MM INDICATES DATA IS MISSING.
T  INDICATES TRACE AMOUNT.




$$
