000
CDUS41 KBUF 312035
CLIROC


CLIMATE REPORT
NATIONAL WEATHER SERVICE BUFFALO NY
435 PM EDT TUE MAY 31 2016


...................................

...THE ROCHESTER NY CLIMATE SUMMARY FOR MAY 31 2016...
VALID TODAY AS OF 0400 PM LOCAL TIME.

CLIMATE NORMAL PERIOD 1981 TO 2010
CLIMATE RECORD PERIOD 1871 TO 2016


WEATHER ITEM   OBSERVED TIME   RECORD YEAR NORMAL DEPARTURE LAST
                VALUE   (LST)  VALUE       VALUE  FROM      YEAR
                                                  NORMAL
..................................................................
TEMPERATURE (F)
 TODAY
  MAXIMUM         81    259 PM  91    2011  72      9       65
                                      1944
                                      1895
  MINIMUM         58    500 AM  37    2001  51      7       46
                                      1984
                                      1930
  AVERAGE         70                        62      8       56

PRECIPITATION (IN)
  TODAY            0.00          1.64 2015   0.10  -0.10     1.64
                                      1889
  MONTH TO DATE    2.93                      2.87   0.06     3.41
  SINCE MAR 1      6.31                      8.10  -1.79     7.45
  SINCE JAN 1     11.61                     12.46  -0.85    11.70

SNOWFALL (IN)
  TODAY            0.0           0.0    MM   0.0    0.0      0.0
  MONTH TO DATE    T                         0.4   -0.4      0.0
  SINCE MAR 1     12.0                      20.6   -8.6     13.3
  SINCE JUL 1     63.7                      99.5  -35.8    101.9
  SNOW DEPTH       0

DEGREE DAYS
 HEATING
  TODAY            0                         5     -5        9
  MONTH TO DATE  255                       275    -20      128
  SINCE MAR 1   1691                      1792   -101     1720
  SINCE JUL 1   5608                      6578   -970     6814

 COOLING
  TODAY            5                         2      3        0
  MONTH TO DATE   62                        26     36      103
  SINCE MAR 1     62                        30     32      103
  SINCE JAN 1     62                        30     32      103
..................................................................


WIND (MPH)
  HIGHEST WIND SPEED    17   HIGHEST WIND DIRECTION    NW (310)
  HIGHEST GUST SPEED    22   HIGHEST GUST DIRECTION    NW (310)
  AVERAGE WIND SPEED     6.9


SKY COVER
  AVERAGE SKY COVER 0.4


WEATHER CONDITIONS
 THE FOLLOWING WEATHER WAS RECORDED TODAY.
  NO SIGNIFICANT WEATHER WAS OBSERVED.


RELATIVE HUMIDITY (PERCENT)
 HIGHEST   100           500 AM
 LOWEST     30           200 PM
 AVERAGE    65

..........................................................


THE ROCHESTER NY CLIMATE NORMALS FOR TOMORROW
                         NORMAL    RECORD    YEAR
 MAXIMUM TEMPERATURE (F)   73        93      1895
 MINIMUM TEMPERATURE (F)   52        35      1945


SUNRISE AND SUNSET
MAY 31 2016...........SUNRISE   534 AM EDT   SUNSET   843 PM EDT
JUNE  1 2016..........SUNRISE   534 AM EDT   SUNSET   844 PM EDT


-  INDICATES NEGATIVE NUMBERS.
R  INDICATES RECORD WAS SET OR TIED.
MM INDICATES DATA IS MISSING.
T  INDICATES TRACE AMOUNT.




$$
