000
CDUS41 KBUF 191031
CLIROC


CLIMATE REPORT
NATIONAL WEATHER SERVICE BUFFALO NY
531 AM EST FRI JAN 19 2018


...................................

...THE ROCHESTER NY CLIMATE SUMMARY FOR JANUARY 18 2018...

CLIMATE NORMAL PERIOD 1981 TO 2010
CLIMATE RECORD PERIOD 1871 TO 2018


WEATHER ITEM   OBSERVED TIME   RECORD YEAR NORMAL DEPARTURE LAST
                VALUE   (LST)  VALUE       VALUE  FROM      YEAR
                                                  NORMAL
..................................................................
TEMPERATURE (F)
 YESTERDAY
  MAXIMUM         24   1159 PM  62    1929  31     -7       46
  MINIMUM         12    343 AM  -8    1997  17     -5       37
  AVERAGE         18                        24     -6       42

PRECIPITATION (IN)
  YESTERDAY        T             0.70 1929   0.08  -0.08     0.02
  MONTH TO DATE    2.30                      1.45   0.85     1.88
  SINCE DEC 1      4.54                      4.08   0.46     4.79
  SINCE JAN 1      2.30                      1.45   0.85     1.88

SNOWFALL (IN)
  YESTERDAY        T             5.0  1920   0.9   -0.9       T
  MONTH TO DATE   25.4                      16.4    9.0      4.4
  SINCE DEC 1     60.1                      38.2   21.9     33.7
  SINCE JUL 1     62.7                      45.6   17.1     49.6
  SNOW DEPTH       7

DEGREE DAYS
 HEATING
  YESTERDAY       47                        41      6       23
  MONTH TO DATE  814                       721     93      643
  SINCE DEC 1   2016                      1806    210     1678
  SINCE JUL 1   3107                      3174    -67     2656

 COOLING
  YESTERDAY        0                         0      0        0
  MONTH TO DATE    0                         0      0        0
  SINCE DEC 1      0                         0      0        0
  SINCE JAN 1      0                         0      0        0
..................................................................


WIND (MPH)
  HIGHEST WIND SPEED    26   HIGHEST WIND DIRECTION     W (270)
  HIGHEST GUST SPEED    36   HIGHEST GUST DIRECTION     W (260)
  AVERAGE WIND SPEED    13.3


SKY COVER
  AVERAGE SKY COVER 0.6


WEATHER CONDITIONS
 THE FOLLOWING WEATHER WAS RECORDED YESTERDAY.
  LIGHT SNOW


RELATIVE HUMIDITY (PERCENT)
 HIGHEST    77          1100 AM
 LOWEST     56           500 AM
 AVERAGE    67

..........................................................


THE ROCHESTER NY CLIMATE NORMALS FOR TODAY
                         NORMAL    RECORD    YEAR
 MAXIMUM TEMPERATURE (F)   31        61      1996
                                             1933
 MINIMUM TEMPERATURE (F)   17       -11      1994


SUNRISE AND SUNSET
JANUARY 19 2018.......SUNRISE   737 AM EST   SUNSET   506 PM EST
JANUARY 20 2018.......SUNRISE   736 AM EST   SUNSET   507 PM EST


-  INDICATES NEGATIVE NUMBERS.
R  INDICATES RECORD WAS SET OR TIED.
MM INDICATES DATA IS MISSING.
T  INDICATES TRACE AMOUNT.

$$
