000
CDUS41 KBUF 191019
CLIROC


CLIMATE REPORT
NATIONAL WEATHER SERVICE BUFFALO NY
518 AM EST SUN NOV 19 2017


...................................

...THE ROCHESTER NY CLIMATE SUMMARY FOR NOVEMBER 18 2017...

CLIMATE NORMAL PERIOD 1981 TO 2010
CLIMATE RECORD PERIOD 1871 TO 2017


WEATHER ITEM   OBSERVED TIME   RECORD YEAR NORMAL DEPARTURE LAST
                VALUE   (LST)  VALUE       VALUE  FROM      YEAR
                                                  NORMAL
..................................................................
TEMPERATURE (F)
 YESTERDAY
  MAXIMUM         50   1159 PM  73    2016  47      3       73
  MINIMUM         32    402 AM  14    1959  32      0       34
  AVERAGE         41                        40      1       54

PRECIPITATION (IN)
  YESTERDAY        0.34          0.85 1892   0.11   0.23     0.00
  MONTH TO DATE    3.56                      1.74   1.82     1.05
  SINCE SEP 1     11.55                      7.84   3.71     8.61
  SINCE JAN 1     42.56                     30.44  12.12    26.26

SNOWFALL (IN)
  YESTERDAY        0.0           7.6  1880   0.3   -0.3      0.0
  MONTH TO DATE    1.5                       3.0   -1.5      0.0
  SINCE SEP 1      1.5                       3.1   -1.6      0.9
  SINCE JUL 1      1.5                       3.1   -1.6      0.9
  SNOW DEPTH       0

DEGREE DAYS
 HEATING
  YESTERDAY       24                        25     -1       11
  MONTH TO DATE  439                       402     37      293
  SINCE SEP 1    774                      1001   -227      686
  SINCE JUL 1    801                      1035   -234      686

 COOLING
  YESTERDAY        0                         0      0        0
  MONTH TO DATE    0                         0      0        0
  SINCE SEP 1    139                        55     84      127
  SINCE JAN 1    655                       539    116      978
..................................................................


WIND (MPH)
  HIGHEST WIND SPEED    15   HIGHEST WIND DIRECTION    SW (220)
  HIGHEST GUST SPEED    20   HIGHEST GUST DIRECTION    SW (230)
  AVERAGE WIND SPEED     6.9


SKY COVER
  AVERAGE SKY COVER 1.0


WEATHER CONDITIONS
 THE FOLLOWING WEATHER WAS RECORDED YESTERDAY.
  RAIN
  LIGHT RAIN
  FOG


RELATIVE HUMIDITY (PERCENT)
 HIGHEST   100           700 PM
 LOWEST     70           500 AM
 AVERAGE    85

..........................................................


THE ROCHESTER NY CLIMATE NORMALS FOR TODAY
                         NORMAL    RECORD    YEAR
 MAXIMUM TEMPERATURE (F)   47        73      1941
                                             1921
 MINIMUM TEMPERATURE (F)   32        11      1894


SUNRISE AND SUNSET
NOVEMBER 19 2017......SUNRISE   709 AM EST   SUNSET   443 PM EST
NOVEMBER 20 2017......SUNRISE   710 AM EST   SUNSET   442 PM EST


-  INDICATES NEGATIVE NUMBERS.
R  INDICATES RECORD WAS SET OR TIED.
MM INDICATES DATA IS MISSING.
T  INDICATES TRACE AMOUNT.

$$
