000
CDUS41 KBUF 090705
CLIROC


CLIMATE REPORT
NATIONAL WEATHER SERVICE BUFFALO NY
205 AM EST TUE FEB 9 2016


...................................

...THE ROCHESTER NY CLIMATE SUMMARY FOR FEBRUARY 8 2016...

CLIMATE NORMAL PERIOD 1981 TO 2010
CLIMATE RECORD PERIOD 1871 TO 2016


WEATHER ITEM   OBSERVED TIME   RECORD YEAR NORMAL DEPARTURE LAST
                VALUE   (LST)  VALUE       VALUE  FROM      YEAR
                                                  NORMAL
..................................................................
TEMPERATURE (F)
 YESTERDAY
  MAXIMUM         43    120 PM  63    1925  33     10       25
  MINIMUM         33   1159 PM -16    1934  18     15       14
  AVERAGE         38                        25     13       20

PRECIPITATION (IN)
  YESTERDAY        0.03          1.34 1878   0.06  -0.03     0.37
  MONTH TO DATE    0.83                      0.53   0.30     1.16
  SINCE DEC 1      5.08                      5.57  -0.49     5.21
  SINCE JAN 1      2.35                      2.94  -0.59     2.90

SNOWFALL (IN)
  YESTERDAY       MM            10.1  2013   0.7   MM        5.5
  MONTH TO DATE    1.0                       6.3   -5.3     18.1
  SINCE DEC 1     23.5                      56.3  -32.8     52.4
  SINCE JUL 1     24.7                      63.7  -39.0     61.5
  SNOW DEPTH       0

DEGREE DAYS
 HEATING
  YESTERDAY       27                        40    -13       45
  MONTH TO DATE  211                       321   -110      375
  SINCE DEC 1   2069                      2657   -588     2717
  SINCE JUL 1   3109                      4025   -916     3997

 COOLING
  YESTERDAY        0                         0      0        0
  MONTH TO DATE    0                         0      0        0
  SINCE DEC 1      0                         0      0        0
  SINCE JAN 1      0                         0      0        0
..................................................................


WIND (MPH)
  HIGHEST WIND SPEED    16   HIGHEST WIND DIRECTION     E (110)
  HIGHEST GUST SPEED    20   HIGHEST GUST DIRECTION    SE (120)
  AVERAGE WIND SPEED     8.4


SKY COVER
  AVERAGE SKY COVER 1.0


WEATHER CONDITIONS
 THE FOLLOWING WEATHER WAS RECORDED YESTERDAY.
  LIGHT SNOW
  FOG


RELATIVE HUMIDITY (PERCENT)
 HIGHEST    64          1200 AM
 LOWEST     49          1200 PM
 AVERAGE    57

..........................................................


THE ROCHESTER NY CLIMATE NORMALS FOR TODAY
                         NORMAL    RECORD    YEAR
 MAXIMUM TEMPERATURE (F)   33        62      2001
 MINIMUM TEMPERATURE (F)   18       -22      1934


SUNRISE AND SUNSET
FEBRUARY  9 2016......SUNRISE   717 AM EST   SUNSET   533 PM EST
FEBRUARY 10 2016......SUNRISE   716 AM EST   SUNSET   535 PM EST


-  INDICATES NEGATIVE NUMBERS.
R  INDICATES RECORD WAS SET OR TIED.
MM INDICATES DATA IS MISSING.
T  INDICATES TRACE AMOUNT.




$$
