000
CDUS45 KCYS 120730
CLIRWL


CLIMATE REPORT
NATIONAL WEATHER SERVICE CHEYENNE WY
1229 AM MST FRI FEB 12 2016


...................................

...THE RAWLINS WY AIRPORT CLIMATE SUMMARY FOR FEBRUARY 11 2016...

CLIMATE NORMAL PERIOD 1981 TO 2010
CLIMATE RECORD PERIOD 1951 TO 2016


WEATHER ITEM   OBSERVED TIME   RECORD YEAR NORMAL DEPARTURE LAST
                VALUE   (LST)  VALUE       VALUE  FROM      YEAR
                                                  NORMAL
..................................................................
TEMPERATURE (F)
 YESTERDAY
  MAXIMUM         39    348 PM  58    1962  33      6       46
  MINIMUM         31    738 AM -18    1986  13     18       24
  AVERAGE         35                        22     13       35

PRECIPITATION (IN)
  YESTERDAY        0.00          0.14 1971   0.02  -0.02     0.00
  MONTH TO DATE    0.06                      0.15  -0.09     0.03
  SINCE JAN 1      0.88                      0.51   0.37     0.22

DEGREE DAYS
 HEATING
  YESTERDAY       30                        42    -12       30
  MONTH TO DATE  471                       473     -2      283
  SINCE DEC 1   3215                      3166     49     2685
  SINCE JUL 1   4912                      5272   -360     4576

 COOLING
  YESTERDAY        0                         0      0        0
  MONTH TO DATE    0                         0      0        0
  SINCE DEC 1      0                         0      0        0
  SINCE JAN 1      0                         0      0        0
..................................................................


WIND (MPH)
  HIGHEST WIND SPEED    33   HIGHEST WIND DIRECTION    SW (240)
  HIGHEST GUST SPEED    42   HIGHEST GUST DIRECTION    SW (240)
  AVERAGE WIND SPEED    21.2


SKY COVER
  AVERAGE SKY COVER 0.0


WEATHER CONDITIONS
 THE FOLLOWING WEATHER WAS RECORDED YESTERDAY.
  NO SIGNIFICANT WEATHER WAS OBSERVED.


RELATIVE HUMIDITY (PERCENT)
 HIGHEST    61          1000 PM
 LOWEST     48           100 PM
 AVERAGE    55

..........................................................


THE RAWLINS WY AIRPORT CLIMATE NORMALS FOR TODAY
                         NORMAL    RECORD    YEAR
 MAXIMUM TEMPERATURE (F)   33        51      2015
                                             1962
 MINIMUM TEMPERATURE (F)   13       -21      2004


SUNRISE AND SUNSET
FEBRUARY 12 2016......SUNRISE   709 AM MST   SUNSET   538 PM MST
FEBRUARY 13 2016......SUNRISE   708 AM MST   SUNSET   539 PM MST


-  INDICATES NEGATIVE NUMBERS.
R  INDICATES RECORD WAS SET OR TIED.
MM INDICATES DATA IS MISSING.
T  INDICATES TRACE AMOUNT.




$$
