650
CDUS45 KPIH 312323
CLIRXE


CLIMATE REPORT
NATIONAL WEATHER SERVICE POCATELLO ID
520 PM MDT WED AUG 31 2016


...................................

...THE REXBURG ID CLIMATE SUMMARY FOR AUGUST 31 2016...
VALID TODAY AS OF 0500 PM LOCAL TIME.

CLIMATE NORMAL PERIOD 1981 TO 2010
CLIMATE RECORD PERIOD 1998 TO 2016


WEATHER ITEM   OBSERVED TIME   RECORD YEAR NORMAL DEPARTURE LAST
                VALUE   (LST)  VALUE       VALUE  FROM      YEAR
                                                  NORMAL
..................................................................
TEMPERATURE (F)
 TODAY
  MAXIMUM         92R   134 PM  89    1998  79     13       78
  MINIMUM         51    526 AM  33    2006  45      6       42
  AVERAGE         72                        62     10       60

PRECIPITATION (IN)
  TODAY            0.00         MM      MM   0.04  -0.04     0.00
  MONTH TO DATE    0.04                      0.96  -0.92     0.55
  SINCE OCT 1      9.11                     12.13  -3.02     9.91
  SINCE JAN 1      5.95                      8.92  -2.97     7.14

SNOWFALL (IN)
  TODAY           MM
  MONTH TO DATE   MM
  SINCE JUN 1     MM
  SINCE JUL 1     MM
  SNOW DEPTH      MM

DEGREE DAYS
 HEATING
  TODAY            0                         4     -4        5
  MONTH TO DATE   30                        42    -12       31
  SINCE JUN 1    134                       245   -111      115
  SINCE JUL 1     64                        73     -9       75

 COOLING
  TODAY            7                         1      6        0
  MONTH TO DATE   75                        88    -13      104
  SINCE JUN 1    247                       198     49      289
  SINCE JAN 1    247                       202     45      289
..................................................................


WIND (MPH)
  HIGHEST WIND SPEED    16   HIGHEST WIND DIRECTION    SW (230)
  HIGHEST GUST SPEED    30   HIGHEST GUST DIRECTION     W (260)
  AVERAGE WIND SPEED     4.6


SKY COVER
  POSSIBLE SUNSHINE  MM
  AVERAGE SKY COVER 0.0


WEATHER CONDITIONS
 THE FOLLOWING WEATHER WAS RECORDED TODAY.
  NO SIGNIFICANT WEATHER WAS OBSERVED.


RELATIVE HUMIDITY (PERCENT)
 HIGHEST    63           500 AM
 LOWEST     12           100 PM
 AVERAGE    38

..........................................................


THE REXBURG ID CLIMATE NORMALS FOR TOMORROW
                         NORMAL    RECORD    YEAR
 MAXIMUM TEMPERATURE (F)   78        90      2013
 MINIMUM TEMPERATURE (F)   45        33      2006


SUNRISE AND SUNSET
AUGUST 31 2016........SUNRISE   650 AM MDT   SUNSET   804 PM MDT
SEPTEMBER  1 2016.....SUNRISE   651 AM MDT   SUNSET   802 PM MDT


-  INDICATES NEGATIVE NUMBERS.
R  INDICATES RECORD WAS SET OR TIED.
MM INDICATES DATA IS MISSING.
T  INDICATES TRACE AMOUNT.




$$
