000
CDUS45 KPIH 290744
CLIRXE


CLIMATE REPORT
NATIONAL WEATHER SERVICE POCATELLO ID
1234 AM MST THU JAN 29 2015


...................................

...THE REXBURG ID CLIMATE SUMMARY FOR JANUARY 28 2015...

CLIMATE NORMAL PERIOD 1981 TO 2010
CLIMATE RECORD PERIOD 1998 TO 2015


WEATHER ITEM   OBSERVED TIME   RECORD YEAR NORMAL DEPARTURE LAST
                VALUE   (LST)  VALUE       VALUE  FROM      YEAR
                                                  NORMAL
..................................................................
TEMPERATURE (F)
 YESTERDAY
  MAXIMUM         MM    205 AM  37    2008  29     27       22
  MINIMUM         32   1139 PM  -7    2014  11     21       -7
  AVERAGE         44                        20     24        8

PRECIPITATION (IN)
  YESTERDAY        0.21         MM      MM   0.01   0.20     0.00
  MONTH TO DATE    0.72                      0.68   0.04     0.46
  SINCE OCT 1      3.49                      3.89  -0.40     2.32
  SINCE JAN 1      0.72                      0.68   0.04     0.46

SNOWFALL (IN)
  YESTERDAY       MM
  MONTH TO DATE   MM
  SINCE DEC 1     MM
  SINCE JUL 1     MM
  SNOW DEPTH      MM

DEGREE DAYS
 HEATING
  YESTERDAY       21                        45    -24       57
  MONTH TO DATE 1162                      1260    -98     1266
  SINCE DEC 1   2321                      2630   -309     2842
  SINCE JUL 1   4131                      4642   -511     4605

 COOLING
  YESTERDAY        0                         0      0        0
  MONTH TO DATE    0                         0      0        0
  SINCE DEC 1      0                         0      0        0
  SINCE JAN 1      0                         0      0        0
..................................................................


WIND (MPH)
  HIGHEST WIND SPEED    13   HIGHEST WIND DIRECTION    SW (230)
  HIGHEST GUST SPEED    17   HIGHEST GUST DIRECTION    SW (230)
  AVERAGE WIND SPEED     6.0


SKY COVER
  POSSIBLE SUNSHINE  MM
  AVERAGE SKY COVER 1.0


WEATHER CONDITIONS
 THE FOLLOWING WEATHER WAS RECORDED YESTERDAY.
  LIGHT RAIN
  FOG
  FOG W/VISIBILITY <= 1/4 MILE
  HAZE


RELATIVE HUMIDITY (PERCENT)
 HIGHEST   100           800 AM
 LOWEST     47           200 AM
 AVERAGE    74

..........................................................


THE REXBURG ID CLIMATE NORMALS FOR TODAY
                         NORMAL    RECORD    YEAR
 MAXIMUM TEMPERATURE (F)   29        37      2005
 MINIMUM TEMPERATURE (F)   11        -7      2002


SUNRISE AND SUNSET
JANUARY 29 2015.......SUNRISE   747 AM MST   SUNSET   534 PM MST
JANUARY 30 2015.......SUNRISE   746 AM MST   SUNSET   535 PM MST


-  INDICATES NEGATIVE NUMBERS.
R  INDICATES RECORD WAS SET OR TIED.
MM INDICATES DATA IS MISSING.
T  INDICATES TRACE AMOUNT.




$$
