000
CDUS45 KPIH 292322
CLIRXE


CLIMATE REPORT
NATIONAL WEATHER SERVICE POCATELLO ID
520 PM MDT THU SEP 29 2016


...................................

...THE REXBURG ID CLIMATE SUMMARY FOR SEPTEMBER 29 2016...
VALID TODAY AS OF 0500 PM LOCAL TIME.

CLIMATE NORMAL PERIOD 1981 TO 2010
CLIMATE RECORD PERIOD 1998 TO 2016


WEATHER ITEM   OBSERVED TIME   RECORD YEAR NORMAL DEPARTURE LAST
                VALUE   (LST)  VALUE       VALUE  FROM      YEAR
                                                  NORMAL
..................................................................
TEMPERATURE (F)
 TODAY
  MAXIMUM         74    245 PM  80    2010  66      8       78
                                      2008
  MINIMUM         50    212 AM  23    1999  36     14       40
  AVERAGE         62                        51     11       59

PRECIPITATION (IN)
  TODAY            T            MM      MM   0.04  -0.04     0.00
  MONTH TO DATE    1.78                      0.93   0.85     0.43
  SINCE OCT 1     10.89                     13.06  -2.17    10.34
  SINCE JAN 1      7.73                      9.85  -2.12     7.57

SNOWFALL (IN)
  TODAY           MM
  MONTH TO DATE   MM
  SINCE SEP 1     MM
  SINCE JUL 1     MM
  SNOW DEPTH      MM

DEGREE DAYS
 HEATING
  TODAY            3                        14    -11        6
  MONTH TO DATE  250                       270    -20      159
  SINCE SEP 1    250                       270    -20      159
  SINCE JUL 1    314                       343    -29      234

 COOLING
  TODAY            0                         0      0        0
  MONTH TO DATE   14                         5      9       18
  SINCE SEP 1     14                         5      9       18
  SINCE JAN 1    261                       207     54      307
..................................................................


WIND (MPH)
  HIGHEST WIND SPEED    20   HIGHEST WIND DIRECTION    SE (150)
  HIGHEST GUST SPEED    24   HIGHEST GUST DIRECTION    SE (150)
  AVERAGE WIND SPEED     4.8


SKY COVER
  POSSIBLE SUNSHINE  MM
  AVERAGE SKY COVER 0.5


WEATHER CONDITIONS
 THE FOLLOWING WEATHER WAS RECORDED TODAY.
  LIGHT RAIN


RELATIVE HUMIDITY (PERCENT)
 HIGHEST    86           200 AM
 LOWEST     33          1200 PM
 AVERAGE    60

..........................................................


THE REXBURG ID CLIMATE NORMALS FOR TOMORROW
                         NORMAL    RECORD    YEAR
 MAXIMUM TEMPERATURE (F)   65        84      2011
 MINIMUM TEMPERATURE (F)   35        30      1999


SUNRISE AND SUNSET
SEPTEMBER 29 2016.....SUNRISE   723 AM MDT   SUNSET   711 PM MDT
SEPTEMBER 30 2016.....SUNRISE   724 AM MDT   SUNSET   709 PM MDT


-  INDICATES NEGATIVE NUMBERS.
R  INDICATES RECORD WAS SET OR TIED.
MM INDICATES DATA IS MISSING.
T  INDICATES TRACE AMOUNT.




$$
