000
CDUS45 KPIH 290735
CLIRXE


CLIMATE REPORT
NATIONAL WEATHER SERVICE POCATELLO ID
133 AM MDT SAT APR 29 2017


...................................

...THE REXBURG ID CLIMATE SUMMARY FOR APRIL 28 2017...

CLIMATE NORMAL PERIOD 1981 TO 2010
CLIMATE RECORD PERIOD 1998 TO 2017


WEATHER ITEM   OBSERVED TIME   RECORD YEAR NORMAL DEPARTURE LAST
                VALUE   (LST)  VALUE       VALUE  FROM      YEAR
                                                  NORMAL
..................................................................
TEMPERATURE (F)
 YESTERDAY
  MAXIMUM         48    547 PM  77    2007  60    -12       59
  MINIMUM         33    348 AM  28    2016  34     -1       28
                                      2014
  AVERAGE         41                        47     -6       44

PRECIPITATION (IN)
  YESTERDAY        0.01         MM      MM   0.06  -0.05     0.00
  MONTH TO DATE    2.11                      1.38   0.73     0.78
  SINCE OCT 1     11.01                      7.22   3.79     6.65
  SINCE JAN 1      5.25                      4.01   1.24     3.49

SNOWFALL (IN)
  YESTERDAY       MM
  MONTH TO DATE   MM
  SINCE MAR 1     MM
  SINCE JUL 1     MM
  SNOW DEPTH      MM

DEGREE DAYS
 HEATING
  YESTERDAY       24                        18      6       21
  MONTH TO DATE  617                       602     15      464
  SINCE MAR 1   1356                      1558   -202     1321
  SINCE JUL 1   7151                      7531   -380     6898

 COOLING
  YESTERDAY        0                         0      0        0
  MONTH TO DATE    0                         0      0        0
  SINCE MAR 1      0                         0      0        0
  SINCE JAN 1      0                         0      0        0
..................................................................


WIND (MPH)
  HIGHEST WIND SPEED    21   HIGHEST WIND DIRECTION    NE (30)
  HIGHEST GUST SPEED    29   HIGHEST GUST DIRECTION    NE (30)
  AVERAGE WIND SPEED     9.2


SKY COVER
  POSSIBLE SUNSHINE  MM
  AVERAGE SKY COVER 0.8


WEATHER CONDITIONS
 THE FOLLOWING WEATHER WAS RECORDED YESTERDAY.
  LIGHT SNOW
  FOG


RELATIVE HUMIDITY (PERCENT)
 HIGHEST    96          1200 AM
 LOWEST     36           300 PM
 AVERAGE    66

..........................................................


THE REXBURG ID CLIMATE NORMALS FOR TODAY
                         NORMAL    RECORD    YEAR
 MAXIMUM TEMPERATURE (F)   61        79      2007
 MINIMUM TEMPERATURE (F)   34        24      2014


SUNRISE AND SUNSET
APRIL 29 2017.........SUNRISE   622 AM MDT   SUNSET   828 PM MDT
APRIL 30 2017.........SUNRISE   620 AM MDT   SUNSET   829 PM MDT


-  INDICATES NEGATIVE NUMBERS.
R  INDICATES RECORD WAS SET OR TIED.
MM INDICATES DATA IS MISSING.
T  INDICATES TRACE AMOUNT.




$$
