000
CDUS45 KPIH 040733
CLIRXE


CLIMATE REPORT
NATIONAL WEATHER SERVICE POCATELLO ID
1231 AM MST WED MAR 4 2015


...................................

...THE REXBURG ID CLIMATE SUMMARY FOR MARCH 3 2015...

CLIMATE NORMAL PERIOD 1981 TO 2010
CLIMATE RECORD PERIOD 1998 TO 2015


WEATHER ITEM   OBSERVED TIME   RECORD YEAR NORMAL DEPARTURE LAST
                VALUE   (LST)  VALUE       VALUE  FROM      YEAR
                                                  NORMAL
..................................................................
TEMPERATURE (F)
 YESTERDAY
  MAXIMUM         29   1208 AM  50    2006  39    -10       46
  MINIMUM         16   1146 PM -12    2002  18     -2       36
  AVERAGE         23                        28     -5       41

PRECIPITATION (IN)
  YESTERDAY        0.04         MM      MM   0.03   0.01      T
  MONTH TO DATE    0.04                      0.09  -0.05     0.16
  SINCE OCT 1      3.82                      4.87  -1.05     3.42
  SINCE JAN 1      1.05                      1.66  -0.61     1.56

SNOWFALL (IN)
  YESTERDAY       MM
  MONTH TO DATE   MM
  SINCE MAR 1     MM
  SINCE JUL 1     MM
  SNOW DEPTH      MM

DEGREE DAYS
 HEATING
  YESTERDAY       42                        37      5       24
  MONTH TO DATE  120                       112      8      103
  SINCE MAR 1    120                       112      8      103
  SINCE JUL 1   5204                      6085   -881     5918

 COOLING
  YESTERDAY        0                         0      0        0
  MONTH TO DATE    0                         0      0        0
  SINCE MAR 1      0                         0      0        0
  SINCE JAN 1      0                         0      0        0
..................................................................


WIND (MPH)
  HIGHEST WIND SPEED    18   HIGHEST WIND DIRECTION     N (10)
  HIGHEST GUST SPEED    24   HIGHEST GUST DIRECTION     N (10)
  AVERAGE WIND SPEED     8.1


SKY COVER
  POSSIBLE SUNSHINE  MM
  AVERAGE SKY COVER 0.5


WEATHER CONDITIONS
 THE FOLLOWING WEATHER WAS RECORDED YESTERDAY.
  SNOW
  LIGHT SNOW
  FOG


RELATIVE HUMIDITY (PERCENT)
 HIGHEST    68          1000 PM
 LOWEST     36           300 PM
 AVERAGE    52

..........................................................


THE REXBURG ID CLIMATE NORMALS FOR TODAY
                         NORMAL    RECORD    YEAR
 MAXIMUM TEMPERATURE (F)   39        48      2014
 MINIMUM TEMPERATURE (F)   19         0      2002


SUNRISE AND SUNSET
MARCH  4 2015.........SUNRISE   659 AM MST   SUNSET   619 PM MST
MARCH  5 2015.........SUNRISE   657 AM MST   SUNSET   621 PM MST


-  INDICATES NEGATIVE NUMBERS.
R  INDICATES RECORD WAS SET OR TIED.
MM INDICATES DATA IS MISSING.
T  INDICATES TRACE AMOUNT.




$$
