000
CDUS45 KPIH 220732
CLIRXE


CLIMATE REPORT
NATIONAL WEATHER SERVICE POCATELLO ID
129 AM MDT THU JUN 22 2017


...................................

...THE REXBURG ID CLIMATE SUMMARY FOR JUNE 21 2017...

CLIMATE NORMAL PERIOD 1981 TO 2010
CLIMATE RECORD PERIOD 1998 TO 2017


WEATHER ITEM   OBSERVED TIME   RECORD YEAR NORMAL DEPARTURE LAST
                VALUE   (LST)  VALUE       VALUE  FROM      YEAR
                                                  NORMAL
..................................................................
TEMPERATURE (F)
 YESTERDAY
  MAXIMUM         85    320 PM  88    2008  76      9       83
                                      2007
  MINIMUM         51    526 AM  40    2013  46      5       54
                                      2012
                                      2004
  AVERAGE         68                        61      7       69

PRECIPITATION (IN)
  YESTERDAY        0.00         MM      MM   0.04  -0.04     0.00
  MONTH TO DATE    1.60                      1.15   0.45     0.05
  SINCE OCT 1     13.69                     10.23   3.46     8.91
  SINCE JAN 1      7.93                      7.02   0.91     5.75

SNOWFALL (IN)
  YESTERDAY       MM
  MONTH TO DATE   MM
  SINCE JUN 1     MM
  SINCE JUL 1     MM
  SNOW DEPTH      MM

DEGREE DAYS
 HEATING
  YESTERDAY        0                         5     -5        0
  MONTH TO DATE   89                       139    -50       56
  SINCE JUN 1     89                       139    -50       56
  SINCE JUL 1   7630                      8097   -467     7360

 COOLING
  YESTERDAY        3                         1      2        4
  MONTH TO DATE   25                         9     16       25
  SINCE JUN 1     25                         9     16       25
  SINCE JAN 1     26                        13     13       25
..................................................................


WIND (MPH)
  HIGHEST WIND SPEED    26   HIGHEST WIND DIRECTION    SW (210)
  HIGHEST GUST SPEED    34   HIGHEST GUST DIRECTION     S (200)
  AVERAGE WIND SPEED    11.4


SKY COVER
  POSSIBLE SUNSHINE  MM
  AVERAGE SKY COVER 0.0


WEATHER CONDITIONS
 THE FOLLOWING WEATHER WAS RECORDED YESTERDAY.
  NO SIGNIFICANT WEATHER WAS OBSERVED.


RELATIVE HUMIDITY (PERCENT)
 HIGHEST    96           400 AM
 LOWEST     29           400 PM
 AVERAGE    63

..........................................................


THE REXBURG ID CLIMATE NORMALS FOR TODAY
                         NORMAL    RECORD    YEAR
 MAXIMUM TEMPERATURE (F)   76        91      2001
 MINIMUM TEMPERATURE (F)   47        40      2004


SUNRISE AND SUNSET
JUNE 22 2017..........SUNRISE   545 AM MDT   SUNSET   913 PM MDT
JUNE 23 2017..........SUNRISE   546 AM MDT   SUNSET   913 PM MDT


-  INDICATES NEGATIVE NUMBERS.
R  INDICATES RECORD WAS SET OR TIED.
MM INDICATES DATA IS MISSING.
T  INDICATES TRACE AMOUNT.




$$
