000
CDUS46 KSTO 310842
CLISAC

CLIMATE REPORT
NATIONAL WEATHER SERVICE SACRAMENTO, CA
1237 AM PST SAT JAN 31 2015


...................................

...THE SACRAMENTO EXEC. AIRPORT CA CLIMATE SUMMARY FOR JANUARY 30 2015...

CLIMATE NORMAL PERIOD 1981 TO 2010
CLIMATE RECORD PERIOD 1930 TO 2015


WEATHER ITEM   OBSERVED TIME   RECORD YEAR NORMAL DEPARTURE LAST
                VALUE   (LST)  VALUE       VALUE  FROM      YEAR
                                                  NORMAL
..................................................................
TEMPERATURE (F)
 YESTERDAY
  MAXIMUM         69R   453 PM  69    1976  57     12       63
  MINIMUM         40    744 AM  25    1972  40      0       50
  AVERAGE         55

PRECIPITATION (IN)
  YESTERDAY        0.00          2.09 1963   0.13  -0.13     0.08
  MONTH TO DATE    T                         3.52  -3.52     0.14
  SINCE OCT 1     10.38                      9.80   0.58     1.45
  SINCE JAN 1      T                         3.52  -3.52     0.14

SNOWFALL (IN)
  YESTERDAY        0.0           0.0  2002   0.0             0.0
  MONTH TO DATE    0.0                       0.0             0.0
  SINCE DEC 1      0.0                       0.0             0.0
  SINCE JUL 1      0.0                       0.0             0.0

DEGREE DAYS
 HEATING
  YESTERDAY       10

 COOLING
  YESTERDAY        0
..................................................................


WIND (MPH)
  RESULTANT WIND SPEED   2   RESULTANT WIND DIRECTION  NW (330)
  HIGHEST WIND SPEED    12   HIGHEST WIND DIRECTION     N (340)
  HIGHEST GUST SPEED    15   HIGHEST GUST DIRECTION     N (350)


SKY COVER
  POSSIBLE SUNSHINE  MM
  AVERAGE SKY COVER 0.0


WEATHER CONDITIONS
 THE FOLLOWING WEATHER WAS RECORDED YESTERDAY.
  FOG
  FOG W/VISIBILITY <= 1/4 MILE
  HAZE


RELATIVE HUMIDITY (PERCENT)
 HIGHEST    96
 LOWEST     47
 AVERAGE    72

..........................................................


THE SACRAMENTO EXEC. AIRPORT CA CLIMATE NORMALS FOR TODAY
                         NORMAL    RECORD    YEAR
 MAXIMUM TEMPERATURE (F)   57        70      1976
 MINIMUM TEMPERATURE (F)   40        27      1951
                                             1946


SUNRISE AND SUNSET
JANUARY 31 2015.......SUNRISE   712 AM PST   SUNSET   527 PM PST
FEBRUARY  1 2015......SUNRISE   712 AM PST   SUNSET   528 PM PST


-  INDICATES NEGATIVE NUMBERS.
R  INDICATES RECORD WAS SET OR TIED.
MM INDICATES DATA IS MISSING.
T  INDICATES TRACE AMOUNT.






&&
....................................................................

SACRAMENTO CITY CLIMATE DATA FOR FRIDAY JANUARY 30 2015

HIGH...   68  RECORD HIGH    73 IN 1976    NORMAL    HIGH   57
LOW....   43  RECORD LOW     28 IN 1957    NORMAL    LOW    42

RAIN SINCE MIDNIGHT....  0.00   RECORD THIS DATE.......  1.7 IN 1963
TOTAL THIS MONTH.......  0.01   NORMAL SINCE OCT 1ST.........  10.8
TOTAL SINCE OCT 1ST...  9.29   PERCENT OF NORMAL.............  86%


$$
JCLAPP
