000
CDUS46 KSTO 250846 RRA
CLISAC

CLIMATE REPORT
NATIONAL WEATHER SERVICE SACRAMENTO, CA
1242 AM PST SAT FEB 25 2017


................................................................

...THE SACRAMENTO EXEC. AIRPORT CA CLIMATE SUMMARY FOR FEBRUARY 24 2017...

CLIMATE NORMAL PERIOD 1981 TO 2010
CLIMATE RECORD PERIOD 1930 TO 2017


WEATHER ITEM   OBSERVED TIME   RECORD YEAR NORMAL DEPARTURE LAST
                VALUE   (LST)  VALUE       VALUE  FROM      YEAR
                                                  NORMAL
..................................................................
TEMPERATURE (F)
 YESTERDAY
  MAXIMUM         52    511 PM  76    1991  62    -10       72
  MINIMUM         31R   702 AM  32    2015  43    -12       41
                                      1987
                                      1982
  AVERAGE         42

PRECIPITATION (IN)
  YESTERDAY        0.00          1.20 1958   0.12  -0.12     0.00
  MONTH TO DATE    8.25                      2.99   5.26     0.82
  SINCE OCT 1     27.62                     12.91  14.71     9.70
  SINCE JAN 1     18.17                      6.63  11.54     6.26

SNOWFALL (IN)
  YESTERDAY        0.0          MM      MM   0.0             0.0
  MONTH TO DATE    0.0                       0.0             0.0
  SINCE DEC 1      0.0                       0.0             0.0
  SINCE JUL 1      0.0                       0.0             0.0

DEGREE DAYS
 HEATING
  YESTERDAY       23

 COOLING
  YESTERDAY        0
..................................................................


WIND (MPH)
  RESULTANT WIND SPEED   3   RESULTANT WIND DIRECTION   S (190)
  HIGHEST WIND SPEED    10   HIGHEST WIND DIRECTION    SW (220)
  HIGHEST GUST SPEED    13   HIGHEST GUST DIRECTION    SW (230)


SKY COVER
  POSSIBLE SUNSHINE  MM
  AVERAGE SKY COVER 0.0


WEATHER CONDITIONS
 THE FOLLOWING WEATHER WAS RECORDED YESTERDAY.
  NO SIGNIFICANT WEATHER WAS OBSERVED.


RELATIVE HUMIDITY (PERCENT)
 HIGHEST    96
 LOWEST     50
 AVERAGE    73

..........................................................


THE SACRAMENTO EXEC. AIRPORT CA CLIMATE NORMALS FOR TODAY
                         NORMAL    RECORD    YEAR
 MAXIMUM TEMPERATURE (F)   63        76      1991
 MINIMUM TEMPERATURE (F)   43        31      1987


SUNRISE AND SUNSET
FEBRUARY 25 2017......SUNRISE   643 AM PST   SUNSET   555 PM PST
FEBRUARY 26 2017......SUNRISE   642 AM PST   SUNSET   556 PM PST


-  INDICATES NEGATIVE NUMBERS.
R  INDICATES RECORD WAS SET OR TIED.
MM INDICATES DATA IS MISSING.
T  INDICATES TRACE AMOUNT.

&&
....................................................................

SACRAMENTO CITY CLIMATE DATA FOR FRIDAY FEBRUARY 24 2017

HIGH...   56  RECORD HIGH    77 IN 1991    NORMAL    HIGH   64
LOW....   35  RECORD LOW     35 IN 2011    NORMAL    LOW    45

RAIN SINCE MIDNIGHT....  0.00   RECORD THIS DATE....... 1.82 IN 1917
TOTAL THIS MONTH.......  8.04   NORMAL SINCE OCT 1ST.........  14.1
TOTAL SINCE OCT 1ST...  27.40   PERCENT OF NORMAL.............  194%


$$
NNNN
