000
CDUS46 KSTO 210850
CLISAC

CLIMATE REPORT
NATIONAL WEATHER SERVICE SACRAMENTO, CA
1240 AM PST SAT JAN 21 2017


...............................................................

...THE SACRAMENTO EXEC. AIRPORT CA CLIMATE SUMMARY FOR JANUARY 20 2017...

CLIMATE NORMAL PERIOD 1981 TO 2010
CLIMATE RECORD PERIOD 1930 TO 2017


WEATHER ITEM   OBSERVED TIME   RECORD YEAR NORMAL DEPARTURE LAST
                VALUE   (LST)  VALUE       VALUE  FROM      YEAR
                                                  NORMAL
..................................................................
TEMPERATURE (F)
 YESTERDAY
  MAXIMUM         53    335 PM  69    2014  54     -1       59
  MINIMUM         46   1159 PM  25    1963  39      7       43
  AVERAGE         50

PRECIPITATION (IN)
  YESTERDAY        0.69          2.47 1964   0.12   0.57     0.00
  MONTH TO DATE    9.13                      2.35   6.78     4.72
  SINCE OCT 1     18.58                      8.63   9.95     8.16
  SINCE JAN 1      9.13                      2.35   6.78     4.72

SNOWFALL (IN)
  YESTERDAY       MM             0.0  2002   0.0             0.0
  MONTH TO DATE    0.0                       0.0             0.0
  SINCE DEC 1      0.0                       0.0             0.0
  SINCE JUL 1      0.0                       0.0             0.0

DEGREE DAYS
 HEATING
  YESTERDAY       15

 COOLING
  YESTERDAY        0
..................................................................


WIND (MPH)
  RESULTANT WIND SPEED  11   RESULTANT WIND DIRECTION   S (160)
  HIGHEST WIND SPEED    28   HIGHEST WIND DIRECTION    SE (140)
  HIGHEST GUST SPEED    40   HIGHEST GUST DIRECTION    SE (140)


SKY COVER
  POSSIBLE SUNSHINE  MM
  AVERAGE SKY COVER 0.8


WEATHER CONDITIONS
 THE FOLLOWING WEATHER WAS RECORDED YESTERDAY.
  HEAVY RAIN
  RAIN
  LIGHT RAIN
  FOG


RELATIVE HUMIDITY (PERCENT)
 HIGHEST    93
 LOWEST     71
 AVERAGE    82

..........................................................


THE SACRAMENTO EXEC. AIRPORT CA CLIMATE NORMALS FOR TODAY
                         NORMAL    RECORD    YEAR
 MAXIMUM TEMPERATURE (F)   54        70      2014
 MINIMUM TEMPERATURE (F)   39        26      1963


SUNRISE AND SUNSET
JANUARY 21 2017.......SUNRISE   719 AM PST   SUNSET   516 PM PST
JANUARY 22 2017.......SUNRISE   719 AM PST   SUNSET   517 PM PST


-  INDICATES NEGATIVE NUMBERS.
R  INDICATES RECORD WAS SET OR TIED.
MM INDICATES DATA IS MISSING.
T  INDICATES TRACE AMOUNT.

&&
....................................................................

SACRAMENTO CITY CLIMATE DATA FOR FRIDAY JANUARY 20 2017

HIGH...   55  RECORD HIGH    71 IN 2014    NORMAL    HIGH   55
LOW....   46  RECORD LOW     22 IN 1883    NORMAL    LOW    41

RAIN SINCE MIDNIGHT....  0.68   RECORD THIS DATE.......  2.1 IN 1964
TOTAL THIS MONTH.......  9.21   NORMAL SINCE OCT 1ST.........  9.56
TOTAL SINCE OCT 1ST...  18.72   PERCENT OF NORMAL.............  196%


$$
NNNN
