000
CDUS46 KSTO 020841 RRA
CLISAC

CLIMATE REPORT
NATIONAL WEATHER SERVICE SACRAMENTO, CA
1238 AM PST FRI DEC 2 2016


................................................................

...THE SACRAMENTO EXEC. AIRPORT CA CLIMATE SUMMARY FOR DECEMBER 1 2016...

CLIMATE NORMAL PERIOD 1981 TO 2010
CLIMATE RECORD PERIOD 1930 TO 2016


WEATHER ITEM   OBSERVED TIME   RECORD YEAR NORMAL DEPARTURE LAST
                VALUE   (LST)  VALUE       VALUE  FROM      YEAR
                                                  NORMAL
..................................................................
TEMPERATURE (F)
 YESTERDAY
  MAXIMUM         58    323 PM  71    1995  57      1       60
  MINIMUM         36    647 AM  28    1969  40     -4       31
  AVERAGE         47

PRECIPITATION (IN)
  YESTERDAY        0.00          1.76 1951   0.09  -0.09     0.00
  MONTH TO DATE    0.00                      0.09  -0.09     0.00
  SINCE OCT 1      5.84                      3.12   2.72     1.69
  SINCE JAN 1     18.59                     15.36   3.23     6.76

SNOWFALL (IN)
  YESTERDAY        0.0          MM      MM   0.0             0.0
  MONTH TO DATE    0.0                       0.0             0.0
  SINCE DEC 1      0.0                       0.0             0.0
  SINCE JUL 1      0.0                       0.0             0.0

DEGREE DAYS
 HEATING
  YESTERDAY       18

 COOLING
  YESTERDAY        0
..................................................................


WIND (MPH)
  RESULTANT WIND SPEED   9   RESULTANT WIND DIRECTION  NW (330)
  HIGHEST WIND SPEED    23   HIGHEST WIND DIRECTION    NW (330)
  HIGHEST GUST SPEED    32   HIGHEST GUST DIRECTION    NW (330)


SKY COVER
  POSSIBLE SUNSHINE  MM
  AVERAGE SKY COVER 0.0


WEATHER CONDITIONS
 THE FOLLOWING WEATHER WAS RECORDED YESTERDAY.
  FOG


RELATIVE HUMIDITY (PERCENT)
 HIGHEST   100
 LOWEST     43
 AVERAGE    72

..........................................................


THE SACRAMENTO EXEC. AIRPORT CA CLIMATE NORMALS FOR TODAY
                         NORMAL    RECORD    YEAR
 MAXIMUM TEMPERATURE (F)   57        73      2011
 MINIMUM TEMPERATURE (F)   39        28      2006
                                             2004


SUNRISE AND SUNSET
DECEMBER  2 2016......SUNRISE   706 AM PST   SUNSET   445 PM PST
DECEMBER  3 2016......SUNRISE   707 AM PST   SUNSET   445 PM PST


-  INDICATES NEGATIVE NUMBERS.
R  INDICATES RECORD WAS SET OR TIED.
MM INDICATES DATA IS MISSING.
T  INDICATES TRACE AMOUNT.

&&
....................................................................

SACRAMENTO CITY CLIMATE DATA FOR THURSDAY DECEMBER 1 2016

HIGH...   59  RECORD HIGH    71 IN 1959    NORMAL    HIGH   58
LOW....   39  RECORD LOW     32 IN 2004    NORMAL    LOW    42

RAIN SINCE MIDNIGHT....  0.00   RECORD THIS DATE.......  1.7 IN 1952
TOTAL THIS MONTH.......  0.00   NORMAL SINCE OCT 1ST.........  3.58
TOTAL SINCE OCT 1ST...   5.74   PERCENT OF NORMAL.............  160%


$$
NNNN
