000
CDUS46 KSTO 240838 RRA
CLISAC

CLIMATE REPORT
NATIONAL WEATHER SERVICE SACRAMENTO, CA
134 AM PDT TUE MAY 24 2016


...................................

...THE SACRAMENTO EXEC. AIRPORT CA CLIMATE SUMMARY FOR MAY 23 2016...

CLIMATE NORMAL PERIOD 1981 TO 2010
CLIMATE RECORD PERIOD 1930 TO 2016


WEATHER ITEM   OBSERVED TIME   RECORD YEAR NORMAL DEPARTURE LAST
                VALUE   (LST)  VALUE       VALUE  FROM      YEAR
                                                  NORMAL
..................................................................
TEMPERATURE (F)
 YESTERDAY
  MAXIMUM         77    237 PM  97    1982  82     -5       76
                                      1967
  MINIMUM         51    439 AM  42    1980  52     -1       56
  AVERAGE         64

PRECIPITATION (IN)
  YESTERDAY        0.00          0.48 1960   0.02  -0.02     0.00
  MONTH TO DATE    0.39                      0.54  -0.15     0.07
  SINCE OCT 1     16.19                     17.83  -1.64    15.34
  SINCE JAN 1     12.75                     11.55   1.20     4.96

SNOWFALL (IN)
  YESTERDAY        0.0          MM      MM   0.0             0.0
  MONTH TO DATE    0.0                       0.0             0.0
  SINCE MAR 1      0.0                       0.0             0.0
  SINCE JUL 1      0.0                       0.0             0.0

DEGREE DAYS
 HEATING
  YESTERDAY        1

 COOLING
  YESTERDAY        0
..................................................................


WIND (MPH)
  RESULTANT WIND SPEED   4   RESULTANT WIND DIRECTION   S (200)
  HIGHEST WIND SPEED    17   HIGHEST WIND DIRECTION    SW (240)
  HIGHEST GUST SPEED    22   HIGHEST GUST DIRECTION    SW (220)


SKY COVER
  POSSIBLE SUNSHINE  MM
  AVERAGE SKY COVER 0.3


WEATHER CONDITIONS
 THE FOLLOWING WEATHER WAS RECORDED YESTERDAY.
  NO SIGNIFICANT WEATHER WAS OBSERVED.


RELATIVE HUMIDITY (PERCENT)
 HIGHEST    83
 LOWEST     25
 AVERAGE    54

..........................................................


THE SACRAMENTO EXEC. AIRPORT CA CLIMATE NORMALS FOR TODAY
                         NORMAL    RECORD    YEAR
 MAXIMUM TEMPERATURE (F)   82       100      1982
 MINIMUM TEMPERATURE (F)   53        40      1953


SUNRISE AND SUNSET
MAY 24 2016...........SUNRISE   547 AM PDT   SUNSET   819 PM PDT
MAY 25 2016...........SUNRISE   547 AM PDT   SUNSET   820 PM PDT


-  INDICATES NEGATIVE NUMBERS.
R  INDICATES RECORD WAS SET OR TIED.
MM INDICATES DATA IS MISSING.
T  INDICATES TRACE AMOUNT.




&&
....................................................................

SACRAMENTO CITY CLIMATE DATA FOR MONDAY MAY 23 2016

HIGH...   78  RECORD HIGH    99 IN 2001    NORMAL    HIGH   83
LOW....   51  RECORD LOW     45 IN 2010    NORMAL    LOW    55

RAIN SINCE MIDNIGHT....  0.00   RECORD THIS DATE....... 0.37 IN 1960
TOTAL THIS MONTH.......  0.59   NORMAL SINCE OCT 1ST.........  19.55
TOTAL SINCE OCT 1ST... 16.97   PERCENT OF NORMAL.............  87%


$$
NNNN
