000
CDUS46 KSTO 200854
CLISAC

CLIMATE REPORT
NATIONAL WEATHER SERVICE SACRAMENTO, CA
139 AM PDT MON OCT 20 2014


...................................

...THE SACRAMENTO EXEC. AIRPORT CA CLIMATE SUMMARY FOR OCTOBER 19 2014...

CLIMATE NORMAL PERIOD 1981 TO 2010
CLIMATE RECORD PERIOD 1930 TO 2014


WEATHER ITEM   OBSERVED TIME   RECORD YEAR NORMAL DEPARTURE LAST
                VALUE   (LST)  VALUE       VALUE  FROM      YEAR
                                                  NORMAL
..................................................................
TEMPERATURE (F)
 YESTERDAY
  MAXIMUM         81    330 PM  91    1991  77      4       85
  MINIMUM         51    636 AM  38    1969  50      1       47
  AVERAGE         66

PRECIPITATION (IN)
  YESTERDAY        0.00          0.80 2004   0.03  -0.03     0.00
  MONTH TO DATE    0.17                      0.44  -0.27     0.00
  SINCE JUL 1      0.64                      0.78  -0.14     0.59
  SINCE JAN 1      8.53                     12.68  -4.15     4.50

SNOWFALL (IN)
  YESTERDAY        0.0           0.0  2002   0.0             0.0
                                      2001
  MONTH TO DATE    0.0                       0.0             0.0
  SINCE SEP 1      0.0                       0.0             0.0
  SINCE JUL 1      0.0                       0.0             0.0

DEGREE DAYS
 HEATING
  YESTERDAY        0

 COOLING
  YESTERDAY        1
..................................................................


WIND (MPH)
  RESULTANT WIND SPEED   2   RESULTANT WIND DIRECTION   S (200)
  HIGHEST WIND SPEED    13   HIGHEST WIND DIRECTION    SW (230)
  HIGHEST GUST SPEED    16   HIGHEST GUST DIRECTION    SW (230)


SKY COVER
  POSSIBLE SUNSHINE  MM
  AVERAGE SKY COVER 0.0


WEATHER CONDITIONS
 THE FOLLOWING WEATHER WAS RECORDED YESTERDAY.
  NO SIGNIFICANT WEATHER WAS OBSERVED.


RELATIVE HUMIDITY (PERCENT)
 HIGHEST    89
 LOWEST     36
 AVERAGE    63

..........................................................


THE SACRAMENTO EXEC. AIRPORT CA CLIMATE NORMALS FOR TODAY
                         NORMAL    RECORD    YEAR
 MAXIMUM TEMPERATURE (F)   76        94      1991
 MINIMUM TEMPERATURE (F)   49        35      1949


SUNRISE AND SUNSET
OCTOBER 20 2014.......SUNRISE   720 AM PDT   SUNSET   621 PM PDT
OCTOBER 21 2014.......SUNRISE   721 AM PDT   SUNSET   619 PM PDT


-  INDICATES NEGATIVE NUMBERS.
R  INDICATES RECORD WAS SET OR TIED.
MM INDICATES DATA IS MISSING.
T  INDICATES TRACE AMOUNT.


&&
....................................................................

SACRAMENTO CITY CLIMATE DATA FOR OCTOBER 19 2014

HIGH...   82  RECORD HIGH    91 IN 1991    NORMAL    HIGH   77
LOW....   54  RECORD LOW     39 IN 1905    NORMAL    LOW    52

RAIN SINCE MIDNIGHT....  0.00   RECORD THIS DATE....... 0.82 IN 2004
TOTAL THIS MONTH.......  0.09   NORMAL SEASON TO DATE.........  0.87
TOTAL SINCE JULY 1ST...  0.65   PERCENT OF NORMAL.............   75%


$$
NNNN
