000
CDUS46 KSGX 300017
CLISAN


CLIMATE REPORT
NATIONAL WEATHER SERVICE SAN DIEGO, CA
517 PM PDT SUN MAR 29 2015


...................................

...THE SAN DIEGO/LINDBERGH FIELD CA CLIMATE SUMMARY FOR MARCH 29 2015...
VALID TODAY AS OF 0500 PM LOCAL TIME.

CLIMATE NORMAL PERIOD 1981 TO 2010
CLIMATE RECORD PERIOD 1874 TO 2015


WEATHER ITEM   OBSERVED TIME   RECORD YEAR NORMAL DEPARTURE LAST
                VALUE   (LST)  VALUE       VALUE  FROM      YEAR
                                                  NORMAL
..................................................................
TEMPERATURE (F)
 TODAY
  MAXIMUM         74    102 PM  99    1879  66      8       71
  MINIMUM         62    651 AM  43    1884  54      8       56
  AVERAGE         68                        60      8       64

PRECIPITATION (IN)
  TODAY            0.00          0.47 1925   0.05  -0.05     0.00
  MONTH TO DATE    0.93                      1.73  -0.80     1.28
  SINCE OCT 1      6.50                      9.09  -2.59     4.48
  SINCE JAN 1      1.63                      5.98  -4.35     2.29

SNOWFALL (IN)
  TODAY            0.0
  MONTH TO DATE    0.0
  SINCE MAR 1      0.0
  SINCE JUL 1      0.0
  SNOW DEPTH       0

DEGREE DAYS
 HEATING
  TODAY            0                         5     -5        1
  MONTH TO DATE   36                       168   -132       37
  SINCE MAR 1     36                       168   -132       37
  SINCE JUL 1    382                      1026   -644      493

 COOLING
  TODAY            3                         0      3        0
  MONTH TO DATE   92                         0     92       20
  SINCE MAR 1     92                         0     92       20
  SINCE JAN 1    114                         5    109       29
..................................................................


WIND (MPH)
  RESULTANT WIND SPEED   4   RESULTANT WIND DIRECTION  NW (300)
  HIGHEST WIND SPEED    10   HIGHEST WIND DIRECTION    NW (320)
  HIGHEST GUST SPEED    14   HIGHEST GUST DIRECTION    NW (320)
  AVERAGE WIND SPEED     4.9


SKY COVER
  POSSIBLE SUNSHINE  MM
  AVERAGE SKY COVER 0.7


WEATHER CONDITIONS
 THE FOLLOWING WEATHER WAS RECORDED TODAY.
  NO SIGNIFICANT WEATHER WAS OBSERVED.


RELATIVE HUMIDITY (PERCENT)
 HIGHEST    90           100 AM
 LOWEST     53           100 PM
 AVERAGE    72

..........................................................


THE SAN DIEGO/LINDBERGH FIELD CA CLIMATE NORMALS FOR TOMORROW
                         NORMAL    RECORD    YEAR
 MAXIMUM TEMPERATURE (F)   66        82      2003
 MINIMUM TEMPERATURE (F)   54        39      1875


SUNRISE AND SUNSET
MARCH 29 2015.........SUNRISE   641 AM PDT   SUNSET   707 PM PDT
MARCH 30 2015.........SUNRISE   640 AM PDT   SUNSET   707 PM PDT


-  INDICATES NEGATIVE NUMBERS.
R  INDICATES RECORD WAS SET OR TIED.
MM INDICATES DATA IS MISSING.
T  INDICATES TRACE AMOUNT.




$$
