000
CDUS46 KSGX 290017
CLISAN


CLIMATE REPORT
NATIONAL WEATHER SERVICE SAN DIEGO, CA
517 PM PDT THU AUG 28 2014


...................................

...THE SAN DIEGO/LINDBERGH FIELD CA CLIMATE SUMMARY FOR AUGUST 28 2014...
VALID TODAY AS OF 0500 PM LOCAL TIME.

CLIMATE NORMAL PERIOD 1981 TO 2010
CLIMATE RECORD PERIOD 1850 TO 2014


WEATHER ITEM   OBSERVED TIME   RECORD YEAR NORMAL DEPARTURE LAST
                VALUE   (LST)  VALUE       VALUE  FROM      YEAR
                                                  NORMAL
..................................................................
TEMPERATURE (F)
 TODAY
  MAXIMUM         85   1255 PM  91    2009  77      8       83
  MINIMUM         72    541 AM  54    1887  67      5       69
  AVERAGE         79                        72      7       76

PRECIPITATION (IN)
  TODAY            0.00          0.76 1951   0.00   0.00     0.00
  MONTH TO DATE    0.08                      0.02   0.06      T
  SINCE JUL 1      0.08                      0.05   0.03     0.05
  SINCE JAN 1      2.90                      7.08  -4.18     3.38

SNOWFALL (IN)
  TODAY            0.0
  MONTH TO DATE    0.0
  SINCE JAN 1      0.0
  SINCE JUL 1      0.0
  SNOW DEPTH       0

DEGREE DAYS
 HEATING
  TODAY            0                         0      0        0
  MONTH TO DATE    0                         0      0        0
  SINCE JUN 1      0                        19    -19       15
  SINCE JUL 1      0                         1     -1        0

 COOLING
  TODAY           14                         7      7       11
  MONTH TO DATE  252                       184     68      143
  SINCE JUN 1    637                       400    237      383
  SINCE JAN 1    876                       449    427      437
..................................................................


WIND (MPH)
  RESULTANT WIND SPEED   7   RESULTANT WIND DIRECTION  NW (310)
  HIGHEST WIND SPEED    17   HIGHEST WIND DIRECTION    NW (310)
  HIGHEST GUST SPEED    23   HIGHEST GUST DIRECTION    NW (300)
  AVERAGE WIND SPEED     7.0


SKY COVER
  POSSIBLE SUNSHINE  MM
  AVERAGE SKY COVER 0.0


WEATHER CONDITIONS
 THE FOLLOWING WEATHER WAS RECORDED TODAY.
  NO SIGNIFICANT WEATHER WAS OBSERVED.


RELATIVE HUMIDITY (PERCENT)
 HIGHEST    68           500 AM
 LOWEST     34          1100 AM
 AVERAGE    51

..........................................................


THE SAN DIEGO/LINDBERGH FIELD CA CLIMATE NORMALS FOR TOMORROW
                         NORMAL    RECORD    YEAR
 MAXIMUM TEMPERATURE (F)   77        88      2009
                                             1896
 MINIMUM TEMPERATURE (F)   67        54      1895
                                             1879


SUNRISE AND SUNSET
AUGUST 28 2014........SUNRISE   621 AM PDT   SUNSET   718 PM PDT
AUGUST 29 2014........SUNRISE   621 AM PDT   SUNSET   717 PM PDT


-  INDICATES NEGATIVE NUMBERS.
R  INDICATES RECORD WAS SET OR TIED.
MM INDICATES DATA IS MISSING.
T  INDICATES TRACE AMOUNT.




$$
