000
CDUS46 KSGX 050017
CLISAN


CLIMATE REPORT
NATIONAL WEATHER SERVICE SAN DIEGO, CA
517 PM PDT WED MAY 4 2016


...................................

...THE SAN DIEGO/LINDBERGH FIELD CA CLIMATE SUMMARY FOR MAY 4 2016...
VALID TODAY AS OF 0500 PM LOCAL TIME.

CLIMATE NORMAL PERIOD 1981 TO 2010
CLIMATE RECORD PERIOD 1874 TO 2016


WEATHER ITEM   OBSERVED TIME   RECORD YEAR NORMAL DEPARTURE LAST
                VALUE   (LST)  VALUE       VALUE  FROM      YEAR
                                                  NORMAL
..................................................................
TEMPERATURE (F)
 TODAY
  MAXIMUM         67    115 PM  90    1953  68     -1       68
  MINIMUM         61    616 AM  47    1930  58      3       61
  AVERAGE         64                        63      1       65

PRECIPITATION (IN)
  TODAY            0.00          0.85 1900   0.00   0.00      T
  MONTH TO DATE    0.00                      0.03  -0.03      T
  SINCE OCT 1      7.42                      9.98  -2.56     6.52
  SINCE JAN 1      4.57                      6.87  -2.30     1.65

DEGREE DAYS
 HEATING
  TODAY            1                         2     -1        0
  MONTH TO DATE    3                        10     -7        0
  SINCE MAR 1     99                       301   -202       57
  SINCE JUL 1    639                      1159   -520      403

 COOLING
  TODAY            0                         1     -1        0
  MONTH TO DATE    0                         4     -4        8
  SINCE MAR 1     54                        23     31      155
  SINCE JAN 1     99                        28     71      177
..................................................................


WIND (MPH)
  RESULTANT WIND SPEED   5   RESULTANT WIND DIRECTION   W (250)
  HIGHEST WIND SPEED    14   HIGHEST WIND DIRECTION    SW (210)
  HIGHEST GUST SPEED    18   HIGHEST GUST DIRECTION     W (250)
  AVERAGE WIND SPEED     5.4


SKY COVER
  POSSIBLE SUNSHINE  MM
  AVERAGE SKY COVER 0.9


WEATHER CONDITIONS
 THE FOLLOWING WEATHER WAS RECORDED TODAY.
  NO SIGNIFICANT WEATHER WAS OBSERVED.


RELATIVE HUMIDITY (PERCENT)
 HIGHEST    78           400 AM
 LOWEST     63          1000 AM
 AVERAGE    71

..........................................................


THE SAN DIEGO/LINDBERGH FIELD CA CLIMATE NORMALS FOR TOMORROW
                         NORMAL    RECORD    YEAR
 MAXIMUM TEMPERATURE (F)   68        96      1953
 MINIMUM TEMPERATURE (F)   58        46      1910


SUNRISE AND SUNSET
MAY  4 2016...........SUNRISE   558 AM PDT   SUNSET   733 PM PDT
MAY  5 2016...........SUNRISE   557 AM PDT   SUNSET   734 PM PDT


-  INDICATES NEGATIVE NUMBERS.
R  INDICATES RECORD WAS SET OR TIED.
MM INDICATES DATA IS MISSING.
T  INDICATES TRACE AMOUNT.




$$
