000
CDUS46 KSGX 251417
CLISAN


CLIMATE REPORT
NATIONAL WEATHER SERVICE SAN DIEGO, CA
617 AM PST THU DEC 25 2014


...................................

...THE SAN DIEGO/LINDBERGH FIELD CA CLIMATE SUMMARY FOR DECEMBER 24 2014...

CLIMATE NORMAL PERIOD 1981 TO 2010
CLIMATE RECORD PERIOD 1850 TO 2014


WEATHER ITEM   OBSERVED TIME   RECORD YEAR NORMAL DEPARTURE LAST
                VALUE   (LST)  VALUE       VALUE  FROM      YEAR
                                                  NORMAL
..................................................................
TEMPERATURE (F)
 YESTERDAY
  MAXIMUM         75    113 PM  79    1989  64     11       75
  MINIMUM         53    627 AM  36    1879  48      5       50
  AVERAGE         64                        56      8       63

PRECIPITATION (IN)
  YESTERDAY        0.00          1.47 1940   0.05  -0.05     0.00
  MONTH TO DATE    4.42                      1.11   3.31     0.46
  SINCE JUL 1      4.87                      2.89   1.98     2.24
  SINCE JAN 1      7.69                      9.92  -2.23     5.57

SNOWFALL (IN)
  YESTERDAY        0.0
  MONTH TO DATE    0.0
  SINCE JAN 1      0.0
  SINCE JUL 1      0.0
  SNOW DEPTH       0

DEGREE DAYS
 HEATING
  YESTERDAY        1                         9     -8        2
  MONTH TO DATE   62                       202   -140      146
  SINCE DEC 1     62                       202   -140      146
  SINCE JUL 1     84                       347   -263      216

 COOLING
  YESTERDAY        0                         0      0        0
  MONTH TO DATE    4                         0      4        4
  SINCE DEC 1      4                         0      4        4
  SINCE JAN 1   1495                       720    775      765
..................................................................


WIND (MPH)
  RESULTANT WIND SPEED   1   RESULTANT WIND DIRECTION  SW (240)
  HIGHEST WIND SPEED    12   HIGHEST WIND DIRECTION     W (250)
  HIGHEST GUST SPEED    13   HIGHEST GUST DIRECTION    SW (240)
  AVERAGE WIND SPEED     3.7


SKY COVER
  POSSIBLE SUNSHINE  MM
  AVERAGE SKY COVER 0.4


WEATHER CONDITIONS
 THE FOLLOWING WEATHER WAS RECORDED YESTERDAY.
  NO SIGNIFICANT WEATHER WAS OBSERVED.


RELATIVE HUMIDITY (PERCENT)
 HIGHEST    84          1100 PM
 LOWEST     23           100 PM
 AVERAGE    54

..........................................................


THE SAN DIEGO/LINDBERGH FIELD CA CLIMATE NORMALS FOR TODAY
                         NORMAL    RECORD    YEAR
 MAXIMUM TEMPERATURE (F)   64        83      1925
 MINIMUM TEMPERATURE (F)   48        32      1879


SUNRISE AND SUNSET
DECEMBER 25 2014......SUNRISE   649 AM PST   SUNSET   449 PM PST
DECEMBER 26 2014......SUNRISE   649 AM PST   SUNSET   450 PM PST


-  INDICATES NEGATIVE NUMBERS.
R  INDICATES RECORD WAS SET OR TIED.
MM INDICATES DATA IS MISSING.
T  INDICATES TRACE AMOUNT.




$$
