000
CDUS46 KSGX 300016
CLISAN


CLIMATE REPORT
NATIONAL WEATHER SERVICE SAN DIEGO, CA
516 PM PDT WED MAR 29 2017


...................................

...THE SAN DIEGO INTL AIRPORT CA CLIMATE SUMMARY FOR MARCH 29 2017...
VALID TODAY AS OF 0500 PM LOCAL TIME.

CLIMATE NORMAL PERIOD 1981 TO 2010
CLIMATE RECORD PERIOD 1874 TO 2017


WEATHER ITEM   OBSERVED TIME   RECORD YEAR NORMAL DEPARTURE LAST
                VALUE   (LST)  VALUE       VALUE  FROM      YEAR
                                                  NORMAL
..................................................................
TEMPERATURE (F)
 TODAY
  MAXIMUM         78    129 PM  99    1879  66     12       65
  MINIMUM         55    604 AM  43    1884  54      1       56
  AVERAGE         67                        60      7       61

PRECIPITATION (IN)
  TODAY            0.00          0.47 1925   0.05  -0.05     0.00
  MONTH TO DATE    0.08                      1.73  -1.65     0.72
  SINCE OCT 1     11.70                      9.09   2.61     6.83
  SINCE JAN 1      6.80                      5.98   0.82     3.98

DEGREE DAYS
 HEATING
  TODAY            0                         5     -5        4
  MONTH TO DATE   69                       168    -99       58
  SINCE MAR 1     69                       168    -99       58
  SINCE JUL 1    661                      1026   -365      598

 COOLING
  TODAY            2                         0      2        0
  MONTH TO DATE   11                         0     11        5
  SINCE MAR 1     11                         0     11        5
  SINCE JAN 1     11                         5      6       50
..................................................................


WIND (MPH)
  RESULTANT WIND SPEED   4   RESULTANT WIND DIRECTION  NW (310)
  HIGHEST WIND SPEED    15   HIGHEST WIND DIRECTION    NW (320)
  HIGHEST GUST SPEED    19   HIGHEST GUST DIRECTION    NW (300)
  AVERAGE WIND SPEED     4.6


SKY COVER
  POSSIBLE SUNSHINE  MM
  AVERAGE SKY COVER 0.1


WEATHER CONDITIONS
 THE FOLLOWING WEATHER WAS RECORDED TODAY.
  NO SIGNIFICANT WEATHER WAS OBSERVED.


RELATIVE HUMIDITY (PERCENT)
 HIGHEST    62           400 AM
 LOWEST     19           200 PM
 AVERAGE    41

..........................................................


THE SAN DIEGO INTL AIRPORT CA CLIMATE NORMALS FOR TOMORROW
                         NORMAL    RECORD    YEAR
 MAXIMUM TEMPERATURE (F)   66        82      2003
 MINIMUM TEMPERATURE (F)   54        39      1875


SUNRISE AND SUNSET
MARCH 29 2017.........SUNRISE   640 AM PDT   SUNSET   707 PM PDT
MARCH 30 2017.........SUNRISE   639 AM PDT   SUNSET   708 PM PDT


-  INDICATES NEGATIVE NUMBERS.
R  INDICATES RECORD WAS SET OR TIED.
MM INDICATES DATA IS MISSING.
T  INDICATES TRACE AMOUNT.




$$
