000
CDUS44 KEWX 072344
CLISAT


CLIMATE REPORT
NATIONAL WEATHER SERVICE AUSTIN/SAN ANTONIO, TX
543 PM CST WED DEC 7 2016


...................................

...THE SAN ANTONIO CLIMATE SUMMARY FOR DECEMBER 7 2016...
VALID TODAY AS OF 540 PM LOCAL TIME.

CLIMATE NORMAL PERIOD 1981 TO 2010
CLIMATE RECORD PERIOD 1886 TO 2016


WEATHER ITEM   OBSERVED TIME   RECORD YEAR NORMAL DEPARTURE LAST
                VALUE   (LST)  VALUE       VALUE  FROM      YEAR
                                                  NORMAL
..................................................................
TEMPERATURE (F)
 TODAY
  MAXIMUM         58    426 PM  83    1994  65     -7       71
  MINIMUM         42    522 AM  14    1950  43     -1       42
  AVERAGE         50                        54     -4       57

PRECIPITATION (IN)
  TODAY            0.00          1.45 1960   0.07  -0.07     0.00
  MONTH TO DATE    5.79                      0.41   5.38     0.00
  SINCE DEC 1      5.79                      0.41   5.38     0.00
  SINCE JAN 1     43.49                     30.77  12.72    42.74

SNOWFALL (IN)
  TODAY            0.0
  MONTH TO DATE    0.0
  SINCE DEC 1      0.0
  SINCE JUL 1      0.0
  SNOW DEPTH       0

DEGREE DAYS
 HEATING
  TODAY           15                        11      4        8
  MONTH TO DATE   86                        75     11       71
  SINCE DEC 1     86                        75     11       71
  SINCE JUL 1    144                       286   -142      200

 COOLING
  TODAY            0                         1     -1        0
  MONTH TO DATE    0                         7     -7        0
  SINCE DEC 1      0                         7     -7        0
  SINCE JAN 1   3346                      3124    222     3476
..................................................................


WIND (MPH)
  HIGHEST WIND SPEED     9   HIGHEST WIND DIRECTION     E (80)
  HIGHEST GUST SPEED    14   HIGHEST GUST DIRECTION    NE (40)
  AVERAGE WIND SPEED     4.1


SKY COVER
  AVERAGE SKY COVER 0.6


WEATHER CONDITIONS
 THE FOLLOWING WEATHER WAS RECORDED TODAY.
  FOG


RELATIVE HUMIDITY (PERCENT)
 HIGHEST    96           600 AM
 LOWEST     67           300 PM
 AVERAGE    82

..........................................................


THE SAN ANTONIO CLIMATE NORMALS FOR TOMORROW
                         NORMAL    RECORD    YEAR
 MAXIMUM TEMPERATURE (F)   65        84      1894
 MINIMUM TEMPERATURE (F)   43        25      1917


SUNRISE AND SUNSET
DECEMBER  7 2016......SUNRISE   716 AM CST   SUNSET   535 PM CST
DECEMBER  8 2016......SUNRISE   717 AM CST   SUNSET   535 PM CST


-  INDICATES NEGATIVE NUMBERS.
R  INDICATES RECORD WAS SET OR TIED.
MM INDICATES DATA IS MISSING.
T  INDICATES TRACE AMOUNT.




$$
