000
CDUS44 KEWX 270716
CLISAT


CLIMATE REPORT
NATIONAL WEATHER SERVICE AUSTIN/SAN ANTONIO, TX
211 AM CDT WED AUG 27 2014


...................................

...THE SAN ANTONIO CLIMATE SUMMARY FOR AUGUST 26 2014...

CLIMATE NORMAL PERIOD 1981 TO 2010
CLIMATE RECORD PERIOD 1886 TO 2014


WEATHER ITEM   OBSERVED TIME   RECORD YEAR NORMAL DEPARTURE LAST
                VALUE   (LST)  VALUE       VALUE  FROM      YEAR
                                                  NORMAL
..................................................................
TEMPERATURE (F)
 YESTERDAY
  MAXIMUM        101    356 PM 102    2006  95      6       95
  MINIMUM         78    627 AM  61    1891  74      4       75
  AVERAGE         90                        85      5       85

PRECIPITATION (IN)
  YESTERDAY        0.00          4.42 1948   0.09  -0.09     0.01
  MONTH TO DATE    0.08                      1.57  -1.49     0.85
  SINCE JUN 1      8.71                      8.45   0.26     3.60
  SINCE JAN 1     16.07                     20.42  -4.35    23.44

SNOWFALL (IN)
  YESTERDAY        0.0
  MONTH TO DATE    0.0
  SINCE JUN 1      0.0
  SINCE JUL 1      0.0
  SNOW DEPTH       0

DEGREE DAYS
 HEATING
  YESTERDAY        0                         0      0        0
  MONTH TO DATE    0                         0      0        0
  SINCE JUN 1      0                         0      0        0
  SINCE JUL 1      0                         0      0        0

 COOLING
  YESTERDAY       25                        20      5       20
  MONTH TO DATE  608                       539     69      622
  SINCE JUN 1   1783                      1670    113     1859
  SINCE JAN 1   2487                      2299    188     2476
..................................................................


WIND (MPH)
  HIGHEST WIND SPEED    29   HIGHEST WIND DIRECTION    SE (130)
  HIGHEST GUST SPEED    35   HIGHEST GUST DIRECTION    SE (120)
  AVERAGE WIND SPEED     5.6


SKY COVER
  AVERAGE SKY COVER 0.6


WEATHER CONDITIONS
 THE FOLLOWING WEATHER WAS RECORDED YESTERDAY.
  NO SIGNIFICANT WEATHER WAS OBSERVED.


RELATIVE HUMIDITY (PERCENT)
 HIGHEST    79           600 AM
 LOWEST     29           400 PM
 AVERAGE    54

..........................................................


THE SAN ANTONIO CLIMATE NORMALS FOR TODAY
                         NORMAL    RECORD    YEAR
 MAXIMUM TEMPERATURE (F)   95       106      2011
 MINIMUM TEMPERATURE (F)   74        62      1891


SUNRISE AND SUNSET
AUGUST 27 2014........SUNRISE   709 AM CDT   SUNSET   802 PM CDT
AUGUST 28 2014........SUNRISE   709 AM CDT   SUNSET   800 PM CDT


-  INDICATES NEGATIVE NUMBERS.
R  INDICATES RECORD WAS SET OR TIED.
MM INDICATES DATA IS MISSING.
T  INDICATES TRACE AMOUNT.




$$
