000
CDUS44 KEWX 212344
CLISAT


CLIMATE REPORT
NATIONAL WEATHER SERVICE AUSTIN/SAN ANTONIO, TX
544 PM CST TUE FEB 21 2017


...................................

...THE SAN ANTONIO CLIMATE SUMMARY FOR FEBRUARY 21 2017...
VALID TODAY AS OF 540 PM LOCAL TIME.

CLIMATE NORMAL PERIOD 1981 TO 2010
CLIMATE RECORD PERIOD 1886 TO 2017


WEATHER ITEM   OBSERVED TIME   RECORD YEAR NORMAL DEPARTURE LAST
                VALUE   (LST)  VALUE       VALUE  FROM      YEAR
                                                  NORMAL
..................................................................
TEMPERATURE (F)
 TODAY
  MAXIMUM         84    411 PM 100    1996  68     16       73
  MINIMUM         50    719 AM  30    1978  46      4       65
                                      1939
  AVERAGE         67                        57     10       69

PRECIPITATION (IN)
  TODAY            0.00          1.18 1958   0.06  -0.06      T
  MONTH TO DATE    3.61                      1.34   2.27     0.01
  SINCE DEC 1     12.55                      5.01   7.54     2.87
  SINCE JAN 1      6.33                      3.10   3.23     1.39

SNOWFALL (IN)
  TODAY            0.0
  MONTH TO DATE    0.0
  SINCE DEC 1      0.0
  SINCE JUL 1      0.0
  SNOW DEPTH       0

DEGREE DAYS
 HEATING
  TODAY            0                         9     -9        0
  MONTH TO DATE   81                       225   -144      133
  SINCE DEC 1    646                      1032   -386      766
  SINCE JUL 1    704                      1243   -539      895

 COOLING
  TODAY            2                         1      1        4
  MONTH TO DATE   53                        17     36       21
  SINCE DEC 1    116                        38     78       49
  SINCE JAN 1     74                        24     50       24
..................................................................


WIND (MPH)
  HIGHEST WIND SPEED    22   HIGHEST WIND DIRECTION    NW (320)
  HIGHEST GUST SPEED    28   HIGHEST GUST DIRECTION    NW (320)
  AVERAGE WIND SPEED    10.9


SKY COVER
  AVERAGE SKY COVER 0.0


WEATHER CONDITIONS
 THE FOLLOWING WEATHER WAS RECORDED TODAY.
  NO SIGNIFICANT WEATHER WAS OBSERVED.


RELATIVE HUMIDITY (PERCENT)
 HIGHEST    66           200 AM
 LOWEST     14           300 PM
 AVERAGE    40

..........................................................


THE SAN ANTONIO CLIMATE NORMALS FOR TOMORROW
                         NORMAL    RECORD    YEAR
 MAXIMUM TEMPERATURE (F)   68        93      1996
 MINIMUM TEMPERATURE (F)   46        26      1978


SUNRISE AND SUNSET
FEBRUARY 21 2017......SUNRISE   707 AM CST   SUNSET   628 PM CST
FEBRUARY 22 2017......SUNRISE   706 AM CST   SUNSET   629 PM CST


-  INDICATES NEGATIVE NUMBERS.
R  INDICATES RECORD WAS SET OR TIED.
MM INDICATES DATA IS MISSING.
T  INDICATES TRACE AMOUNT.




$$
