000
CDUS44 KEWX 222255
CLISAT


CLIMATE REPORT
NATIONAL WEATHER SERVICE AUSTIN/SAN ANTONIO, TX
555 PM CDT WED MAR 22 2017


...................................

...THE SAN ANTONIO CLIMATE SUMMARY FOR MARCH 22 2017...
VALID TODAY AS OF 0555 PM LOCAL TIME.

CLIMATE NORMAL PERIOD 1981 TO 2010
CLIMATE RECORD PERIOD 1886 TO 2017


WEATHER ITEM   OBSERVED TIME   RECORD YEAR NORMAL DEPARTURE LAST
                VALUE   (LST)  VALUE       VALUE  FROM      YEAR
                                                  NORMAL
..................................................................
TEMPERATURE (F)
 TODAY
  MAXIMUM         82    358 PM  96    1971  75      7       77
  MINIMUM         66    737 AM  29    1915  52     14       46
  AVERAGE         74                        64     10       62

PRECIPITATION (IN)
  TODAY            0.00          0.81 1944   0.08  -0.08     0.00
  MONTH TO DATE    1.22                      1.66  -0.44     3.05
  SINCE MAR 1      1.22                      1.66  -0.44     3.05
  SINCE JAN 1      7.55                      5.21   2.34     5.98

SNOWFALL (IN)
  TODAY            0.0
  MONTH TO DATE    0.0
  SINCE MAR 1      0.0
  SINCE JUL 1      0.0
  SNOW DEPTH       0

DEGREE DAYS
 HEATING
  TODAY            0                         4     -4        3
  MONTH TO DATE   51                       124    -73       50
  SINCE MAR 1     51                       124    -73       50
  SINCE JUL 1    769                      1425   -656      999

 COOLING
  TODAY            9                         2      7        0
  MONTH TO DATE   74                        39     35       78
  SINCE MAR 1     74                        39     35       78
  SINCE JAN 1    174                        65    109      107
..................................................................


WIND (MPH)
  HIGHEST WIND SPEED    18   HIGHEST WIND DIRECTION     S (160)
  HIGHEST GUST SPEED    22   HIGHEST GUST DIRECTION     S (160)
  AVERAGE WIND SPEED     9.9


SKY COVER
  AVERAGE SKY COVER 0.9


WEATHER CONDITIONS
 THE FOLLOWING WEATHER WAS RECORDED TODAY.
  FOG
  HAZE


RELATIVE HUMIDITY (PERCENT)
 HIGHEST    87          1200 AM
 LOWEST     51           400 PM
 AVERAGE    69

..........................................................


THE SAN ANTONIO CLIMATE NORMALS FOR TOMORROW
                         NORMAL    RECORD    YEAR
 MAXIMUM TEMPERATURE (F)   75        96      1995
 MINIMUM TEMPERATURE (F)   52        31      1968


SUNRISE AND SUNSET
MARCH 22 2017.........SUNRISE   735 AM CDT   SUNSET   747 PM CDT
MARCH 23 2017.........SUNRISE   734 AM CDT   SUNSET   747 PM CDT


-  INDICATES NEGATIVE NUMBERS.
R  INDICATES RECORD WAS SET OR TIED.
MM INDICATES DATA IS MISSING.
T  INDICATES TRACE AMOUNT.




$$
