000
CDUS44 KEWX 240747
CLISAT


CLIMATE REPORT
NATIONAL WEATHER SERVICE AUSTIN/SAN ANTONIO, TX
247 AM CDT SUN SEP 24 2017


...................................

...THE SAN ANTONIO CLIMATE SUMMARY FOR SEPTEMBER 23 2017...

CLIMATE NORMAL PERIOD 1981 TO 2010
CLIMATE RECORD PERIOD 1886 TO 2017


WEATHER ITEM   OBSERVED TIME   RECORD YEAR NORMAL DEPARTURE LAST
                VALUE   (LST)  VALUE       VALUE  FROM      YEAR
                                                  NORMAL
..................................................................
TEMPERATURE (F)
 YESTERDAY
  MAXIMUM         93    243 PM  99    2005  88      5       94
                                      2000
                                      1920
  MINIMUM         72    642 AM  49    1999  67      5       74
  AVERAGE         83                        78      5       84

PRECIPITATION (IN)
  YESTERDAY        0.00          2.85 1902   0.09  -0.09     0.00
  MONTH TO DATE    T                         2.35  -2.35     0.19
  SINCE SEP 1      T                         2.35  -2.35     0.19
  SINCE JAN 1     19.50                     23.29  -3.79    29.64

SNOWFALL (IN)
  YESTERDAY        0.0
  MONTH TO DATE    0.0
  SINCE SEP 1      0.0
  SINCE JUL 1      0.0
  SNOW DEPTH      MM

DEGREE DAYS
 HEATING
  YESTERDAY        0                         0      0        0
  MONTH TO DATE    0                         0      0        0
  SINCE SEP 1      0                         0      0        0
  SINCE JUL 1      0                         0      0        0

 COOLING
  YESTERDAY       18                        13      5       19
  MONTH TO DATE  356                       362     -6      435
  SINCE SEP 1    356                       362     -6      435
  SINCE JAN 1   3005                      2753    252     2861
..................................................................


WIND (MPH)
  HIGHEST WIND SPEED    23   HIGHEST WIND DIRECTION     E (100)
  HIGHEST GUST SPEED    27   HIGHEST GUST DIRECTION     E (100)
  AVERAGE WIND SPEED    10.1


SKY COVER
  AVERAGE SKY COVER 0.7


WEATHER CONDITIONS
 THE FOLLOWING WEATHER WAS RECORDED YESTERDAY.
  FOG


RELATIVE HUMIDITY (PERCENT)
 HIGHEST    93           700 AM
 LOWEST     47           100 PM
 AVERAGE    70

..........................................................


THE SAN ANTONIO CLIMATE NORMALS FOR TODAY
                         NORMAL    RECORD    YEAR
 MAXIMUM TEMPERATURE (F)   88       102      2005
 MINIMUM TEMPERATURE (F)   67        51      1947


SUNRISE AND SUNSET
SEPTEMBER 24 2017.....SUNRISE   723 AM CDT   SUNSET   728 PM CDT
SEPTEMBER 25 2017.....SUNRISE   724 AM CDT   SUNSET   726 PM CDT


-  INDICATES NEGATIVE NUMBERS.
R  INDICATES RECORD WAS SET OR TIED.
MM INDICATES DATA IS MISSING.
T  INDICATES TRACE AMOUNT.




$$
