000
CDUS44 KEWX 072227
CLISAT


CLIMATE REPORT
NATIONAL WEATHER SERVICE AUSTIN/SAN ANTONIO, TX
527 PM CDT TUE JUL 7 2015


...................................

...THE SAN ANTONIO CLIMATE SUMMARY FOR JULY 7 2015...
VALID TODAY AS OF 0527 PM LOCAL TIME.

CLIMATE NORMAL PERIOD 1981 TO 2010
CLIMATE RECORD PERIOD 1886 TO 2015


WEATHER ITEM   OBSERVED TIME   RECORD YEAR NORMAL DEPARTURE LAST
                VALUE   (LST)  VALUE       VALUE  FROM      YEAR
                                                  NORMAL
..................................................................
TEMPERATURE (F)
 TODAY
  MAXIMUM         91    339 PM 104    1891  94     -3       94
  MINIMUM         78    610 AM  65    1972  74      4       73
  AVERAGE         85                        84      1       84

PRECIPITATION (IN)
  TODAY            T             4.45 1958   0.11  -0.11     0.00
  MONTH TO DATE    0.07                      0.86  -0.79     0.01
  SINCE JUN 1      6.49                      5.00   1.49     5.39
  SINCE JAN 1     29.77                     16.97  12.80    12.75

SNOWFALL (IN)
  TODAY            0.0
  MONTH TO DATE    0.0
  SINCE JUN 1      0.0
  SINCE JUL 1      0.0
  SNOW DEPTH       0

DEGREE DAYS
 HEATING
  TODAY            0                         0      0        0
  MONTH TO DATE    0                         0      0        0
  SINCE JUN 1      0                         0      0        0
  SINCE JUL 1      0                         0      0        0

 COOLING
  TODAY           20                        19      1       19
  MONTH TO DATE  129                       133     -4      129
  SINCE JUN 1    635                       656    -21      680
  SINCE JAN 1   1280                      1285     -5     1384
..................................................................


WIND (MPH)
  HIGHEST WIND SPEED    23   HIGHEST WIND DIRECTION    SE (140)
  HIGHEST GUST SPEED    33   HIGHEST GUST DIRECTION     S (180)
  AVERAGE WIND SPEED    16.0


SKY COVER
  AVERAGE SKY COVER 0.8


WEATHER CONDITIONS
 THE FOLLOWING WEATHER WAS RECORDED TODAY.
  LIGHT RAIN


RELATIVE HUMIDITY (PERCENT)
 HIGHEST    85           200 AM
 LOWEST     49           200 PM
 AVERAGE    67

..........................................................


THE SAN ANTONIO CLIMATE NORMALS FOR TOMORROW
                         NORMAL    RECORD    YEAR
 MAXIMUM TEMPERATURE (F)   94       105      1939
 MINIMUM TEMPERATURE (F)   74        66      1886


SUNRISE AND SUNSET
JULY  7 2015..........SUNRISE   640 AM CDT   SUNSET   837 PM CDT
JULY  8 2015..........SUNRISE   640 AM CDT   SUNSET   837 PM CDT


-  INDICATES NEGATIVE NUMBERS.
R  INDICATES RECORD WAS SET OR TIED.
MM INDICATES DATA IS MISSING.
T  INDICATES TRACE AMOUNT.




$$
