000
CDUS44 KEWX 220752
CLISAT


CLIMATE REPORT
NATIONAL WEATHER SERVICE AUSTIN/SAN ANTONIO, TX
251 AM CDT WED OCT 22 2014


...................................

...THE SAN ANTONIO CLIMATE SUMMARY FOR OCTOBER 21 2014...

CLIMATE NORMAL PERIOD 1981 TO 2010
CLIMATE RECORD PERIOD 1886 TO 2014


WEATHER ITEM   OBSERVED TIME   RECORD YEAR NORMAL DEPARTURE LAST
                VALUE   (LST)  VALUE       VALUE  FROM      YEAR
                                                  NORMAL
..................................................................
TEMPERATURE (F)
 YESTERDAY
  MAXIMUM         84    428 PM  92    1979  81      3       82
  MINIMUM         62    651 AM  36    1976  59      3       63
  AVERAGE         73                        70      3       73

PRECIPITATION (IN)
  YESTERDAY        0.00          2.18 1957   0.15  -0.15     0.00
  MONTH TO DATE    0.62                      2.90  -2.28     1.97
  SINCE SEP 1      2.39                      5.93  -3.54     5.67
  SINCE JAN 1     18.46                     26.87  -8.41    29.11

SNOWFALL (IN)
  YESTERDAY        0.0
  MONTH TO DATE    0.0
  SINCE SEP 1      0.0
  SINCE JUL 1      0.0
  SNOW DEPTH       0

DEGREE DAYS
 HEATING
  YESTERDAY        0                         1     -1        0
  MONTH TO DATE    0                        10    -10       11
  SINCE SEP 1      0                        12    -12       11
  SINCE JUL 1      0                        12    -12       11

 COOLING
  YESTERDAY        8                         6      2        8
  MONTH TO DATE  260                       169     91      206
  SINCE SEP 1    776                       612    164      764
  SINCE JAN 1   3376                      3003    373     3357
..................................................................


WIND (MPH)
  HIGHEST WIND SPEED    15   HIGHEST WIND DIRECTION     E (110)
  HIGHEST GUST SPEED    21   HIGHEST GUST DIRECTION     E (100)
  AVERAGE WIND SPEED     5.8


SKY COVER
  AVERAGE SKY COVER 0.4


WEATHER CONDITIONS
 THE FOLLOWING WEATHER WAS RECORDED YESTERDAY.
  NO SIGNIFICANT WEATHER WAS OBSERVED.


RELATIVE HUMIDITY (PERCENT)
 HIGHEST    84           500 AM
 LOWEST     34           200 PM
 AVERAGE    59

..........................................................


THE SAN ANTONIO CLIMATE NORMALS FOR TODAY
                         NORMAL    RECORD    YEAR
 MAXIMUM TEMPERATURE (F)   81        91      1933
 MINIMUM TEMPERATURE (F)   59        40      1911


SUNRISE AND SUNSET
OCTOBER 22 2014.......SUNRISE   740 AM CDT   SUNSET   656 PM CDT
OCTOBER 23 2014.......SUNRISE   741 AM CDT   SUNSET   655 PM CDT


-  INDICATES NEGATIVE NUMBERS.
R  INDICATES RECORD WAS SET OR TIED.
MM INDICATES DATA IS MISSING.
T  INDICATES TRACE AMOUNT.




$$
