000
CDUS44 KEWX 012222
CLISAT


CLIMATE REPORT
NATIONAL WEATHER SERVICE AUSTIN/SAN ANTONIO, TX
522 PM CDT WED OCT 1 2014


...................................

...THE SAN ANTONIO CLIMATE SUMMARY FOR OCTOBER 1 2014...
VALID TODAY AS OF 0522 PM LOCAL TIME.

CLIMATE NORMAL PERIOD 1981 TO 2010
CLIMATE RECORD PERIOD 1886 TO 2014


WEATHER ITEM   OBSERVED TIME   RECORD YEAR NORMAL DEPARTURE LAST
                VALUE   (LST)  VALUE       VALUE  FROM      YEAR
                                                  NORMAL
..................................................................
TEMPERATURE (F)
 TODAY
  MAXIMUM         94    346 PM  97    1989  86      8       93
                                      1893
  MINIMUM         76    636 AM  47    1984  64     12       73
                                      1974
  AVERAGE         85                        75     10       83

PRECIPITATION (IN)
  TODAY            0.00          5.96 1913   0.11  -0.11      T
  MONTH TO DATE    0.00                      0.11  -0.11      T
  SINCE SEP 1      1.77                      3.14  -1.37     3.70
  SINCE JAN 1     17.84                     24.08  -6.24    27.14

SNOWFALL (IN)
  TODAY            0.0
  MONTH TO DATE    0.0
  SINCE SEP 1      0.0
  SINCE JUL 1      0.0
  SNOW DEPTH       0

DEGREE DAYS
 HEATING
  TODAY            0                         0      0        0
  MONTH TO DATE    0                         0      0        0
  SINCE SEP 1      0                         2     -2        0
  SINCE JUL 1      0                         2     -2        0

 COOLING
  TODAY           20                        10     10       18
  MONTH TO DATE   20                        10     10       18
  SINCE SEP 1    536                       453     83      576
  SINCE JAN 1   3136                      2844    292     3169
..................................................................


WIND (MPH)
  HIGHEST WIND SPEED    16   HIGHEST WIND DIRECTION     S (160)
  HIGHEST GUST SPEED    25   HIGHEST GUST DIRECTION    SE (150)
  AVERAGE WIND SPEED     8.4


SKY COVER
  AVERAGE SKY COVER 0.7


WEATHER CONDITIONS
 THE FOLLOWING WEATHER WAS RECORDED TODAY.
  NO SIGNIFICANT WEATHER WAS OBSERVED.


RELATIVE HUMIDITY (PERCENT)
 HIGHEST    88           100 AM
 LOWEST     47           300 PM
 AVERAGE    68

..........................................................


THE SAN ANTONIO CLIMATE NORMALS FOR TOMORROW
                         NORMAL    RECORD    YEAR
 MAXIMUM TEMPERATURE (F)   86        97      1989
 MINIMUM TEMPERATURE (F)   64        48      1966


SUNRISE AND SUNSET
OCTOBER  1 2014.......SUNRISE   727 AM CDT   SUNSET   719 PM CDT
OCTOBER  2 2014.......SUNRISE   728 AM CDT   SUNSET   718 PM CDT


-  INDICATES NEGATIVE NUMBERS.
R  INDICATES RECORD WAS SET OR TIED.
MM INDICATES DATA IS MISSING.
T  INDICATES TRACE AMOUNT.




$$
