000
CDUS44 KEWX 292234
CLISAT


CLIMATE REPORT
NATIONAL WEATHER SERVICE AUSTIN/SAN ANTONIO, TX
534 PM CDT MON AUG 29 2016


...................................

...THE SAN ANTONIO CLIMATE SUMMARY FOR AUGUST 29 2016...
VALID TODAY AS OF 530 PM LOCAL TIME.

CLIMATE NORMAL PERIOD 1981 TO 2010
CLIMATE RECORD PERIOD 1886 TO 2016


WEATHER ITEM   OBSERVED TIME   RECORD YEAR NORMAL DEPARTURE LAST
                VALUE   (LST)  VALUE       VALUE  FROM      YEAR
                                                  NORMAL
..................................................................
TEMPERATURE (F)
 TODAY
  MAXIMUM         88    353 PM 107    2011  95     -7       95
  MINIMUM         72    418 AM  61    1992  74     -2       71
  AVERAGE         80                        84     -4       83

PRECIPITATION (IN)
  TODAY            0.05          3.24 2001   0.11  -0.06     0.00
  MONTH TO DATE    4.91                      1.88   3.03     0.29
  SINCE JUN 1      7.63                      8.76  -1.13     6.78
  SINCE JAN 1     29.45                     20.73   8.72    30.06

SNOWFALL (IN)
  TODAY            0.0
  MONTH TO DATE    0.0
  SINCE JUN 1      0.0
  SINCE JUL 1      0.0
  SNOW DEPTH       0

DEGREE DAYS
 HEATING
  TODAY            0                         0      0        0
  MONTH TO DATE    0                         0      0        0
  SINCE JUN 1      0                         0      0        0
  SINCE JUL 1      0                         0      0        0

 COOLING
  TODAY           15                        19     -4       18
  MONTH TO DATE  558                       597    -39      659
  SINCE JUN 1   1766                      1728     38     1812
  SINCE JAN 1   2391                      2357     34     2457
..................................................................


WIND (MPH)
  HIGHEST WIND SPEED    18   HIGHEST WIND DIRECTION    NE (50)
  HIGHEST GUST SPEED    24   HIGHEST GUST DIRECTION    NE (50)
  AVERAGE WIND SPEED     8.5


SKY COVER
  AVERAGE SKY COVER 0.7


WEATHER CONDITIONS
 THE FOLLOWING WEATHER WAS RECORDED TODAY.
  LIGHT RAIN
  FOG


RELATIVE HUMIDITY (PERCENT)
 HIGHEST    93           100 AM
 LOWEST     57           300 PM
 AVERAGE    75

..........................................................


THE SAN ANTONIO CLIMATE NORMALS FOR TOMORROW
                         NORMAL    RECORD    YEAR
 MAXIMUM TEMPERATURE (F)   95       103      2013
                                             1901
 MINIMUM TEMPERATURE (F)   74        59      1893


SUNRISE AND SUNSET
AUGUST 29 2016........SUNRISE   710 AM CDT   SUNSET   759 PM CDT
AUGUST 30 2016........SUNRISE   710 AM CDT   SUNSET   758 PM CDT


-  INDICATES NEGATIVE NUMBERS.
R  INDICATES RECORD WAS SET OR TIED.
MM INDICATES DATA IS MISSING.
T  INDICATES TRACE AMOUNT.




$$
