000
CDUS42 KCHS 240613
CLISAV


CLIMATE REPORT
NATIONAL WEATHER SERVICE CHARLESTON SC
213 AM EDT THU AUG 24 2017


...................................

...THE SAVANNAH GA CLIMATE SUMMARY FOR AUGUST 23 2017...

CLIMATE NORMAL PERIOD 1981 TO 2010
CLIMATE RECORD PERIOD 1871 TO 2017


WEATHER ITEM   OBSERVED TIME   RECORD YEAR NORMAL DEPARTURE LAST
                VALUE   (LST)  VALUE       VALUE  FROM      YEAR
                                                  NORMAL
..................................................................
TEMPERATURE (F)
 YESTERDAY
  MAXIMUM         95    353 PM 100    2014  90      5       92
  MINIMUM         76    643 AM  60    1930  72      4       78
  AVERAGE         86                        81      5       85

PRECIPITATION (IN)
  YESTERDAY        0.17          4.59 1951   0.22  -0.05     0.07
  MONTH TO DATE    3.83                      4.92  -1.09     3.00
  SINCE JUN 1     16.69                     16.47   0.22    11.17
  SINCE JAN 1     40.44                     32.73   7.71    33.84

DEGREE DAYS
 HEATING
  YESTERDAY        0                         0      0        0
  MONTH TO DATE    0                         0      0        0
  SINCE JUN 1      0                         0      0        0
  SINCE JUL 1      0                         0      0        0

 COOLING
  YESTERDAY       21                        16      5       20
  MONTH TO DATE  439                       386     53      466
  SINCE JUN 1   1466                      1378     88     1643
  SINCE JAN 1   2140                      1781    359     2171
..................................................................


WIND (MPH)
  HIGHEST WIND SPEED    17   HIGHEST WIND DIRECTION    SW (230)
  HIGHEST GUST SPEED    21   HIGHEST GUST DIRECTION    SW (210)
  AVERAGE WIND SPEED     6.5


SKY COVER
  POSSIBLE SUNSHINE  MM
  AVERAGE SKY COVER 0.4


WEATHER CONDITIONS
 THE FOLLOWING WEATHER WAS RECORDED YESTERDAY.
  THUNDERSTORM
  HEAVY RAIN
  LIGHT RAIN
  FOG


RELATIVE HUMIDITY (PERCENT)
 HIGHEST   100           200 AM
 LOWEST     49           400 PM
 AVERAGE    75

..........................................................


THE SAVANNAH GA CLIMATE NORMALS FOR TODAY
                         NORMAL    RECORD    YEAR
 MAXIMUM TEMPERATURE (F)   90       101      1938
 MINIMUM TEMPERATURE (F)   72        62      1953
                                             1931


SUNRISE AND SUNSET
AUGUST 24 2017........SUNRISE   655 AM EDT   SUNSET   758 PM EDT
AUGUST 25 2017........SUNRISE   656 AM EDT   SUNSET   757 PM EDT


-  INDICATES NEGATIVE NUMBERS.
R  INDICATES RECORD WAS SET OR TIED.
MM INDICATES DATA IS MISSING.
T  INDICATES TRACE AMOUNT.




$$
