617
CDUS42 KCHS 240604
CLISAV


CLIMATE REPORT
NATIONAL WEATHER SERVICE CHARLESTON SC
203 AM EDT WED MAY 24 2017


...................................

...THE SAVANNAH GA CLIMATE SUMMARY FOR MAY 23 2017...

CLIMATE NORMAL PERIOD 1981 TO 2010
CLIMATE RECORD PERIOD 1871 TO 2017


WEATHER ITEM   OBSERVED TIME   RECORD YEAR NORMAL DEPARTURE LAST
                VALUE   (LST)  VALUE       VALUE  FROM      YEAR
                                                  NORMAL
..................................................................
TEMPERATURE (F)
 YESTERDAY
  MAXIMUM         82   1052 AM  99    2011  86     -4       83
  MINIMUM         71    440 PM  50    2002  64      7       59
  AVERAGE         77                        75      2       71

PRECIPITATION (IN)
  YESTERDAY        1.31          2.41 1976   0.11   1.20     0.00
  MONTH TO DATE   10.97                      2.00   8.97     7.30
  SINCE MAR 1     14.35                      8.80   5.55    14.57
  SINCE JAN 1     23.18                     15.28   7.90    20.98

DEGREE DAYS
 HEATING
  YESTERDAY        0                         0      0        0
  MONTH TO DATE    1                         6     -5        4
  SINCE MAR 1    213                       292    -79      146
  SINCE JUL 1   1023                      1809   -786     1215

 COOLING
  YESTERDAY       12                        10      2        6
  MONTH TO DATE  227                       176     51      210
  SINCE MAR 1    509                       302    207      425
  SINCE JAN 1    567                       312    255      446
..................................................................


WIND (MPH)
  HIGHEST WIND SPEED    30   HIGHEST WIND DIRECTION     W (290)
  HIGHEST GUST SPEED    38   HIGHEST GUST DIRECTION     W (280)
  AVERAGE WIND SPEED     7.5


SKY COVER
  POSSIBLE SUNSHINE  MM
  AVERAGE SKY COVER 0.9


WEATHER CONDITIONS
 THE FOLLOWING WEATHER WAS RECORDED YESTERDAY.
  THUNDERSTORM
  HEAVY RAIN
  RAIN
  LIGHT RAIN
  FOG


RELATIVE HUMIDITY (PERCENT)
 HIGHEST   100           100 AM
 LOWEST     74          1000 AM
 AVERAGE    87

..........................................................


THE SAVANNAH GA CLIMATE NORMALS FOR TODAY
                         NORMAL    RECORD    YEAR
 MAXIMUM TEMPERATURE (F)   86        98      2011
                                             1953
 MINIMUM TEMPERATURE (F)   65        51      2001
                                             1954
                                             1892


SUNRISE AND SUNSET
MAY 24 2017...........SUNRISE   622 AM EDT   SUNSET   822 PM EDT
MAY 25 2017...........SUNRISE   622 AM EDT   SUNSET   822 PM EDT


-  INDICATES NEGATIVE NUMBERS.
R  INDICATES RECORD WAS SET OR TIED.
MM INDICATES DATA IS MISSING.
T  INDICATES TRACE AMOUNT.




$$
