000
CDUS42 KCHS 010603
CLISAV


CLIMATE REPORT
NATIONAL WEATHER SERVICE CHARLESTON SC
203 AM EDT WED JUL 1 2015


...................................

...THE SAVANNAH GA CLIMATE SUMMARY FOR JUNE 30 2015...

CLIMATE NORMAL PERIOD 1981 TO 2010
CLIMATE RECORD PERIOD 1871 TO 2015


WEATHER ITEM   OBSERVED TIME   RECORD YEAR NORMAL DEPARTURE LAST
                VALUE   (LST)  VALUE       VALUE  FROM      YEAR
                                                  NORMAL
..................................................................
TEMPERATURE (F)
 YESTERDAY
  MAXIMUM         92    151 PM 102    1998  92      0       92
  MINIMUM         71    539 AM  59    1958  72     -1       73
  AVERAGE         82                        82      0       83

PRECIPITATION (IN)
  YESTERDAY        0.00          3.06 1983   0.19  -0.19     0.00
  MONTH TO DATE    5.63                      5.95  -0.32    11.64
  SINCE JUN 1      5.63                      5.95  -0.32    11.64
  SINCE JAN 1     22.96                     22.21   0.75    27.43

DEGREE DAYS
 HEATING
  YESTERDAY        0                         0      0        0
  MONTH TO DATE    0                         0      0        0
  SINCE JUN 1      0                         0      0        0
  SINCE JUL 1   1693                      1812   -119     1682

 COOLING
  YESTERDAY       17                        17      0       18
  MONTH TO DATE  506                       446     60      491
  SINCE JUN 1    506                       446     60      491
  SINCE JAN 1   1041                       849    192      980
..................................................................


WIND (MPH)
  HIGHEST WIND SPEED    32   HIGHEST WIND DIRECTION    NW (300)
  HIGHEST GUST SPEED    39   HIGHEST GUST DIRECTION    NW (300)
  AVERAGE WIND SPEED     7.9


SKY COVER
  POSSIBLE SUNSHINE  MM
  AVERAGE SKY COVER 0.7


WEATHER CONDITIONS
 THE FOLLOWING WEATHER WAS RECORDED YESTERDAY.
  NO SIGNIFICANT WEATHER WAS OBSERVED.


RELATIVE HUMIDITY (PERCENT)
 HIGHEST    87          1100 PM
 LOWEST     47           200 PM
 AVERAGE    67

..........................................................


THE SAVANNAH GA CLIMATE NORMALS FOR TODAY
                         NORMAL    RECORD    YEAR
 MAXIMUM TEMPERATURE (F)   92       102      1990
                                             1897
 MINIMUM TEMPERATURE (F)   72        64      1958
                                             1955


SUNRISE AND SUNSET
JULY  1 2015..........SUNRISE   622 AM EDT   SUNSET   835 PM EDT
JULY  2 2015..........SUNRISE   622 AM EDT   SUNSET   835 PM EDT


-  INDICATES NEGATIVE NUMBERS.
R  INDICATES RECORD WAS SET OR TIED.
MM INDICATES DATA IS MISSING.
T  INDICATES TRACE AMOUNT.




$$
