000
CDUS42 KCHS 020602
CLISAV


CLIMATE REPORT
NATIONAL WEATHER SERVICE CHARLESTON SC
202 AM EDT SUN AUG 2 2015


...................................

...THE SAVANNAH GA CLIMATE SUMMARY FOR AUGUST 1 2015...

CLIMATE NORMAL PERIOD 1981 TO 2010
CLIMATE RECORD PERIOD 1871 TO 2015


WEATHER ITEM   OBSERVED TIME   RECORD YEAR NORMAL DEPARTURE LAST
                VALUE   (LST)  VALUE       VALUE  FROM      YEAR
                                                  NORMAL
..................................................................
TEMPERATURE (F)
 YESTERDAY
  MAXIMUM         91    233 PM 102    1999  92     -1       91
  MINIMUM         74    700 AM  66    1997  73      1       74
                                      1966
  AVERAGE         83                        82      1       83

PRECIPITATION (IN)
  YESTERDAY        0.53          2.14 1991   0.22   0.31      T
  MONTH TO DATE    0.53                      0.22   0.31      T
  SINCE JUN 1     11.52                     11.77  -0.25    15.86
  SINCE JAN 1     28.85                     28.03   0.82    31.65

DEGREE DAYS
 HEATING
  YESTERDAY        0                         0      0        0
  MONTH TO DATE    0                         0      0        0
  SINCE JUN 1      0                         0      0        0
  SINCE JUL 1      0                         0      0        0

 COOLING
  YESTERDAY       18                        18      0       18
  MONTH TO DATE   18                        18      0       18
  SINCE JUN 1   1110                      1010    100     1072
  SINCE JAN 1   1645                      1413    232     1561
..................................................................


WIND (MPH)
  HIGHEST WIND SPEED    25   HIGHEST WIND DIRECTION     E (110)
  HIGHEST GUST SPEED    29   HIGHEST GUST DIRECTION    SE (120)
  AVERAGE WIND SPEED     3.7


SKY COVER
  POSSIBLE SUNSHINE  MM
  AVERAGE SKY COVER 0.7


WEATHER CONDITIONS
 THE FOLLOWING WEATHER WAS RECORDED YESTERDAY.
  THUNDERSTORM
  HEAVY RAIN
  LIGHT RAIN
  FOG


RELATIVE HUMIDITY (PERCENT)
 HIGHEST   100           500 AM
 LOWEST     59          1200 PM
 AVERAGE    80

..........................................................


THE SAVANNAH GA CLIMATE NORMALS FOR TODAY
                         NORMAL    RECORD    YEAR
 MAXIMUM TEMPERATURE (F)   92       101      1980
 MINIMUM TEMPERATURE (F)   73        65      1966


SUNRISE AND SUNSET
AUGUST  2 2015........SUNRISE   640 AM EDT   SUNSET   821 PM EDT
AUGUST  3 2015........SUNRISE   641 AM EDT   SUNSET   821 PM EDT


-  INDICATES NEGATIVE NUMBERS.
R  INDICATES RECORD WAS SET OR TIED.
MM INDICATES DATA IS MISSING.
T  INDICATES TRACE AMOUNT.




$$
