000
CDUS42 KCHS 270533
CLISAV


CLIMATE REPORT
NATIONAL WEATHER SERVICE CHARLESTON SC
1233 AM EST SAT DEC 27 2014


...................................

...THE SAVANNAH GA CLIMATE SUMMARY FOR DECEMBER 26 2014...

CLIMATE NORMAL PERIOD 1981 TO 2010
CLIMATE RECORD PERIOD 1871 TO 2014


WEATHER ITEM   OBSERVED TIME   RECORD YEAR NORMAL DEPARTURE LAST
                VALUE   (LST)  VALUE       VALUE  FROM      YEAR
                                                  NORMAL
..................................................................
TEMPERATURE (F)
 YESTERDAY
  MAXIMUM         66    347 PM  79    1987  61      5       50
  MINIMUM         36    647 AM   9    1983  39     -3       44
  AVERAGE         51                        50      1       47

PRECIPITATION (IN)
  YESTERDAY        0.00          1.85 1882   0.11  -0.11      T
  MONTH TO DATE    3.89                      2.46   1.43     1.55
  SINCE DEC 1      3.89                      2.46   1.43     1.55
  SINCE JAN 1     50.43                     47.47   2.96    53.24

SNOWFALL (IN)
  YESTERDAY        0.0                       0.1   -0.1
  SINCE DEC 1      0.0                       0.2   -0.2
  SINCE JUL 1      0.0                       0.2   -0.2

DEGREE DAYS
 HEATING
  YESTERDAY       14                        15     -1       18
  MONTH TO DATE  248                       344    -96      220
  SINCE DEC 1    248                       344    -96      220
  SINCE JUL 1    540                       611    -71      476

 COOLING
  YESTERDAY        0                         0      0        0
  MONTH TO DATE    5                         3      2       38
  SINCE DEC 1      5                         3      2       38
  SINCE JAN 1   2731                      2452    279     2491
..................................................................


WIND (MPH)
  HIGHEST WIND SPEED    MM   HIGHEST WIND DIRECTION    MM
  HIGHEST GUST SPEED    MM   HIGHEST GUST DIRECTION    MM
  AVERAGE WIND SPEED     1.7


SKY COVER
  POSSIBLE SUNSHINE  MM
  AVERAGE SKY COVER 0.4


WEATHER CONDITIONS
 THE FOLLOWING WEATHER WAS RECORDED YESTERDAY.
  FOG


RELATIVE HUMIDITY (PERCENT)
 HIGHEST    93           900 PM
 LOWEST     44           300 PM
 AVERAGE    69

..........................................................


THE SAVANNAH GA CLIMATE NORMALS FOR TODAY
                         NORMAL    RECORD    YEAR
 MAXIMUM TEMPERATURE (F)   60        79      1987
                                             1971
 MINIMUM TEMPERATURE (F)   39        20      1935


SUNRISE AND SUNSET
DECEMBER 27 2014......SUNRISE   724 AM EST   SUNSET   528 PM EST
DECEMBER 28 2014......SUNRISE   725 AM EST   SUNSET   528 PM EST


-  INDICATES NEGATIVE NUMBERS.
R  INDICATES RECORD WAS SET OR TIED.
MM INDICATES DATA IS MISSING.
T  INDICATES TRACE AMOUNT.




$$
