000
CDUS42 KCHS 030603
CLISAV


CLIMATE REPORT
NATIONAL WEATHER SERVICE CHARLESTON SC
202 AM EDT TUE MAY 3 2016


...................................

...THE SAVANNAH GA CLIMATE SUMMARY FOR MAY 2 2016...

CLIMATE NORMAL PERIOD 1981 TO 2010
CLIMATE RECORD PERIOD 1871 TO 2016


WEATHER ITEM   OBSERVED TIME   RECORD YEAR NORMAL DEPARTURE LAST
                VALUE   (LST)  VALUE       VALUE  FROM      YEAR
                                                  NORMAL
..................................................................
TEMPERATURE (F)
 YESTERDAY
  MAXIMUM         88    137 PM  96    1990  82      6       78
  MINIMUM         70    936 PM  39    1963  58     12       49
  AVERAGE         79                        70      9       64

PRECIPITATION (IN)
  YESTERDAY        0.86          3.79 1964   0.08   0.78     0.00
  MONTH TO DATE    0.86                      0.16   0.70     0.00
  SINCE MAR 1      8.13                      6.96   1.17     8.54
  SINCE JAN 1     14.54                     13.44   1.10    16.10

DEGREE DAYS
 HEATING
  YESTERDAY        0                         1     -1        1
  MONTH TO DATE    0                         2     -2        2
  SINCE MAR 1    142                       288   -146      158
  SINCE JUL 1   1211                      1805   -594     1693

 COOLING
  YESTERDAY       14                         5      9        0
  MONTH TO DATE   27                        10     17        0
  SINCE MAR 1    242                       136    106      237
  SINCE JAN 1    263                       146    117      242
..................................................................


WIND (MPH)
  HIGHEST WIND SPEED    21   HIGHEST WIND DIRECTION     S (190)
  HIGHEST GUST SPEED    25   HIGHEST GUST DIRECTION    SW (210)
  AVERAGE WIND SPEED     6.5


SKY COVER
  POSSIBLE SUNSHINE  MM
  AVERAGE SKY COVER 0.7


WEATHER CONDITIONS
 THE FOLLOWING WEATHER WAS RECORDED YESTERDAY.
  THUNDERSTORM
  HEAVY RAIN
  RAIN
  LIGHT RAIN
  FOG


RELATIVE HUMIDITY (PERCENT)
 HIGHEST    93          1200 AM
 LOWEST     50           100 PM
 AVERAGE    72

..........................................................


THE SAVANNAH GA CLIMATE NORMALS FOR TODAY
                         NORMAL    RECORD    YEAR
 MAXIMUM TEMPERATURE (F)   82        94      1959
                                             1951
                                             1901
 MINIMUM TEMPERATURE (F)   58        47      1999
                                             1939


SUNRISE AND SUNSET
MAY  3 2016...........SUNRISE   636 AM EDT   SUNSET   807 PM EDT
MAY  4 2016...........SUNRISE   635 AM EDT   SUNSET   808 PM EDT


-  INDICATES NEGATIVE NUMBERS.
R  INDICATES RECORD WAS SET OR TIED.
MM INDICATES DATA IS MISSING.
T  INDICATES TRACE AMOUNT.




$$
