000
CDUS42 KCHS 120633
CLISAV


CLIMATE REPORT
NATIONAL WEATHER SERVICE CHARLESTON SC
131 AM EST FRI FEB 12 2016


...................................

...THE SAVANNAH GA CLIMATE SUMMARY FOR FEBRUARY 11 2016...

CLIMATE NORMAL PERIOD 1981 TO 2010
CLIMATE RECORD PERIOD 1871 TO 2016


WEATHER ITEM   OBSERVED TIME   RECORD YEAR NORMAL DEPARTURE LAST
                VALUE   (LST)  VALUE       VALUE  FROM      YEAR
                                                  NORMAL
..................................................................
TEMPERATURE (F)
 YESTERDAY
  MAXIMUM         61    256 PM  83    1932  64     -3       62
  MINIMUM         28    713 AM  20    1971  41    -13       37
  AVERAGE         45                        52     -7       50

PRECIPITATION (IN)
  YESTERDAY        0.00          2.44 1995   0.09  -0.09     0.00
  MONTH TO DATE    3.07                      1.12   1.95     1.04
  SINCE DEC 1      9.55                      7.76   1.79     9.18
  SINCE JAN 1      6.20                      4.81   1.39     5.16

SNOWFALL (IN)
  YESTERDAY        0.0                       0.0    0.0
  SINCE DEC 1      T                         0.2   -0.2
  SINCE JUL 1      T                         0.2   -0.2

DEGREE DAYS
 HEATING
  YESTERDAY       20                        13      7       15
  MONTH TO DATE  148                       150     -2      167
  SINCE DEC 1    718                      1057   -339      924
  SINCE JUL 1    843                      1324   -481     1216

 COOLING
  YESTERDAY        0                         0      0        0
  MONTH TO DATE    9                         0      9        0
  SINCE DEC 1    115                        12    103       11
  SINCE JAN 1      9                         3      6        5
..................................................................


WIND (MPH)
  HIGHEST WIND SPEED    14   HIGHEST WIND DIRECTION    SE (140)
  HIGHEST GUST SPEED    17   HIGHEST GUST DIRECTION    SW (240)
  AVERAGE WIND SPEED     4.5


SKY COVER
  POSSIBLE SUNSHINE  MM
  AVERAGE SKY COVER 0.1


WEATHER CONDITIONS
 THE FOLLOWING WEATHER WAS RECORDED YESTERDAY.
  NO SIGNIFICANT WEATHER WAS OBSERVED.


RELATIVE HUMIDITY (PERCENT)
 HIGHEST    76           900 PM
 LOWEST     26           200 PM
 AVERAGE    51

..........................................................


THE SAVANNAH GA CLIMATE NORMALS FOR TODAY
                         NORMAL    RECORD    YEAR
 MAXIMUM TEMPERATURE (F)   64        83      1965
 MINIMUM TEMPERATURE (F)   41        19      1973


SUNRISE AND SUNSET
FEBRUARY 12 2016......SUNRISE   710 AM EST   SUNSET   608 PM EST
FEBRUARY 13 2016......SUNRISE   709 AM EST   SUNSET   609 PM EST


-  INDICATES NEGATIVE NUMBERS.
R  INDICATES RECORD WAS SET OR TIED.
MM INDICATES DATA IS MISSING.
T  INDICATES TRACE AMOUNT.




$$
