000
CDUS42 KCHS 190622
CLISAV


CLIMATE REPORT
NATIONAL WEATHER SERVICE CHARLESTON SC
121 AM EST THU JAN 19 2017


...................................

...THE SAVANNAH GA CLIMATE SUMMARY FOR JANUARY 18 2017...

CLIMATE NORMAL PERIOD 1981 TO 2010
CLIMATE RECORD PERIOD 1871 TO 2017


WEATHER ITEM   OBSERVED TIME   RECORD YEAR NORMAL DEPARTURE LAST
                VALUE   (LST)  VALUE       VALUE  FROM      YEAR
                                                  NORMAL
..................................................................
TEMPERATURE (F)
 YESTERDAY
  MAXIMUM         78    410 PM  81    1937  60     18       52
  MINIMUM         57    747 AM  20    1957  38     19       33
  AVERAGE         68                        49     19       43

PRECIPITATION (IN)
  YESTERDAY        0.00          3.48 1883   0.12  -0.12     0.00
  MONTH TO DATE    1.62                      2.05  -0.43     2.37
  SINCE DEC 1      5.91                      5.00   0.91     5.72
  SINCE JAN 1      1.62                      2.05  -0.43     2.37

SNOWFALL (IN)
  YESTERDAY        0.0                       0.0    0.0
  SINCE DEC 1      0.0                       0.2   -0.2
  SINCE JUL 1      0.0                       0.2   -0.2

DEGREE DAYS
 HEATING
  YESTERDAY        0                        16    -16       22
  MONTH TO DATE  137                       288   -151      273
  SINCE DEC 1    409                       711   -302      397
  SINCE JUL 1    590                       978   -388      522

 COOLING
  YESTERDAY        3                         0      3        0
  MONTH TO DATE   14                         0     14        0
  SINCE DEC 1     24                         9     15      106
  SINCE JAN 1     14                         0     14        0
..................................................................


WIND (MPH)
  HIGHEST WIND SPEED    23   HIGHEST WIND DIRECTION     W (250)
  HIGHEST GUST SPEED    27   HIGHEST GUST DIRECTION     W (250)
  AVERAGE WIND SPEED    10.1


SKY COVER
  POSSIBLE SUNSHINE  MM
  AVERAGE SKY COVER 0.4


WEATHER CONDITIONS
 THE FOLLOWING WEATHER WAS RECORDED YESTERDAY.
  NO SIGNIFICANT WEATHER WAS OBSERVED.


RELATIVE HUMIDITY (PERCENT)
 HIGHEST    93           800 AM
 LOWEST     50           300 PM
 AVERAGE    72

..........................................................


THE SAVANNAH GA CLIMATE NORMALS FOR TODAY
                         NORMAL    RECORD    YEAR
 MAXIMUM TEMPERATURE (F)   60        79      1990
                                             1937
 MINIMUM TEMPERATURE (F)   39        16      1977


SUNRISE AND SUNSET
JANUARY 19 2017.......SUNRISE   725 AM EST   SUNSET   547 PM EST
JANUARY 20 2017.......SUNRISE   724 AM EST   SUNSET   548 PM EST


-  INDICATES NEGATIVE NUMBERS.
R  INDICATES RECORD WAS SET OR TIED.
MM INDICATES DATA IS MISSING.
T  INDICATES TRACE AMOUNT.




$$
