000
CDUS42 KCHS 180536
CLISAV


CLIMATE REPORT
NATIONAL WEATHER SERVICE CHARLESTON SC
136 AM EDT THU SEP 18 2014


...................................

...THE SAVANNAH GA CLIMATE SUMMARY FOR SEPTEMBER 17 2014...

CLIMATE NORMAL PERIOD 1981 TO 2010
CLIMATE RECORD PERIOD 1871 TO 2014


WEATHER ITEM   OBSERVED TIME   RECORD YEAR NORMAL DEPARTURE LAST
                VALUE   (LST)  VALUE       VALUE  FROM      YEAR
                                                  NORMAL
..................................................................
TEMPERATURE (F)
 YESTERDAY
  MAXIMUM         90    113 PM  97    1972  86      4       81
                                      1933
                                      1896
  MINIMUM         69    602 AM  56    2001  68      1       70
  AVERAGE         80                        77      3       76

PRECIPITATION (IN)
  YESTERDAY        0.37          5.35 1928   0.14   0.23      T
  MONTH TO DATE    4.37                      2.80   1.57     0.85
  SINCE SEP 1      4.37                      2.80   1.57     0.85
  SINCE JAN 1     39.43                     37.17   2.26    48.02

DEGREE DAYS
 HEATING
  YESTERDAY        0                         0      0        0
  MONTH TO DATE    0                         0      0        0
  SINCE SEP 1      0                         0      0        0
  SINCE JUL 1      0                         0      0        0

 COOLING
  YESTERDAY       15                        12      3       11
  MONTH TO DATE  287                       230     57      277
  SINCE SEP 1    287                       230     57      277
  SINCE JAN 1   2400                      2137    263     2126
..................................................................


WIND (MPH)
  HIGHEST WIND SPEED    18   HIGHEST WIND DIRECTION    NE (60)
  HIGHEST GUST SPEED    24   HIGHEST GUST DIRECTION     N (10)
  AVERAGE WIND SPEED     3.3


SKY COVER
  POSSIBLE SUNSHINE  MM
  AVERAGE SKY COVER 0.5


WEATHER CONDITIONS
 THE FOLLOWING WEATHER WAS RECORDED YESTERDAY.
  THUNDERSTORM
  RAIN
  LIGHT RAIN
  FOG
  HAZE


RELATIVE HUMIDITY (PERCENT)
 HIGHEST    93           900 PM
 LOWEST     55           100 PM
 AVERAGE    74

..........................................................


THE SAVANNAH GA CLIMATE NORMALS FOR TODAY
                         NORMAL    RECORD    YEAR
 MAXIMUM TEMPERATURE (F)   86       100      1931
 MINIMUM TEMPERATURE (F)   67        56      1910


SUNRISE AND SUNSET
SEPTEMBER 18 2014.....SUNRISE   710 AM EDT   SUNSET   727 PM EDT
SEPTEMBER 19 2014.....SUNRISE   711 AM EDT   SUNSET   725 PM EDT


-  INDICATES NEGATIVE NUMBERS.
R  INDICATES RECORD WAS SET OR TIED.
MM INDICATES DATA IS MISSING.
T  INDICATES TRACE AMOUNT.




$$
