000
CDUS42 KCHS 250546
CLISAV


CLIMATE REPORT
NATIONAL WEATHER SERVICE CHARLESTON SC
1245 AM EST TUE NOV 25 2014


...................................

...THE SAVANNAH GA CLIMATE SUMMARY FOR NOVEMBER 24 2014...

CLIMATE NORMAL PERIOD 1981 TO 2010
CLIMATE RECORD PERIOD 1871 TO 2014


WEATHER ITEM   OBSERVED TIME   RECORD YEAR NORMAL DEPARTURE LAST
                VALUE   (LST)  VALUE       VALUE  FROM      YEAR
                                                  NORMAL
..................................................................
TEMPERATURE (F)
 YESTERDAY
  MAXIMUM         83R  1134 AM  83    1967  68     15       61
  MINIMUM         67   1159 PM  20    1970  46     21       37
  AVERAGE         75                        57     18       49

PRECIPITATION (IN)
  YESTERDAY        0.29          2.32 1964   0.08   0.21     0.00
  MONTH TO DATE    2.23                      1.89   0.34     1.22
  SINCE SEP 1      9.07                     10.16  -1.09     3.23
  SINCE JAN 1     44.13                     44.53  -0.40    50.40

SNOWFALL (IN)
  YESTERDAY        0.0                       0.0    0.0
  SINCE SEP 1      0.0                       0.0    0.0
  SINCE JUL 1      0.0                       0.0    0.0

DEGREE DAYS
 HEATING
  YESTERDAY        0                         9     -9       16
  MONTH TO DATE  203                       151     52      128
  SINCE SEP 1    222                       208     14      162
  SINCE JUL 1    222                       208     14      162

 COOLING
  YESTERDAY       10                         1      9        0
  MONTH TO DATE   23                        34    -11       42
  SINCE SEP 1    613                       539     74      604
  SINCE JAN 1   2726                      2446    280     2453
..................................................................


WIND (MPH)
  HIGHEST WIND SPEED    23   HIGHEST WIND DIRECTION     W (270)
  HIGHEST GUST SPEED    31   HIGHEST GUST DIRECTION    SW (220)
  AVERAGE WIND SPEED     8.5


SKY COVER
  POSSIBLE SUNSHINE  MM
  AVERAGE SKY COVER 0.9


WEATHER CONDITIONS
 THE FOLLOWING WEATHER WAS RECORDED YESTERDAY.
  THUNDERSTORM
  RAIN
  LIGHT RAIN
  FOG


RELATIVE HUMIDITY (PERCENT)
 HIGHEST    90           400 AM
 LOWEST     69          1200 PM
 AVERAGE    80

..........................................................


THE SAVANNAH GA CLIMATE NORMALS FOR TODAY
                         NORMAL    RECORD    YEAR
 MAXIMUM TEMPERATURE (F)   68        83      1973
 MINIMUM TEMPERATURE (F)   45        15      1970
                                             1950


SUNRISE AND SUNSET
NOVEMBER 25 2014......SUNRISE   703 AM EST   SUNSET   521 PM EST
NOVEMBER 26 2014......SUNRISE   703 AM EST   SUNSET   521 PM EST


-  INDICATES NEGATIVE NUMBERS.
R  INDICATES RECORD WAS SET OR TIED.
MM INDICATES DATA IS MISSING.
T  INDICATES TRACE AMOUNT.




$$
