000
CDUS42 KCHS 220613
CLISAV


CLIMATE REPORT
NATIONAL WEATHER SERVICE CHARLESTON SC
111 AM EST THU FEB 22 2018


...................................

...THE SAVANNAH GA CLIMATE SUMMARY FOR FEBRUARY 21 2018...

CLIMATE NORMAL PERIOD 1981 TO 2010
CLIMATE RECORD PERIOD 1871 TO 2018


WEATHER ITEM   OBSERVED TIME   RECORD YEAR NORMAL DEPARTURE LAST
                VALUE   (LST)  VALUE       VALUE  FROM      YEAR
                                                  NORMAL
..................................................................
TEMPERATURE (F)
 YESTERDAY
  MAXIMUM         84R   109 PM  83    1991  66     18       75
  MINIMUM         63    716 AM  21    1896  43     20       54
  AVERAGE         74                        54     20       65

PRECIPITATION (IN)
  YESTERDAY        0.01          1.59 1912   0.11  -0.10      T
  MONTH TO DATE    1.70                      2.08  -0.38     0.14
  SINCE DEC 1      5.12                      8.72  -3.60    11.04
  SINCE JAN 1      2.77                      5.77  -3.00     6.75

SNOWFALL (IN)
  YESTERDAY        0.0                       0.0    0.0
  SINCE DEC 1      1.2                       0.3    0.9
  SINCE JUL 1      1.2                       0.3    0.9

DEGREE DAYS
 HEATING
  YESTERDAY        0                        11    -11        0
  MONTH TO DATE  102                       270   -168      113
  SINCE DEC 1   1041                      1177   -136      614
  SINCE JUL 1   1265                      1444   -179      795

 COOLING
  YESTERDAY        9                         0      9        0
  MONTH TO DATE   51                         0     51       12
  SINCE DEC 1     63                        12     51       45
  SINCE JAN 1     54                         3     51       35
..................................................................


WIND (MPH)
  HIGHEST WIND SPEED    18   HIGHEST WIND DIRECTION     S (160)
  HIGHEST GUST SPEED    24   HIGHEST GUST DIRECTION     S (170)
  AVERAGE WIND SPEED     8.4


SKY COVER
  POSSIBLE SUNSHINE  MM
  AVERAGE SKY COVER 0.4


WEATHER CONDITIONS
 THE FOLLOWING WEATHER WAS RECORDED YESTERDAY.
  LIGHT RAIN
  FOG


RELATIVE HUMIDITY (PERCENT)
 HIGHEST   100           400 AM
 LOWEST     58           300 PM
 AVERAGE    79

..........................................................


THE SAVANNAH GA CLIMATE NORMALS FOR TODAY
                         NORMAL    RECORD    YEAR
 MAXIMUM TEMPERATURE (F)   66        83      1991
                                             1962
 MINIMUM TEMPERATURE (F)   43        25      1896


SUNRISE AND SUNSET
FEBRUARY 22 2018......SUNRISE   700 AM EST   SUNSET   617 PM EST
FEBRUARY 23 2018......SUNRISE   659 AM EST   SUNSET   618 PM EST


-  INDICATES NEGATIVE NUMBERS.
R  INDICATES RECORD WAS SET OR TIED.
MM INDICATES DATA IS MISSING.
T  INDICATES TRACE AMOUNT.




$$
