000
CDUS46 KLOX 230112
CLISBA


CLIMATE REPORT
NATIONAL WEATHER SERVICE LOS ANGELES/OXNARD CA
611 PM PDT MON SEP 22 2014


...................................

...THE SANTA BARBARA AIRPORT CA CLIMATE SUMMARY FOR SEPTEMBER 22 2014...
VALID TODAY AS OF 0600 PM LOCAL TIME.

CLIMATE NORMAL PERIOD 1981 TO 2010
CLIMATE RECORD PERIOD 1940 TO 2014


WEATHER ITEM   OBSERVED TIME   RECORD YEAR NORMAL DEPARTURE LAST
                VALUE   (LST)  VALUE       VALUE  FROM      YEAR
                                                  NORMAL
..................................................................
TEMPERATURE (F)
 TODAY
  MAXIMUM         78   1253 PM  91    1987  74      4       88
  MINIMUM         58    546 AM  44    1944  55      3       56
  AVERAGE         68                        64      4       72

PRECIPITATION (IN)
  TODAY            0.00          0.01 1990   0.02  -0.02     0.00
                                      1990
                                      2007
  MONTH TO DATE    T                         0.15  -0.15     0.00
  SINCE JUL 1      0.02                      0.30  -0.28     0.07
  SINCE JAN 1      5.22                     12.35  -7.13     3.42

SNOWFALL (IN)
  TODAY            0.0
  MONTH TO DATE    0.0
  SINCE SEP 1      0.0
  SINCE JUL 1      0.0

DEGREE DAYS
 HEATING
  TODAY            0                         2     -2        0
  MONTH TO DATE    1                        25    -24        9
  SINCE SEP 1      1                        25    -24        9
  SINCE JUL 1      1                        76    -75       39

 COOLING
  TODAY            3                         1      2        7
  MONTH TO DATE  114                        37     77       73
  SINCE SEP 1    114                        37     77       73
  SINCE JAN 1    445                       164    281      271
..................................................................


WIND (MPH)
  HIGHEST WIND SPEED    10   HIGHEST WIND DIRECTION     W (260)
  HIGHEST GUST SPEED    13   HIGHEST GUST DIRECTION    SW (240)
  AVERAGE WIND SPEED     4.5


SKY COVER
  POSSIBLE SUNSHINE  MM
  AVERAGE SKY COVER 0.0


WEATHER CONDITIONS
 THE FOLLOWING WEATHER WAS RECORDED TODAY.
  NO SIGNIFICANT WEATHER WAS OBSERVED.


RELATIVE HUMIDITY (PERCENT)
 HIGHEST    90           300 AM
 LOWEST     54           100 PM
 AVERAGE    72

..........................................................


THE SANTA BARBARA AIRPORT CA CLIMATE NORMALS FOR TOMORROW
                         NORMAL    RECORD    YEAR
 MAXIMUM TEMPERATURE (F)   74        97      1944
 MINIMUM TEMPERATURE (F)   55        42      1941


SUNRISE AND SUNSET
SEPTEMBER 22 2014.....SUNRISE   647 AM PDT   SUNSET   656 PM PDT
SEPTEMBER 23 2014.....SUNRISE   648 AM PDT   SUNSET   655 PM PDT


-  INDICATES NEGATIVE NUMBERS.
R  INDICATES RECORD WAS SET OR TIED.
MM INDICATES DATA IS MISSING.
T  INDICATES TRACE AMOUNT.




$$
