000
CDUS46 KLOX 241215
CLISBA


CLIMATE REPORT
NATIONAL WEATHER SERVICE LOS ANGELES/OXNARD CA
515 AM PDT FRI OCT 24 2014


...................................

...THE SANTA BARBARA AIRPORT CA CLIMATE SUMMARY FOR OCTOBER 23 2014...

CLIMATE NORMAL PERIOD 1981 TO 2010
CLIMATE RECORD PERIOD 1940 TO 2014


WEATHER ITEM   OBSERVED TIME   RECORD YEAR NORMAL DEPARTURE LAST
                VALUE   (LST)  VALUE       VALUE  FROM      YEAR
                                                  NORMAL
..................................................................
TEMPERATURE (F)
 YESTERDAY
  MAXIMUM         79   1225 PM  97    1959  72      7       66
  MINIMUM         52    521 AM  40    1975  50      2       59
  AVERAGE         66                        61      5       63

PRECIPITATION (IN)
  YESTERDAY        0.00          0.14 1973   0.02  -0.02     0.00
  MONTH TO DATE    0.00                      0.49  -0.49     0.03
  SINCE JUL 1      0.02                      0.90  -0.88     0.10
  SINCE JAN 1      5.22                     12.95  -7.73     3.45

SNOWFALL (IN)
  YESTERDAY        0.0
  MONTH TO DATE    0.0
  SINCE SEP 1      0.0
  SINCE JUL 1      0.0

DEGREE DAYS
 HEATING
  YESTERDAY        0                         5     -5        2
  MONTH TO DATE    3                        80    -77       83
  SINCE SEP 1      4                       124   -120       97
  SINCE JUL 1      4                       175   -171      127

 COOLING
  YESTERDAY        1                         0      1        0
  MONTH TO DATE   59                        11     48        4
  SINCE SEP 1    192                        55    137       87
  SINCE JAN 1    523                       182    341      285
..................................................................


WIND (MPH)
  HIGHEST WIND SPEED     8   HIGHEST WIND DIRECTION     W (260)
  HIGHEST GUST SPEED    11   HIGHEST GUST DIRECTION     W (260)
  AVERAGE WIND SPEED     2.3


SKY COVER
  POSSIBLE SUNSHINE  MM
  AVERAGE SKY COVER 0.0


WEATHER CONDITIONS
 THE FOLLOWING WEATHER WAS RECORDED YESTERDAY.
  NO SIGNIFICANT WEATHER WAS OBSERVED.


RELATIVE HUMIDITY (PERCENT)
 HIGHEST    87           700 PM
 LOWEST     43           400 PM
 AVERAGE    65

..........................................................


THE SANTA BARBARA AIRPORT CA CLIMATE NORMALS FOR TODAY
                         NORMAL    RECORD    YEAR
 MAXIMUM TEMPERATURE (F)   71        95      1965
 MINIMUM TEMPERATURE (F)   50        36      1975


SUNRISE AND SUNSET
OCTOBER 24 2014.......SUNRISE   712 AM PDT   SUNSET   614 PM PDT
OCTOBER 25 2014.......SUNRISE   713 AM PDT   SUNSET   613 PM PDT


-  INDICATES NEGATIVE NUMBERS.
R  INDICATES RECORD WAS SET OR TIED.
MM INDICATES DATA IS MISSING.
T  INDICATES TRACE AMOUNT.




$$
