000
CDUS46 KLOX 200857
CLISBA


CLIMATE REPORT
NATIONAL WEATHER SERVICE LOS ANGELES/OXNARD CA
1257 AM PST MON NOV 20 2017


...................................

...THE SANTA BARBARA AIRPORT CA CLIMATE SUMMARY FOR NOVEMBER 19 2017...

CLIMATE NORMAL PERIOD 1981 TO 2010
CLIMATE RECORD PERIOD 1940 TO 2017


WEATHER ITEM   OBSERVED TIME   RECORD YEAR NORMAL DEPARTURE LAST
                VALUE   (LST)  VALUE       VALUE  FROM      YEAR
                                                  NORMAL
..................................................................
TEMPERATURE (F)
 YESTERDAY
  MAXIMUM         68    340 PM  82    1992  68      0       66
  MINIMUM         40    601 AM  30    2000  44     -4       45
  AVERAGE         54                        56     -2       56

PRECIPITATION (IN)
  YESTERDAY        0.00          1.60 1963   0.06  -0.06     0.00
  MONTH TO DATE    0.07                      0.96  -0.89     0.00
  SINCE OCT 1      0.07                      1.77  -1.70     0.73
  SINCE JAN 1     19.76                     14.23   5.53    10.07

SNOWFALL (IN)
  YESTERDAY        0.0
  MONTH TO DATE    0.0
  SINCE SEP 1      0.0
  SINCE JUL 1      0.0

DEGREE DAYS
 HEATING
  YESTERDAY       11                         9      2        9
  MONTH TO DATE  100                       144    -44       66
  SINCE SEP 1    181                       310   -129      188
  SINCE JUL 1    192                       361   -169      210

 COOLING
  YESTERDAY        0                         0      0        0
  MONTH TO DATE    0                         0      0       10
  SINCE SEP 1    153                        59     94      111
  SINCE JAN 1    378                       186    192      259
..................................................................


WIND (MPH)
  HIGHEST WIND SPEED    14   HIGHEST WIND DIRECTION     W (270)
  HIGHEST GUST SPEED    18   HIGHEST GUST DIRECTION     W (280)
  AVERAGE WIND SPEED     3.8


SKY COVER
  POSSIBLE SUNSHINE  MM
  AVERAGE SKY COVER 0.0


WEATHER CONDITIONS
 THE FOLLOWING WEATHER WAS RECORDED YESTERDAY.
  NO SIGNIFICANT WEATHER WAS OBSERVED.


RELATIVE HUMIDITY (PERCENT)
 HIGHEST    93          1000 PM
 LOWEST     45           300 PM
 AVERAGE    69

..........................................................


THE SANTA BARBARA AIRPORT CA CLIMATE NORMALS FOR TODAY
                         NORMAL    RECORD    YEAR
 MAXIMUM TEMPERATURE (F)   68        85      2005
 MINIMUM TEMPERATURE (F)   43        30      1988


SUNRISE AND SUNSET
NOVEMBER 20 2017......SUNRISE   638 AM PST   SUNSET   452 PM PST
NOVEMBER 21 2017......SUNRISE   639 AM PST   SUNSET   452 PM PST


-  INDICATES NEGATIVE NUMBERS.
R  INDICATES RECORD WAS SET OR TIED.
MM INDICATES DATA IS MISSING.
T  INDICATES TRACE AMOUNT.




$$
