095
CDUS46 KLOX 230901
CLISBA


CLIMATE REPORT
NATIONAL WEATHER SERVICE LOS ANGELES/OXNARD CA
200 AM PDT SUN APR 23 2017


...................................

...THE SANTA BARBARA AIRPORT CA CLIMATE SUMMARY FOR APRIL 22 2017...

CLIMATE NORMAL PERIOD 1981 TO 2010
CLIMATE RECORD PERIOD 1940 TO 2017


WEATHER ITEM   OBSERVED TIME   RECORD YEAR NORMAL DEPARTURE LAST
                VALUE   (LST)  VALUE       VALUE  FROM      YEAR
                                                  NORMAL
..................................................................
TEMPERATURE (F)
 YESTERDAY
  MAXIMUM         80    216 PM  86    1987  68     12       70
  MINIMUM         51    523 AM  38    1970  49      2       49
  AVERAGE         66                        58      8       60

PRECIPITATION (IN)
  YESTERDAY        0.00          0.32 1980   0.02  -0.02     0.00
  MONTH TO DATE    0.41                      0.81  -0.40     0.54
  SINCE OCT 1     24.11                     16.75   7.36    10.19
  SINCE JAN 1     19.30                     11.45   7.85     9.31

SNOWFALL (IN)
  YESTERDAY        0.0
  MONTH TO DATE    0.0
  SINCE MAR 1      0.0
  SINCE JUL 1      0.0

DEGREE DAYS
 HEATING
  YESTERDAY        0                         7     -7        5
  MONTH TO DATE  128                       176    -48       82
  SINCE MAR 1    333                       472   -139      275
  SINCE JUL 1   1701                      2073   -372     1338

 COOLING
  YESTERDAY        1                         0      1        0
  MONTH TO DATE    7                         0      7        2
  SINCE MAR 1      7                         2      5        8
  SINCE JAN 1      7                         2      5       10
..................................................................


WIND (MPH)
  HIGHEST WIND SPEED    13   HIGHEST WIND DIRECTION     S (170)
  HIGHEST GUST SPEED    16   HIGHEST GUST DIRECTION     S (180)
  AVERAGE WIND SPEED     4.2


SKY COVER
  POSSIBLE SUNSHINE  MM
  AVERAGE SKY COVER 0.0


WEATHER CONDITIONS
 THE FOLLOWING WEATHER WAS RECORDED YESTERDAY.
  NO SIGNIFICANT WEATHER WAS OBSERVED.


RELATIVE HUMIDITY (PERCENT)
 HIGHEST    89           400 AM
 LOWEST     39           100 PM
 AVERAGE    64

..........................................................


THE SANTA BARBARA AIRPORT CA CLIMATE NORMALS FOR TODAY
                         NORMAL    RECORD    YEAR
 MAXIMUM TEMPERATURE (F)   68        82      1995
 MINIMUM TEMPERATURE (F)   49        37      1961


SUNRISE AND SUNSET
APRIL 23 2017.........SUNRISE   618 AM PDT   SUNSET   738 PM PDT
APRIL 24 2017.........SUNRISE   617 AM PDT   SUNSET   739 PM PDT


-  INDICATES NEGATIVE NUMBERS.
R  INDICATES RECORD WAS SET OR TIED.
MM INDICATES DATA IS MISSING.
T  INDICATES TRACE AMOUNT.




$$
