922
CDUS46 KLOX 230911
CLISBA


CLIMATE REPORT
NATIONAL WEATHER SERVICE LOS ANGELES/OXNARD CA
211 AM PDT SUN JUL 23 2017


...................................

...THE SANTA BARBARA AIRPORT CA CLIMATE SUMMARY FOR JULY 22 2017...

CLIMATE NORMAL PERIOD 1981 TO 2010
CLIMATE RECORD PERIOD 1940 TO 2017


WEATHER ITEM   OBSERVED TIME   RECORD YEAR NORMAL DEPARTURE LAST
                VALUE   (LST)  VALUE       VALUE  FROM      YEAR
                                                  NORMAL
..................................................................
TEMPERATURE (F)
 YESTERDAY
  MAXIMUM         74    239 PM  94    2016  74      0       94
  MINIMUM         57    530 AM  51    2002  58     -1       59
  AVERAGE         66                        66      0       77

PRECIPITATION (IN)
  YESTERDAY        0.00          0.07 2013   0.00   0.00     0.00
  MONTH TO DATE    0.04                      0.03   0.01     0.00
  SINCE OCT 1     24.27                     17.38   6.89    10.21
  SINCE JAN 1     19.46                     12.08   7.38     9.33

SNOWFALL (IN)
  YESTERDAY        0.0
  MONTH TO DATE    0.0
  SINCE JUN 1      0.0
  SINCE JUL 1      0.0

DEGREE DAYS
 HEATING
  YESTERDAY        0                         1     -1        0
  MONTH TO DATE   11                        22    -11       15
  SINCE JUN 1     50                       112    -62       87
  SINCE JUL 1     11                        22    -11       15

 COOLING
  YESTERDAY        1                         2     -1       12
  MONTH TO DATE   50                        32     18       25
  SINCE JUN 1     68                        46     22       46
  SINCE JAN 1     95                        60     35       56
..................................................................


WIND (MPH)
  HIGHEST WIND SPEED    14   HIGHEST WIND DIRECTION     W (260)
  HIGHEST GUST SPEED    17   HIGHEST GUST DIRECTION     W (250)
  AVERAGE WIND SPEED     5.8


SKY COVER
  POSSIBLE SUNSHINE  MM
  AVERAGE SKY COVER 0.2


WEATHER CONDITIONS
 THE FOLLOWING WEATHER WAS RECORDED YESTERDAY.
  FOG


RELATIVE HUMIDITY (PERCENT)
 HIGHEST   100           500 AM
 LOWEST     64           300 PM
 AVERAGE    82

..........................................................


THE SANTA BARBARA AIRPORT CA CLIMATE NORMALS FOR TODAY
                         NORMAL    RECORD    YEAR
 MAXIMUM TEMPERATURE (F)   74        93      2006
 MINIMUM TEMPERATURE (F)   58        51      1987


SUNRISE AND SUNSET
JULY 23 2017..........SUNRISE   604 AM PDT   SUNSET   808 PM PDT
JULY 24 2017..........SUNRISE   604 AM PDT   SUNSET   807 PM PDT


-  INDICATES NEGATIVE NUMBERS.
R  INDICATES RECORD WAS SET OR TIED.
MM INDICATES DATA IS MISSING.
T  INDICATES TRACE AMOUNT.




$$
