000
CDUS46 KLOX 200910
CLISBA


CLIMATE REPORT
NATIONAL WEATHER SERVICE LOS ANGELES/OXNARD CA
110 AM PST SAT JAN 20 2018


...................................

...THE SANTA BARBARA AIRPORT CA CLIMATE SUMMARY FOR JANUARY 19 2018...

CLIMATE NORMAL PERIOD 1981 TO 2010
CLIMATE RECORD PERIOD 1940 TO 2018


WEATHER ITEM   OBSERVED TIME   RECORD YEAR NORMAL DEPARTURE LAST
                VALUE   (LST)  VALUE       VALUE  FROM      YEAR
                                                  NORMAL
..................................................................
TEMPERATURE (F)
 YESTERDAY
  MAXIMUM         64    405 PM  80    2005  64      0       63
  MINIMUM         46   1159 PM  28    2007  41      5       46
  AVERAGE         55                        52      3       55

PRECIPITATION (IN)
  YESTERDAY        0.00          3.14 1969   0.11  -0.11     0.72
  MONTH TO DATE    2.72                      2.25   0.47     4.54
  SINCE OCT 1      2.79                      7.55  -4.76     9.35
  SINCE JAN 1      2.72                      2.25   0.47     4.54

SNOWFALL (IN)
  YESTERDAY        0.0
  MONTH TO DATE    0.0
  SINCE DEC 1      0.0
  SINCE JUL 1      0.0

DEGREE DAYS
 HEATING
  YESTERDAY       10                        13     -3       10
  MONTH TO DATE  151                       247    -96      219
  SINCE DEC 1    520                       653   -133      592
  SINCE JUL 1    771                      1131   -360      921

 COOLING
  YESTERDAY        0                         0      0        0
  MONTH TO DATE    0                         0      0        0
  SINCE DEC 1      0                         0      0        0
  SINCE JAN 1      0                         0      0        0
..................................................................


WIND (MPH)
  HIGHEST WIND SPEED    16   HIGHEST WIND DIRECTION     N (340)
  HIGHEST GUST SPEED    22   HIGHEST GUST DIRECTION     N (350)
  AVERAGE WIND SPEED     6.5


SKY COVER
  POSSIBLE SUNSHINE  MM
  AVERAGE SKY COVER 0.4


WEATHER CONDITIONS
 THE FOLLOWING WEATHER WAS RECORDED YESTERDAY.
  FOG


RELATIVE HUMIDITY (PERCENT)
 HIGHEST   100           100 AM
 LOWEST     38           900 PM
 AVERAGE    69

..........................................................


THE SANTA BARBARA AIRPORT CA CLIMATE NORMALS FOR TODAY
                         NORMAL    RECORD    YEAR
 MAXIMUM TEMPERATURE (F)   64        78      2009
 MINIMUM TEMPERATURE (F)   41        30      1987


SUNRISE AND SUNSET
JANUARY 20 2018.......SUNRISE   704 AM PST   SUNSET   517 PM PST
JANUARY 21 2018.......SUNRISE   703 AM PST   SUNSET   518 PM PST


-  INDICATES NEGATIVE NUMBERS.
R  INDICATES RECORD WAS SET OR TIED.
MM INDICATES DATA IS MISSING.
T  INDICATES TRACE AMOUNT.




$$
