000
CDUS46 KLOX 210858
CLISBA


CLIMATE REPORT
NATIONAL WEATHER SERVICE LOS ANGELES/OXNARD CA
157 AM PDT THU SEP 21 2017


...................................

...THE SANTA BARBARA AIRPORT CA CLIMATE SUMMARY FOR SEPTEMBER 20 2017...

CLIMATE NORMAL PERIOD 1981 TO 2010
CLIMATE RECORD PERIOD 1940 TO 2017


WEATHER ITEM   OBSERVED TIME   RECORD YEAR NORMAL DEPARTURE LAST
                VALUE   (LST)  VALUE       VALUE  FROM      YEAR
                                                  NORMAL
..................................................................
TEMPERATURE (F)
 YESTERDAY
  MAXIMUM         76    127 PM  95    1984  74      2       80
  MINIMUM         52    420 AM  44    2007  55     -3       61
  AVERAGE         64                        65     -1       71

PRECIPITATION (IN)
  YESTERDAY        0.00          0.14 1990   0.01  -0.01     0.00
  MONTH TO DATE    0.22                      0.12   0.10     0.01
  SINCE OCT 1     24.50                     17.62   6.88    10.22
  SINCE JAN 1     19.69                     12.32   7.37     9.34

SNOWFALL (IN)
  YESTERDAY        0.0
  MONTH TO DATE    0.0
  SINCE SEP 1      0.0
  SINCE JUL 1      0.0

DEGREE DAYS
 HEATING
  YESTERDAY        1                         2     -1        0
  MONTH TO DATE    5                        21    -16       36
  SINCE SEP 1      5                        21    -16       36
  SINCE JUL 1     16                        72    -56       58

 COOLING
  YESTERDAY        0                         1     -1        6
  MONTH TO DATE   90                        35     55       15
  SINCE SEP 1     90                        35     55       15
  SINCE JAN 1    315                       162    153      163
..................................................................


WIND (MPH)
  HIGHEST WIND SPEED    13   HIGHEST WIND DIRECTION     W (260)
  HIGHEST GUST SPEED    16   HIGHEST GUST DIRECTION     W (250)
  AVERAGE WIND SPEED     5.3


SKY COVER
  POSSIBLE SUNSHINE  MM
  AVERAGE SKY COVER 0.2


WEATHER CONDITIONS
 THE FOLLOWING WEATHER WAS RECORDED YESTERDAY.
  NO SIGNIFICANT WEATHER WAS OBSERVED.


RELATIVE HUMIDITY (PERCENT)
 HIGHEST   100           300 AM
 LOWEST     64           100 PM
 AVERAGE    82

..........................................................


THE SANTA BARBARA AIRPORT CA CLIMATE NORMALS FOR TODAY
                         NORMAL    RECORD    YEAR
 MAXIMUM TEMPERATURE (F)   74        86      2015
 MINIMUM TEMPERATURE (F)   55        44      1944


SUNRISE AND SUNSET
SEPTEMBER 21 2017.....SUNRISE   647 AM PDT   SUNSET   657 PM PDT
SEPTEMBER 22 2017.....SUNRISE   648 AM PDT   SUNSET   656 PM PDT


-  INDICATES NEGATIVE NUMBERS.
R  INDICATES RECORD WAS SET OR TIED.
MM INDICATES DATA IS MISSING.
T  INDICATES TRACE AMOUNT.




$$
