000
CDUS43 KIWX 270527
CLISBN


CLIMATE REPORT
NATIONAL WEATHER SERVICE NORTHERN INDIANA
127 AM EDT SAT AUG 27 2016


...................................

...THE SOUTH BEND CLIMATE SUMMARY FOR AUGUST 26 2016...

CLIMATE NORMAL PERIOD 1981 TO 2010
CLIMATE RECORD PERIOD 1893 TO 2016


WEATHER ITEM   OBSERVED TIME   RECORD YEAR NORMAL DEPARTURE LAST
                VALUE   (LST)  VALUE       VALUE  FROM      YEAR
                                                  NORMAL
..................................................................
TEMPERATURE (F)
 YESTERDAY
  MAXIMUM         84    252 PM  97    1948  80      4       64
  MINIMUM         64    629 AM  43    1945  61      3       54
  AVERAGE         74                        70      4       59

PRECIPITATION (IN)
  YESTERDAY        0.00          1.59 1987   0.12  -0.12     0.03
  MONTH TO DATE   11.30                      3.16   8.14     2.12
  SINCE JUN 1     17.79                     10.95   6.84    10.98
  SINCE JAN 1     32.90                     24.67   8.23    24.07

SNOWFALL (IN)
  YESTERDAY        0.0           0.0  2002   0.0    0.0      0.0
                                      2001
  MONTH TO DATE    0.0                       0.0    0.0      0.0
  SINCE JUN 1      0.0                       0.0    0.0      0.0
  SINCE JUL 1      0.0                       0.0    0.0      0.0
  SNOW DEPTH       0

DEGREE DAYS
 HEATING
  YESTERDAY        0                         1     -1        6
  MONTH TO DATE    0                         3     -3        9
  SINCE JUN 1     43                        52     -9       38
  SINCE JUL 1      8                         8      0       19

 COOLING
  YESTERDAY        9                         6      3        0
  MONTH TO DATE  243                       178     65      180
  SINCE JUN 1    689                       596     93      545
  SINCE JAN 1    758                       652    106      631
..................................................................


WIND (MPH)
  HIGHEST WIND SPEED     9   HIGHEST WIND DIRECTION     N (350)
  HIGHEST GUST SPEED    11   HIGHEST GUST DIRECTION     N (360)
  AVERAGE WIND SPEED     2.8


SKY COVER
  AVERAGE SKY COVER 0.1


WEATHER CONDITIONS
 THE FOLLOWING WEATHER WAS RECORDED YESTERDAY.
  FOG


RELATIVE HUMIDITY (PERCENT)
 HIGHEST   100          1200 AM
 LOWEST     51           200 PM
 AVERAGE    76

..........................................................


THE SOUTH BEND CLIMATE NORMALS FOR TODAY
                         NORMAL    RECORD    YEAR
 MAXIMUM TEMPERATURE (F)   80        96      1948
 MINIMUM TEMPERATURE (F)   60        45      1968


SUNRISE AND SUNSET
AUGUST 27 2016........SUNRISE   707 AM EDT   SUNSET   826 PM EDT
AUGUST 28 2016........SUNRISE   708 AM EDT   SUNSET   824 PM EDT


-  INDICATES NEGATIVE NUMBERS.
R  INDICATES RECORD WAS SET OR TIED.
MM INDICATES DATA IS MISSING.
T  INDICATES TRACE AMOUNT.




$$
