000
CDUS43 KIWX 260528
CLISBN


CLIMATE REPORT
NATIONAL WEATHER SERVICE NORTHERN INDIANA
126 AM EDT THU MAY 26 2016


...................................

...THE SOUTH BEND CLIMATE SUMMARY FOR MAY 25 2016...

CLIMATE NORMAL PERIOD 1981 TO 2010
CLIMATE RECORD PERIOD 1893 TO 2016


WEATHER ITEM   OBSERVED TIME   RECORD YEAR NORMAL DEPARTURE LAST
                VALUE   (LST)  VALUE       VALUE  FROM      YEAR
                                                  NORMAL
..................................................................
TEMPERATURE (F)
 YESTERDAY
  MAXIMUM         85    541 PM  91    1977  73     12       82
  MINIMUM         61    547 AM  28    1925  52      9       70
  AVERAGE         73                        62     11       76

PRECIPITATION (IN)
  YESTERDAY        0.00          2.25 2011   0.13  -0.13     0.09
  MONTH TO DATE    2.39                      3.04  -0.65     3.14
  SINCE MAR 1     11.23                      8.69   2.54     6.32
  SINCE JAN 1     15.01                     12.93   2.08    10.22

SNOWFALL (IN)
  YESTERDAY        0.0           0.0  2002   0.0    0.0      0.0
                                      2001
  MONTH TO DATE    0.0                       0.0    0.0      0.0
  SINCE MAR 1     10.9                       8.5    2.4      6.1
  SINCE JUL 1     70.2                      66.6    3.6     83.9
  SNOW DEPTH       0

DEGREE DAYS
 HEATING
  YESTERDAY        0                         5     -5        0
  MONTH TO DATE  261                       198     63      121
  SINCE MAR 1   1475                      1540    -65     1496
  SINCE JUL 1   5605                      6229   -624     6593

 COOLING
  YESTERDAY        8                         2      6       11
  MONTH TO DATE   11                        32    -21       62
  SINCE MAR 1     15                        42    -27       64
  SINCE JAN 1     15                        42    -27       64
..................................................................


WIND (MPH)
  HIGHEST WIND SPEED    17   HIGHEST WIND DIRECTION    NW (310)
  HIGHEST GUST SPEED    22   HIGHEST GUST DIRECTION    SE (150)
  AVERAGE WIND SPEED     8.5


SKY COVER
  AVERAGE SKY COVER 0.2


WEATHER CONDITIONS
 THE FOLLOWING WEATHER WAS RECORDED YESTERDAY.
  THUNDERSTORM


RELATIVE HUMIDITY (PERCENT)
 HIGHEST    81          1100 PM
 LOWEST     40           600 PM
 AVERAGE    61

..........................................................


THE SOUTH BEND CLIMATE NORMALS FOR TODAY
                         NORMAL    RECORD    YEAR
 MAXIMUM TEMPERATURE (F)   73        91      1914
 MINIMUM TEMPERATURE (F)   52        33      1961


SUNRISE AND SUNSET
MAY 26 2016...........SUNRISE   616 AM EDT   SUNSET   909 PM EDT
MAY 27 2016...........SUNRISE   616 AM EDT   SUNSET   910 PM EDT


-  INDICATES NEGATIVE NUMBERS.
R  INDICATES RECORD WAS SET OR TIED.
MM INDICATES DATA IS MISSING.
T  INDICATES TRACE AMOUNT.




$$
