000
CDUS43 KIWX 230524
CLISBN


CLIMATE REPORT
NATIONAL WEATHER SERVICE NORTHERN INDIANA
1224 AM EST TUE JAN 23 2018


...................................

...THE SOUTH BEND CLIMATE SUMMARY FOR JANUARY 22 2018...

CLIMATE NORMAL PERIOD 1981 TO 2010
CLIMATE RECORD PERIOD 1893 TO 2018


WEATHER ITEM   OBSERVED TIME   RECORD YEAR NORMAL DEPARTURE LAST
                VALUE   (LST)  VALUE       VALUE  FROM      YEAR
                                                  NORMAL
..................................................................
TEMPERATURE (F)
 YESTERDAY
  MAXIMUM         52    411 PM  60    1906  31     21       43
  MINIMUM         39   1159 PM -15    1936  17     22       34
  AVERAGE         46                        24     22       39

PRECIPITATION (IN)
  YESTERDAY        0.48          1.52 1965   0.07   0.41     0.00
  MONTH TO DATE    1.75                      1.71   0.04     2.92
  SINCE DEC 1      3.11                      4.32  -1.21     4.91
  SINCE JAN 1      1.75                      1.71   0.04     2.92

SNOWFALL (IN)
  YESTERDAY        0.0           6.8  2005   0.7   -0.7      0.0
  MONTH TO DATE   19.5                      14.4    5.1      3.8
  SINCE DEC 1     51.9                      31.7   20.2     27.5
  SINCE JUL 1     51.9                      36.9   15.0     28.0
  SNOW DEPTH       0

DEGREE DAYS
 HEATING
  YESTERDAY       19                        41    -22       26
  MONTH TO DATE  982                       894     88      787
  SINCE DEC 1   2203                      2016    187     2008
  SINCE JUL 1   3386                      3285    101     2909

 COOLING
  YESTERDAY        0                         0      0        0
  MONTH TO DATE    0                         0      0        0
  SINCE DEC 1      0                         0      0        0
  SINCE JAN 1      0                         0      0        0
..................................................................


WIND (MPH)
  HIGHEST WIND SPEED    30   HIGHEST WIND DIRECTION     W (260)
  HIGHEST GUST SPEED    38   HIGHEST GUST DIRECTION     W (290)
  AVERAGE WIND SPEED    12.3


SKY COVER
  AVERAGE SKY COVER 0.9


WEATHER CONDITIONS
 THE FOLLOWING WEATHER WAS RECORDED YESTERDAY.
  THUNDERSTORM
  HEAVY RAIN
  RAIN
  LIGHT RAIN
  FOG


RELATIVE HUMIDITY (PERCENT)
 HIGHEST   100           100 AM
 LOWEST     83          1200 PM
 AVERAGE    92

..........................................................


THE SOUTH BEND CLIMATE NORMALS FOR TODAY
                         NORMAL    RECORD    YEAR
 MAXIMUM TEMPERATURE (F)   31        59      1909
 MINIMUM TEMPERATURE (F)   17       -19      1936


SUNRISE AND SUNSET
JANUARY 23 2018.......SUNRISE   805 AM EST   SUNSET   550 PM EST
JANUARY 24 2018.......SUNRISE   804 AM EST   SUNSET   551 PM EST


-  INDICATES NEGATIVE NUMBERS.
R  INDICATES RECORD WAS SET OR TIED.
MM INDICATES DATA IS MISSING.
T  INDICATES TRACE AMOUNT.




$$
