000
CDUS43 KIWX 100542
CLISBN


CLIMATE REPORT
NATIONAL WEATHER SERVICE NORTHERN INDIANA
1240 AM EST WED FEB 10 2016


...................................

...THE SOUTH BEND CLIMATE SUMMARY FOR FEBRUARY 9 2016...

CLIMATE NORMAL PERIOD 1981 TO 2010
CLIMATE RECORD PERIOD 1893 TO 2016


WEATHER ITEM   OBSERVED TIME   RECORD YEAR NORMAL DEPARTURE LAST
                VALUE   (LST)  VALUE       VALUE  FROM      YEAR
                                                  NORMAL
..................................................................
TEMPERATURE (F)
 YESTERDAY
  MAXIMUM         27    749 AM  60    1925  33     -6       26
  MINIMUM         18   1150 PM -20    1899  19     -1       10
  AVERAGE         23                        26     -3       18

PRECIPITATION (IN)
  YESTERDAY        0.07          1.20 2001   0.06   0.01      T
  MONTH TO DATE    0.62                      0.56   0.06     1.30
  SINCE DEC 1      6.34                      5.46   0.88     4.69
  SINCE JAN 1      2.22                      2.85  -0.63     3.22

SNOWFALL (IN)
  YESTERDAY        3.6           6.0  1909   0.6    3.0       T
  MONTH TO DATE    4.9                       5.6   -0.7     18.8
  SINCE DEC 1     25.0                      43.5  -18.5     41.1
  SINCE JUL 1     34.1                      48.7  -14.6     60.4
  SNOW DEPTH       1

DEGREE DAYS
 HEATING
  YESTERDAY       42                        39      3       47
  MONTH TO DATE  308                       356    -48      385
  SINCE DEC 1   2334                      2735   -401     2671
  SINCE JUL 1   3401                      4004   -603     4113

 COOLING
  YESTERDAY        0                         0      0        0
  MONTH TO DATE    0                         0      0        0
  SINCE DEC 1      0                         0      0        0
  SINCE JAN 1      0                         0      0        0
..................................................................


WIND (MPH)
  HIGHEST WIND SPEED    22   HIGHEST WIND DIRECTION    NW (310)
  HIGHEST GUST SPEED    27   HIGHEST GUST DIRECTION    NW (320)
  AVERAGE WIND SPEED    14.3


SKY COVER
  AVERAGE SKY COVER 1.0


WEATHER CONDITIONS
 THE FOLLOWING WEATHER WAS RECORDED YESTERDAY.
  LT FREEZING RAIN
  LIGHT SNOW
  FOG
  HAZE


RELATIVE HUMIDITY (PERCENT)
 HIGHEST   100           600 AM
 LOWEST     74           100 PM
 AVERAGE    87

..........................................................


THE SOUTH BEND CLIMATE NORMALS FOR TODAY
                         NORMAL    RECORD    YEAR
 MAXIMUM TEMPERATURE (F)   34        62      2009
 MINIMUM TEMPERATURE (F)   19       -20      1899


SUNRISE AND SUNSET
FEBRUARY 10 2016......SUNRISE   748 AM EST   SUNSET   612 PM EST
FEBRUARY 11 2016......SUNRISE   747 AM EST   SUNSET   613 PM EST


-  INDICATES NEGATIVE NUMBERS.
R  INDICATES RECORD WAS SET OR TIED.
MM INDICATES DATA IS MISSING.
T  INDICATES TRACE AMOUNT.




$$
