000
CDUS41 KAKQ 210845
CLISBY


CLIMATE REPORT
NATIONAL WEATHER SERVICE WAKEFIELD, VA
345 AM EST SUN DEC 21 2014


...................................

...THE SALISBURY MD CLIMATE SUMMARY FOR DECEMBER 20 2014...

CLIMATE NORMAL PERIOD 1981 TO 2010
CLIMATE RECORD PERIOD 1900 TO 2014


WEATHER ITEM   OBSERVED TIME   RECORD YEAR NORMAL DEPARTURE LAST
                VALUE   (LST)  VALUE       VALUE  FROM      YEAR
                                                  NORMAL
..................................................................
TEMPERATURE (F)
 YESTERDAY
  MAXIMUM         41    216 PM  65    2002  47     -6       63
                                      1957
  MINIMUM         23    701 AM   0    1916  29     -6       45
  AVERAGE         32                        38     -6       54

PRECIPITATION (IN)
  YESTERDAY        0.00          1.44 1933   0.11  -0.11     0.00
  MONTH TO DATE    0.83                      2.48  -1.65     2.06
  SINCE DEC 1      0.83                      2.48  -1.65     2.06
  SINCE JAN 1     29.04                     44.45 -15.41    47.67

SNOWFALL (IN)
  YESTERDAY        0.0           5.0  1942   0.0    0.0
  MONTH TO DATE    T                         1.0   -1.0
  SINCE NOV 1      T                         1.2   -1.2
  SINCE JUL 1      T                         1.2   -1.2
  SNOW DEPTH       0

DEGREE DAYS
 HEATING
  YESTERDAY       33                        27      6       11
  MONTH TO DATE  426                       494    -68      458
  SINCE DEC 1    426                       494    -68      458
  SINCE JUL 1   1098                      1312   -214     1163

 COOLING
  YESTERDAY        0                         0      0        0
  MONTH TO DATE    0                         0      0        0
  SINCE DEC 1      0                         0      0        0
  SINCE JAN 1   1379                      1153    226     1628
..................................................................


WIND (MPH)
  HIGHEST WIND SPEED     7   HIGHEST WIND DIRECTION     W (250)
  HIGHEST GUST SPEED     9   HIGHEST GUST DIRECTION     W (280)
  AVERAGE WIND SPEED     1.8


SKY COVER
  POSSIBLE SUNSHINE  MM
  AVERAGE SKY COVER 0.3


WEATHER CONDITIONS
 THE FOLLOWING WEATHER WAS RECORDED YESTERDAY.
  NO SIGNIFICANT WEATHER WAS OBSERVED.


RELATIVE HUMIDITY (PERCENT)
 HIGHEST    84           500 AM
 LOWEST     54           200 PM
 AVERAGE    69

..........................................................


THE SALISBURY MD CLIMATE NORMALS FOR TODAY
                         NORMAL    RECORD    YEAR
 MAXIMUM TEMPERATURE (F)   47        70      2013
 MINIMUM TEMPERATURE (F)   29        -2      1942


SUNRISE AND SUNSET
DECEMBER 21 2014......SUNRISE   715 AM EST   SUNSET   445 PM EST
DECEMBER 22 2014......SUNRISE   716 AM EST   SUNSET   445 PM EST


-  INDICATES NEGATIVE NUMBERS.
R  INDICATES RECORD WAS SET OR TIED.
MM INDICATES DATA IS MISSING.
T  INDICATES TRACE AMOUNT.




$$
