000
CDUS41 KAKQ 272126
CLISBY


CLIMATE REPORT
NATIONAL WEATHER SERVICE WAKEFIELD, VA
526 PM EDT THU AUG 27 2015


...................................

...THE SALISBURY MD CLIMATE SUMMARY FOR AUGUST 27 2015...
VALID TODAY AS OF 0500 PM LOCAL TIME.

CLIMATE NORMAL PERIOD 1981 TO 2010
CLIMATE RECORD PERIOD 1900 TO 2015


WEATHER ITEM   OBSERVED TIME   RECORD YEAR NORMAL DEPARTURE LAST
                VALUE   (LST)  VALUE       VALUE  FROM      YEAR
                                                  NORMAL
..................................................................
TEMPERATURE (F)
 TODAY
  MAXIMUM         81    344 PM 100    1948  83     -2       90
  MINIMUM         60    523 AM  47    1944  64     -4       59
  AVERAGE         71

PRECIPITATION (IN)
  TODAY            0.00          5.58 2011   0.13  -0.13     0.00
  MONTH TO DATE    5.66                      3.97   1.69     5.53
  SINCE JUN 1     20.18                     12.06   8.12    11.89
  SINCE JAN 1     37.39                     30.61   6.78    31.60

SNOWFALL (IN)
  TODAY            0.0
  MONTH TO DATE    0.0
  SINCE NOV 1     15.7
  SINCE JUL 1      0.0
  SNOW DEPTH       0

DEGREE DAYS
 HEATING
  TODAY            0
  MONTH TO DATE    0
  SINCE JUN 1     15
  SINCE JUL 1      0

 COOLING
  TODAY            6
  MONTH TO DATE  272
  SINCE JUN 1    917
  SINCE JAN 1   1073
..................................................................


WIND (MPH)
  RESULTANT WIND SPEED   4   RESULTANT WIND DIRECTION   N (340)
  HIGHEST WIND SPEED    10   HIGHEST WIND DIRECTION    NW (320)
  HIGHEST GUST SPEED    15   HIGHEST GUST DIRECTION    NW (330)


SKY COVER
  POSSIBLE SUNSHINE  MM
  AVERAGE SKY COVER 0.2


WEATHER CONDITIONS
 THE FOLLOWING WEATHER WAS RECORDED TODAY.
  NO SIGNIFICANT WEATHER WAS OBSERVED.


RELATIVE HUMIDITY (PERCENT)
 HIGHEST    93
 LOWEST     45
 AVERAGE    69

..........................................................


THE SALISBURY MD CLIMATE NORMALS FOR TOMORROW
                         NORMAL    RECORD    YEAR
 MAXIMUM TEMPERATURE (F)   83        98      1948
 MINIMUM TEMPERATURE (F)   64        46      1944


SUNRISE AND SUNSET
AUGUST 27 2015........SUNRISE   627 AM EDT   SUNSET   740 PM EDT
AUGUST 28 2015........SUNRISE   628 AM EDT   SUNSET   738 PM EDT


-  INDICATES NEGATIVE NUMBERS.
R  INDICATES RECORD WAS SET OR TIED.
MM INDICATES DATA IS MISSING.
T  INDICATES TRACE AMOUNT.




$$
