000
CDUS41 KAKQ 260545
CLISBY


CLIMATE REPORT
NATIONAL WEATHER SERVICE WAKEFIELD, VA
145 AM EDT MON JUN 26 2017


...................................

...THE SALISBURY MD CLIMATE SUMMARY FOR JUNE 25 2017...

CLIMATE NORMAL PERIOD 1981 TO 2010
CLIMATE RECORD PERIOD 1900 TO 2017


WEATHER ITEM   OBSERVED TIME   RECORD YEAR NORMAL DEPARTURE LAST
                VALUE   (LST)  VALUE       VALUE  FROM      YEAR
                                                  NORMAL
..................................................................
TEMPERATURE (F)
 YESTERDAY
  MAXIMUM         87    333 PM  99    1914  85      2       80
  MINIMUM         65    453 AM  51    1979  65      0       61
  AVERAGE         76                        75      1       71

PRECIPITATION (IN)
  YESTERDAY        T             2.05 1916   0.12  -0.12     0.00
  MONTH TO DATE    1.93                      3.12  -1.19     3.42
  SINCE JUN 1      1.93                      3.12  -1.19     3.42
  SINCE JAN 1     18.46                     21.67  -3.21    22.15

SNOWFALL (IN)
  YESTERDAY        0.0           0.0  2002   0.0    0.0
                                      2001
  MONTH TO DATE    0.0                       0.0    0.0
  SINCE NOV 1      9.6                       9.3    0.3
  SINCE JUL 1      9.6                       9.3    0.3
  SNOW DEPTH       0

DEGREE DAYS
 HEATING
  YESTERDAY        0                         0      0        0
  MONTH TO DATE   15                        18     -3        1
  SINCE JUN 1     15                        18     -3        1
  SINCE JUL 1   3703                      4440   -737     3637

 COOLING
  YESTERDAY       11                        10      1        6
  MONTH TO DATE  241                       175     66      175
  SINCE JUN 1    241                       175     66      175
  SINCE JAN 1    379                       259    120      260
..................................................................


WIND (MPH)
  HIGHEST WIND SPEED    26   HIGHEST WIND DIRECTION    NW (330)
  HIGHEST GUST SPEED    31   HIGHEST GUST DIRECTION    NW (330)
  AVERAGE WIND SPEED     5.1


SKY COVER
  POSSIBLE SUNSHINE  MM
  AVERAGE SKY COVER 0.3


WEATHER CONDITIONS
 THE FOLLOWING WEATHER WAS RECORDED YESTERDAY.
  LIGHT RAIN


RELATIVE HUMIDITY (PERCENT)
 HIGHEST   100           200 AM
 LOWEST     37           300 PM
 AVERAGE    69

..........................................................


THE SALISBURY MD CLIMATE NORMALS FOR TODAY
                         NORMAL    RECORD    YEAR
 MAXIMUM TEMPERATURE (F)   85       100      1952
 MINIMUM TEMPERATURE (F)   65        49      1979


SUNRISE AND SUNSET
JUNE 26 2017..........SUNRISE   540 AM EDT   SUNSET   830 PM EDT
JUNE 27 2017..........SUNRISE   541 AM EDT   SUNSET   830 PM EDT


-  INDICATES NEGATIVE NUMBERS.
R  INDICATES RECORD WAS SET OR TIED.
MM INDICATES DATA IS MISSING.
T  INDICATES TRACE AMOUNT.




$$
