719
CDUS41 KAKQ 300553
CLISBY


CLIMATE REPORT
NATIONAL WEATHER SERVICE WAKEFIELD, VA
150 AM EDT FRI SEP 30 2016


...................................

...THE SALISBURY MD CLIMATE SUMMARY FOR SEPTEMBER 29 2016...

CLIMATE NORMAL PERIOD 1981 TO 2010
CLIMATE RECORD PERIOD 1900 TO 2016


WEATHER ITEM   OBSERVED TIME   RECORD YEAR NORMAL DEPARTURE LAST
                VALUE   (LST)  VALUE       VALUE  FROM      YEAR
                                                  NORMAL
..................................................................
TEMPERATURE (F)
 YESTERDAY
  MAXIMUM         70   1113 AM  94    1921  74     -4       84
  MINIMUM         66    504 PM  35    1914  53     13       68
  AVERAGE         68                        63      5       76

PRECIPITATION (IN)
  YESTERDAY        5.09R         1.25 1908   0.14   4.95     0.59
  MONTH TO DATE   10.54                      3.85   6.69     1.97
  SINCE SEP 1     10.54                      3.85   6.69     1.97
  SINCE JAN 1     44.60                     34.92   9.68    39.36

SNOWFALL (IN)
  YESTERDAY        0.0           0.0  2002   0.0    0.0
                                      2001
  MONTH TO DATE    0.0                       0.0    0.0
  SINCE NOV 1     19.8                       9.3   10.5
  SINCE JUL 1      0.0                       0.0    0.0
  SNOW DEPTH       0

DEGREE DAYS
 HEATING
  YESTERDAY        0                         4     -4        0
  MONTH TO DATE    4                        41    -37        3
  SINCE SEP 1      4                        41    -37        3
  SINCE JUL 1      4                        43    -39        3

 COOLING
  YESTERDAY        3                         2      1       11
  MONTH TO DATE  222                       140     82      213
  SINCE SEP 1    222                       140     82      213
  SINCE JAN 1   1411                      1123    288     1319
..................................................................


WIND (MPH)
  HIGHEST WIND SPEED    28   HIGHEST WIND DIRECTION     E (70)
  HIGHEST GUST SPEED    40   HIGHEST GUST DIRECTION    NE (50)
  AVERAGE WIND SPEED    16.5


SKY COVER
  POSSIBLE SUNSHINE  MM
  AVERAGE SKY COVER 1.0


WEATHER CONDITIONS
 THE FOLLOWING WEATHER WAS RECORDED YESTERDAY.
  HEAVY RAIN
  RAIN
  LIGHT RAIN
  FOG


RELATIVE HUMIDITY (PERCENT)
 HIGHEST   100          1200 AM
 LOWEST     90          1000 AM
 AVERAGE    95

..........................................................


THE SALISBURY MD CLIMATE NORMALS FOR TODAY
                         NORMAL    RECORD    YEAR
 MAXIMUM TEMPERATURE (F)   74        90      1921
 MINIMUM TEMPERATURE (F)   52        36      1951


SUNRISE AND SUNSET
SEPTEMBER 30 2016.....SUNRISE   657 AM EDT   SUNSET   646 PM EDT
OCTOBER  1 2016.......SUNRISE   658 AM EDT   SUNSET   644 PM EDT


-  INDICATES NEGATIVE NUMBERS.
R  INDICATES RECORD WAS SET OR TIED.
MM INDICATES DATA IS MISSING.
T  INDICATES TRACE AMOUNT.




$$
