000
CDUS41 KAKQ 230637
CLISBY


CLIMATE REPORT
NATIONAL WEATHER SERVICE WAKEFIELD, VA
137 AM EST MON JAN 23 2017


...................................

...THE SALISBURY MD CLIMATE SUMMARY FOR JANUARY 22 2017...

CLIMATE NORMAL PERIOD 1981 TO 2010
CLIMATE RECORD PERIOD 1900 TO 2017


WEATHER ITEM   OBSERVED TIME   RECORD YEAR NORMAL DEPARTURE LAST
                VALUE   (LST)  VALUE       VALUE  FROM      YEAR
                                                  NORMAL
..................................................................
TEMPERATURE (F)
 YESTERDAY
  MAXIMUM         52    943 AM  72    1927  44      8       34
  MINIMUM         46    123 AM  -1    1970  27     19       19
  AVERAGE         49                        35     14       27

PRECIPITATION (IN)
  YESTERDAY        0.14          1.61 1954   0.12   0.02     0.26
  MONTH TO DATE    2.26                      2.52  -0.26     2.11
  SINCE DEC 1      5.19                      6.23  -1.04     6.60
  SINCE JAN 1      2.26                      2.52  -0.26     2.11

SNOWFALL (IN)
  YESTERDAY        0.0           6.0  1918   0.1   -0.1
                                      1954
  MONTH TO DATE    9.1                       2.0    7.1
  SINCE NOV 1      9.1                       3.8    5.3
  SINCE JUL 1      9.1                       3.8    5.3
  SNOW DEPTH       0

DEGREE DAYS
 HEATING
  YESTERDAY       16                        30    -14       38
  MONTH TO DATE  547                       655   -108      658
  SINCE DEC 1   1327                      1461   -134     1069
  SINCE JUL 1   1987                      2279   -292     1716

 COOLING
  YESTERDAY        0                         0      0        0
  MONTH TO DATE    0                         0      0        0
  SINCE DEC 1      0                         0      0        9
  SINCE JAN 1      0                         0      0        0
..................................................................


WIND (MPH)
  HIGHEST WIND SPEED    22   HIGHEST WIND DIRECTION    NE (50)
  HIGHEST GUST SPEED    32   HIGHEST GUST DIRECTION    NE (50)
  AVERAGE WIND SPEED    10.5


SKY COVER
  POSSIBLE SUNSHINE  MM
  AVERAGE SKY COVER 1.0


WEATHER CONDITIONS
 THE FOLLOWING WEATHER WAS RECORDED YESTERDAY.
  LIGHT RAIN
  FOG
  FOG W/VISIBILITY <= 1/4 MILE


RELATIVE HUMIDITY (PERCENT)
 HIGHEST   100           100 AM
 LOWEST     93          1000 AM
 AVERAGE    97

..........................................................


THE SALISBURY MD CLIMATE NORMALS FOR TODAY
                         NORMAL    RECORD    YEAR
 MAXIMUM TEMPERATURE (F)   44        73      1999
 MINIMUM TEMPERATURE (F)   27        -1      1970


SUNRISE AND SUNSET
JANUARY 23 2017.......SUNRISE   714 AM EST   SUNSET   515 PM EST
JANUARY 24 2017.......SUNRISE   713 AM EST   SUNSET   516 PM EST


-  INDICATES NEGATIVE NUMBERS.
R  INDICATES RECORD WAS SET OR TIED.
MM INDICATES DATA IS MISSING.
T  INDICATES TRACE AMOUNT.




$$
