000
CDUS41 KAKQ 270531
CLISBY


CLIMATE REPORT
NATIONAL WEATHER SERVICE WAKEFIELD, VA
130 AM EDT WED MAY 27 2015


...................................

...THE SALISBURY MD CLIMATE SUMMARY FOR MAY 26 2015...

CLIMATE NORMAL PERIOD 1981 TO 2010
CLIMATE RECORD PERIOD 1900 TO 2015


WEATHER ITEM   OBSERVED TIME   RECORD YEAR NORMAL DEPARTURE LAST
                VALUE   (LST)  VALUE       VALUE  FROM      YEAR
                                                  NORMAL
..................................................................
TEMPERATURE (F)
 YESTERDAY
  MAXIMUM         84    212 PM  92    2011  76      8       87
                                      1991
  MINIMUM         60    431 AM  39    1917  55      5       56
  AVERAGE         72                        65      7       72

PRECIPITATION (IN)
  YESTERDAY        0.00          2.02 1990   0.12  -0.12     0.00
  MONTH TO DATE    1.75                      2.98  -1.23     2.47
  SINCE MAR 1      9.49                     10.95  -1.46    11.45
  SINCE JAN 1     17.21                     17.91  -0.70    18.67

SNOWFALL (IN)
  YESTERDAY        0.0           0.0  2002   0.0    0.0
                                      2001
  MONTH TO DATE    0.0                       0.0    0.0
  SINCE NOV 1     15.7                       9.3    6.4
  SINCE JUL 1     15.7                       9.3    6.4
  SNOW DEPTH       0

DEGREE DAYS
 HEATING
  YESTERDAY        0                         3     -3        0
  MONTH TO DATE   75                       130    -55       41
  SINCE MAR 1   1059                      1105    -46     1022
  SINCE JUL 1   4272                      4410   -138     4162

 COOLING
  YESTERDAY        7                         3      4        7
  MONTH TO DATE   97                        47     50       97
  SINCE MAR 1    104                        64     40      111
  SINCE JAN 1    104                        64     40      111
..................................................................


WIND (MPH)
  HIGHEST WIND SPEED    18   HIGHEST WIND DIRECTION     S (200)
  HIGHEST GUST SPEED    24   HIGHEST GUST DIRECTION     S (160)
  AVERAGE WIND SPEED     9.9


SKY COVER
  POSSIBLE SUNSHINE  MM
  AVERAGE SKY COVER 0.0


WEATHER CONDITIONS
 THE FOLLOWING WEATHER WAS RECORDED YESTERDAY.
  NO SIGNIFICANT WEATHER WAS OBSERVED.


RELATIVE HUMIDITY (PERCENT)
 HIGHEST   100           500 AM
 LOWEST     48           200 PM
 AVERAGE    74

..........................................................


THE SALISBURY MD CLIMATE NORMALS FOR TODAY
                         NORMAL    RECORD    YEAR
 MAXIMUM TEMPERATURE (F)   77        97      1917
 MINIMUM TEMPERATURE (F)   55        40      1967


SUNRISE AND SUNSET
MAY 27 2015...........SUNRISE   543 AM EDT   SUNSET   816 PM EDT
MAY 28 2015...........SUNRISE   542 AM EDT   SUNSET   817 PM EDT


-  INDICATES NEGATIVE NUMBERS.
R  INDICATES RECORD WAS SET OR TIED.
MM INDICATES DATA IS MISSING.
T  INDICATES TRACE AMOUNT.




$$
