000
CDUS41 KAKQ 312138
CLISBY


CLIMATE REPORT
NATIONAL WEATHER SERVICE WAKEFIELD, VA
538 PM EDT TUE MAY 31 2016


...................................

...THE SALISBURY MD CLIMATE SUMMARY FOR MAY 31 2016...
VALID TODAY AS OF 0500 PM LOCAL TIME.

CLIMATE NORMAL PERIOD 1981 TO 2010
CLIMATE RECORD PERIOD 1900 TO 2016


WEATHER ITEM   OBSERVED TIME   RECORD YEAR NORMAL DEPARTURE LAST
                VALUE   (LST)  VALUE       VALUE  FROM      YEAR
                                                  NORMAL
..................................................................
TEMPERATURE (F)
 TODAY
  MAXIMUM         84    309 PM  96    1938  78      6       87
  MINIMUM         65    423 AM  39    2001  57      8       66
  AVERAGE         75

PRECIPITATION (IN)
  TODAY            T             1.65 1952   0.13  -0.13     0.00
  MONTH TO DATE    5.84                      3.62   2.22     1.75
  SINCE MAR 1     11.29                     11.59  -0.30     9.49
  SINCE JAN 1     18.14                     18.55  -0.41    17.21

SNOWFALL (IN)
  TODAY            0.0
  MONTH TO DATE    0.0
  SINCE NOV 1     19.8
  SINCE JUL 1     19.8
  SNOW DEPTH       0

DEGREE DAYS
 HEATING
  TODAY            0
  MONTH TO DATE  159
  SINCE MAR 1    965
  SINCE JUL 1   3636

 COOLING
  TODAY           10
  MONTH TO DATE   61
  SINCE MAR 1     85
  SINCE JAN 1     85
..................................................................


WIND (MPH)
  RESULTANT WIND SPEED   2   RESULTANT WIND DIRECTION   N (360)
  HIGHEST WIND SPEED    14   HIGHEST WIND DIRECTION    SE (120)
  HIGHEST GUST SPEED    19   HIGHEST GUST DIRECTION     E (100)


SKY COVER
  POSSIBLE SUNSHINE  MM
  AVERAGE SKY COVER 0.8


WEATHER CONDITIONS
 THE FOLLOWING WEATHER WAS RECORDED TODAY.
  FOG


RELATIVE HUMIDITY (PERCENT)
 HIGHEST   100
 LOWEST     55
 AVERAGE    78

..........................................................


THE SALISBURY MD CLIMATE NORMALS FOR TOMORROW
                         NORMAL    RECORD    YEAR
 MAXIMUM TEMPERATURE (F)   78        95      1918
 MINIMUM TEMPERATURE (F)   57        38      1938


SUNRISE AND SUNSET
MAY 31 2016...........SUNRISE   540 AM EDT   SUNSET   820 PM EDT
JUNE  1 2016..........SUNRISE   540 AM EDT   SUNSET   820 PM EDT


-  INDICATES NEGATIVE NUMBERS.
R  INDICATES RECORD WAS SET OR TIED.
MM INDICATES DATA IS MISSING.
T  INDICATES TRACE AMOUNT.




$$
