000
CDUS41 KAKQ 130828
CLISBY


CLIMATE REPORT
NATIONAL WEATHER SERVICE WAKEFIELD, VA
427 AM EDT SUN JUL 13 2014


...................................

...THE SALISBURY MD CLIMATE SUMMARY FOR JULY 12 2014...

CLIMATE NORMAL PERIOD 1981 TO 2010
CLIMATE RECORD PERIOD 1900 TO 2014


WEATHER ITEM   OBSERVED TIME   RECORD YEAR NORMAL DEPARTURE LAST
                VALUE   (LST)  VALUE       VALUE  FROM      YEAR
                                                  NORMAL
..................................................................
TEMPERATURE (F)
 YESTERDAY
  MAXIMUM         87    256 PM  96    1925  87      0       77
  MINIMUM         65    542 AM  42    2002  67     -2       72
  AVERAGE         76                        77     -1       75

PRECIPITATION (IN)
  YESTERDAY        0.00          2.38 1996   0.13  -0.13     2.27
  MONTH TO DATE    1.64                      1.47   0.17     3.61
  SINCE JUN 1      2.48                      5.18  -2.70    13.53
  SINCE JAN 1     14.30                     23.73  -9.43    32.18

SNOWFALL (IN)
  YESTERDAY        0.0           0.0  2002   0.0    0.0
                                      2001
  MONTH TO DATE    0.0                       0.0    0.0
  SINCE NOV 1     22.5                       9.3   13.2
  SINCE JUL 1      0.0                       0.0    0.0
  SNOW DEPTH       0

DEGREE DAYS
 HEATING
  YESTERDAY        0                         0      0        0
  MONTH TO DATE    0                         0      0        0
  SINCE JUN 1      5                        19    -14        0
  SINCE JUL 1      0                         0      0        0

 COOLING
  YESTERDAY       11                        12     -1       10
  MONTH TO DATE  176                       139     37      195
  SINCE JUN 1    469                       366    103      528
  SINCE JAN 1    604                       450    154      719
..................................................................


WIND (MPH)
  HIGHEST WIND SPEED    10   HIGHEST WIND DIRECTION    SE (150)
  HIGHEST GUST SPEED    14   HIGHEST GUST DIRECTION     S (160)
  AVERAGE WIND SPEED     3.7


SKY COVER
  POSSIBLE SUNSHINE  MM
  AVERAGE SKY COVER 0.4


WEATHER CONDITIONS
 THE FOLLOWING WEATHER WAS RECORDED YESTERDAY.
  FOG
  FOG W/VISIBILITY <= 1/4 MILE


RELATIVE HUMIDITY (PERCENT)
 HIGHEST    93           300 AM
 LOWEST     48           200 PM
 AVERAGE    71

..........................................................


THE SALISBURY MD CLIMATE NORMALS FOR TODAY
                         NORMAL    RECORD    YEAR
 MAXIMUM TEMPERATURE (F)   87        99      1908
 MINIMUM TEMPERATURE (F)   67        50      2002


SUNRISE AND SUNSET
JULY 13 2014..........SUNRISE   549 AM EDT   SUNSET   826 PM EDT
JULY 14 2014..........SUNRISE   550 AM EDT   SUNSET   826 PM EDT


-  INDICATES NEGATIVE NUMBERS.
R  INDICATES RECORD WAS SET OR TIED.
MM INDICATES DATA IS MISSING.
T  INDICATES TRACE AMOUNT.




$$
