000
CDUS41 KAKQ 170633
CLISBY


CLIMATE REPORT
NATIONAL WEATHER SERVICE WAKEFIELD, VA
133 AM EST SUN DEC 17 2017


...................................

...THE SALISBURY MD CLIMATE SUMMARY FOR DECEMBER 16 2017...

CLIMATE NORMAL PERIOD 1981 TO 2010
CLIMATE RECORD PERIOD 1900 TO 2017


WEATHER ITEM   OBSERVED TIME   RECORD YEAR NORMAL DEPARTURE LAST
                VALUE   (LST)  VALUE       VALUE  FROM      YEAR
                                                  NORMAL
..................................................................
TEMPERATURE (F)
 YESTERDAY
  MAXIMUM         45    230 PM  76    1971  48     -3       27
  MINIMUM         23    321 AM  -6    1958  30     -7       16
  AVERAGE         34                        39     -5       22

PRECIPITATION (IN)
  YESTERDAY        0.00          1.65 1911   0.12  -0.12     0.00
  MONTH TO DATE    1.07                      2.01  -0.94     2.04
  SINCE DEC 1      1.07                      2.01  -0.94     2.04
  SINCE JAN 1     51.07                     43.98   7.09    53.54

SNOWFALL (IN)
  YESTERDAY        0.0           0.2  1989   0.0    0.0
  MONTH TO DATE    7.0                       0.8    6.2
  SINCE NOV 1      7.0                       1.0    6.0
  SINCE JUL 1      7.0                       1.0    6.0
  SNOW DEPTH       0

DEGREE DAYS
 HEATING
  YESTERDAY       31                        26      5       43
  MONTH TO DATE  421                       386     35      416
  SINCE DEC 1    421                       386     35      416
  SINCE JUL 1   1092                      1204   -112     1076

 COOLING
  YESTERDAY        0                         0      0        0
  MONTH TO DATE    0                         0      0        0
  SINCE DEC 1      0                         0      0        0
  SINCE JAN 1   1415                      1153    262     1481
..................................................................


WIND (MPH)
  HIGHEST WIND SPEED    18   HIGHEST WIND DIRECTION    SW (220)
  HIGHEST GUST SPEED    24   HIGHEST GUST DIRECTION    SW (240)
  AVERAGE WIND SPEED     6.7


SKY COVER
  POSSIBLE SUNSHINE  MM
  AVERAGE SKY COVER 0.0


WEATHER CONDITIONS
 THE FOLLOWING WEATHER WAS RECORDED YESTERDAY.
  FOG


RELATIVE HUMIDITY (PERCENT)
 HIGHEST   100          1200 AM
 LOWEST     43           100 PM
 AVERAGE    72

..........................................................


THE SALISBURY MD CLIMATE NORMALS FOR TODAY
                         NORMAL    RECORD    YEAR
 MAXIMUM TEMPERATURE (F)   48        68      2000
                                             1933
 MINIMUM TEMPERATURE (F)   29         8      1958
                                             1951


SUNRISE AND SUNSET
DECEMBER 17 2017......SUNRISE   713 AM EST   SUNSET   443 PM EST
DECEMBER 18 2017......SUNRISE   714 AM EST   SUNSET   444 PM EST


-  INDICATES NEGATIVE NUMBERS.
R  INDICATES RECORD WAS SET OR TIED.
MM INDICATES DATA IS MISSING.
T  INDICATES TRACE AMOUNT.




$$
