000
CDUS46 KSTO 240040
CLISCK


CLIMATE REPORT
NATIONAL WEATHER SERVICE SACRAMENTO, CA
440 PM PST TUE JAN 23 2018


...................................

...THE STOCKTON AIRPORT CA CLIMATE SUMMARY FOR JANUARY 23 2018...
VALID TODAY AS OF 0400 PM LOCAL TIME.

CLIMATE NORMAL PERIOD 1981 TO 2010
CLIMATE RECORD PERIOD 1948 TO 2018


WEATHER ITEM   OBSERVED TIME   RECORD YEAR NORMAL DEPARTURE LAST
                VALUE   (LST)  VALUE       VALUE  FROM      YEAR
                                                  NORMAL
..................................................................
TEMPERATURE (F)
 TODAY
  MAXIMUM         61    345 PM  64    2014  55      6       53
                                      1991
                                      1977
  MINIMUM         48    705 AM  27    2007  38     10       40
  AVERAGE         55

PRECIPITATION (IN)
  TODAY            0.00          0.95 2000   0.09  -0.09     0.10
  MONTH TO DATE    2.77                      2.00   0.77     6.33
  SINCE OCT 1      3.73                      6.73  -3.00    12.49
  SINCE JAN 1      2.77                      2.00   0.77     6.33

SNOWFALL (IN)
  TODAY            0.0           0.0  2002
  MONTH TO DATE    0.0
  SINCE DEC 1      0.0
  SINCE JUL 1      0.0

DEGREE DAYS
 HEATING
  TODAY           10                        18     -8       18
  MONTH TO DATE  283                       451   -168      401
  SINCE DEC 1    814                      1054   -240      972
  SINCE JUL 1   1118                      1511   -393     1241

 COOLING
  TODAY            0                         0      0        0
  MONTH TO DATE    0                         0      0        0
  SINCE DEC 1      0                         0      0        0
  SINCE JAN 1      0                         0      0        0
..................................................................


WIND (MPH)
  RESULTANT WIND SPEED   3   RESULTANT WIND DIRECTION  NW (300)
  HIGHEST WIND SPEED    13   HIGHEST WIND DIRECTION    NW (300)
  HIGHEST GUST SPEED    15   HIGHEST GUST DIRECTION    NW (300)


SKY COVER
  POSSIBLE SUNSHINE  MM
  AVERAGE SKY COVER 0.8


WEATHER CONDITIONS
 THE FOLLOWING WEATHER WAS RECORDED TODAY.
  FOG
  HAZE


RELATIVE HUMIDITY (PERCENT)
 HIGHEST    93          1200 AM
 LOWEST     60           300 PM
 AVERAGE    77

..........................................................


THE STOCKTON AIRPORT CA CLIMATE NORMALS FOR TOMORROW
                         NORMAL    RECORD    YEAR
 MAXIMUM TEMPERATURE (F)   55        74      2014
 MINIMUM TEMPERATURE (F)   38        25      1962


SUNRISE AND SUNSET
JANUARY 23 2018.......SUNRISE   716 AM PST   SUNSET   518 PM PST
JANUARY 24 2018.......SUNRISE   715 AM PST   SUNSET   520 PM PST


-  INDICATES NEGATIVE NUMBERS.
R  INDICATES RECORD WAS SET OR TIED.
MM INDICATES DATA IS MISSING.
T  INDICATES TRACE AMOUNT.




$$
