524
CDUS46 KSTO 280842
CLISCK


CLIMATE REPORT
NATIONAL WEATHER SERVICE SACRAMENTO, CA
142 AM PDT FRI APR 28 2017


...................................

...THE STOCKTON AIRPORT CA CLIMATE SUMMARY FOR APRIL 27 2017...

CLIMATE NORMAL PERIOD 1981 TO 2010
CLIMATE RECORD PERIOD 1948 TO 2017


WEATHER ITEM   OBSERVED TIME   RECORD YEAR NORMAL DEPARTURE LAST
                VALUE   (LST)  VALUE       VALUE  FROM      YEAR
                                                  NORMAL
..................................................................
TEMPERATURE (F)
 YESTERDAY
  MAXIMUM         78    143 PM  96    2004  76      2       66
  MINIMUM         47    538 AM  34    1955  48     -1       48
  AVERAGE         63

PRECIPITATION (IN)
  YESTERDAY        0.00          1.50 1954   0.02  -0.02     0.56
  MONTH TO DATE    1.86                      0.91   0.95     2.83
  SINCE OCT 1     21.68                     13.08   8.60    16.34
  SINCE JAN 1     15.52                      8.35   7.17    11.77

SNOWFALL (IN)
  YESTERDAY        0.0          MM      MM
  MONTH TO DATE    0.0
  SINCE MAR 1      0.0
  SINCE JUL 1      0.0
  SNOW DEPTH       0

DEGREE DAYS
 HEATING
  YESTERDAY        2                         4     -2        8
  MONTH TO DATE  143                       177    -34       78
  SINCE MAR 1    370                       501   -131      310
  SINCE JUL 1   2079                      2563   -484     2028

 COOLING
  YESTERDAY        0                         1     -1        0
  MONTH TO DATE    0                        10    -10       22
  SINCE MAR 1      1                        10     -9       22
  SINCE JAN 1      1                        10     -9       22
..................................................................


WIND (MPH)
  RESULTANT WIND SPEED  10   RESULTANT WIND DIRECTION   W (290)
  HIGHEST WIND SPEED    22   HIGHEST WIND DIRECTION    NW (320)
  HIGHEST GUST SPEED    27   HIGHEST GUST DIRECTION     N (350)


SKY COVER
  POSSIBLE SUNSHINE  MM
  AVERAGE SKY COVER 0.1


WEATHER CONDITIONS
 THE FOLLOWING WEATHER WAS RECORDED YESTERDAY.
  FOG


RELATIVE HUMIDITY (PERCENT)
 HIGHEST   100           200 AM
 LOWEST     31           100 PM
 AVERAGE    66

..........................................................


THE STOCKTON AIRPORT CA CLIMATE NORMALS FOR TODAY
                         NORMAL    RECORD    YEAR
 MAXIMUM TEMPERATURE (F)   76        95      2007
 MINIMUM TEMPERATURE (F)   48        35      1967


SUNRISE AND SUNSET
APRIL 28 2017.........SUNRISE   612 AM PDT   SUNSET   753 PM PDT
APRIL 29 2017.........SUNRISE   611 AM PDT   SUNSET   754 PM PDT


-  INDICATES NEGATIVE NUMBERS.
R  INDICATES RECORD WAS SET OR TIED.
MM INDICATES DATA IS MISSING.
T  INDICATES TRACE AMOUNT.




$$
