000
CDUS46 KSTO 250040
CLISCK


CLIMATE REPORT
NATIONAL WEATHER SERVICE SACRAMENTO, CA
539 PM PDT SAT JUN 24 2017


...................................

...THE STOCKTON AIRPORT CA CLIMATE SUMMARY FOR JUNE 24 2017...
VALID TODAY AS OF 0500 PM LOCAL TIME.

CLIMATE NORMAL PERIOD 1981 TO 2010
CLIMATE RECORD PERIOD 1948 TO 2017


WEATHER ITEM   OBSERVED TIME   RECORD YEAR NORMAL DEPARTURE LAST
                VALUE   (LST)  VALUE       VALUE  FROM      YEAR
                                                  NORMAL
..................................................................
TEMPERATURE (F)
 TODAY
  MAXIMUM         97    305 PM 110    1961  90      7       92
  MINIMUM         64    528 AM  49    2012  58      6       55
                                      1950
  AVERAGE         81

PRECIPITATION (IN)
  TODAY            0.00          0.08 2013   0.00   0.00     0.00
  MONTH TO DATE    0.03                      0.08  -0.05     0.00
  SINCE OCT 1     21.78                     13.76   8.02    16.69
  SINCE JAN 1     15.62                      9.03   6.59    12.12

SNOWFALL (IN)
  TODAY            0.0          MM      MM
  MONTH TO DATE    0.0
  SINCE JUN 1      0.0
  SINCE JUL 1      0.0

DEGREE DAYS
 HEATING
  TODAY            0                         0      0        0
  MONTH TO DATE    4                         4      0        2
  SINCE JUN 1      4                         4      0        2
  SINCE JUL 1   2114                      2640   -526     2068

 COOLING
  TODAY           16                         9      7        9
  MONTH TO DATE  298                       171    127      222
  SINCE JUN 1    298                       171    127      222
  SINCE JAN 1    461                       290    171      368
..................................................................


WIND (MPH)
  RESULTANT WIND SPEED   7   RESULTANT WIND DIRECTION  NW (320)
  HIGHEST WIND SPEED    15   HIGHEST WIND DIRECTION    NW (300)
  HIGHEST GUST SPEED    17   HIGHEST GUST DIRECTION    NW (300)


SKY COVER
  POSSIBLE SUNSHINE  MM
  AVERAGE SKY COVER 0.0


WEATHER CONDITIONS
 THE FOLLOWING WEATHER WAS RECORDED TODAY.
  NO SIGNIFICANT WEATHER WAS OBSERVED.


RELATIVE HUMIDITY (PERCENT)
 HIGHEST    78           500 AM
 LOWEST     34           200 PM
 AVERAGE    56

..........................................................


THE STOCKTON AIRPORT CA CLIMATE NORMALS FOR TOMORROW
                         NORMAL    RECORD    YEAR
 MAXIMUM TEMPERATURE (F)   90       108      1995
 MINIMUM TEMPERATURE (F)   59        49      1975


SUNRISE AND SUNSET
JUNE 24 2017..........SUNRISE   544 AM PDT   SUNSET   831 PM PDT
JUNE 25 2017..........SUNRISE   544 AM PDT   SUNSET   831 PM PDT


-  INDICATES NEGATIVE NUMBERS.
R  INDICATES RECORD WAS SET OR TIED.
MM INDICATES DATA IS MISSING.
T  INDICATES TRACE AMOUNT.




$$
