000
CDUS46 KSTO 180841
CLISCK


CLIMATE REPORT
NATIONAL WEATHER SERVICE SACRAMENTO, CA
1240 AM PST SAT NOV 18 2017


...................................

...THE STOCKTON AIRPORT CA CLIMATE SUMMARY FOR NOVEMBER 17 2017...

CLIMATE NORMAL PERIOD 1981 TO 2010
CLIMATE RECORD PERIOD 1948 TO 2017


WEATHER ITEM   OBSERVED TIME   RECORD YEAR NORMAL DEPARTURE LAST
                VALUE   (LST)  VALUE       VALUE  FROM      YEAR
                                                  NORMAL
..................................................................
TEMPERATURE (F)
 YESTERDAY
  MAXIMUM         64    252 PM  77    1995  63      1       63
  MINIMUM         44   1158 PM  26    1958  41      3       38
  AVERAGE         54

PRECIPITATION (IN)
  YESTERDAY        0.02          1.16 1996   0.06  -0.04     0.00
  MONTH TO DATE    0.66                      0.91  -0.25     0.01
  SINCE OCT 1      0.78                      1.73  -0.95     2.40
  SINCE JAN 1     16.41                     11.06   5.35    14.52

SNOWFALL (IN)
  YESTERDAY        0.0           0.0  2001
  MONTH TO DATE    0.0
  SINCE SEP 1      0.0
  SINCE JUL 1      0.0
  SNOW DEPTH       0

DEGREE DAYS
 HEATING
  YESTERDAY       11                        13     -2       14
  MONTH TO DATE  134                       167    -33       73
  SINCE SEP 1    186                       264    -78      129
  SINCE JUL 1    186                       264    -78      129

 COOLING
  YESTERDAY        0                         0      0        0
  MONTH TO DATE    0                         0      0        0
  SINCE SEP 1    365                       276     89      247
  SINCE JAN 1   1796                      1320    476     1445
..................................................................


WIND (MPH)
  RESULTANT WIND SPEED   7   RESULTANT WIND DIRECTION  NW (300)
  HIGHEST WIND SPEED    16   HIGHEST WIND DIRECTION     N (340)
  HIGHEST GUST SPEED    20   HIGHEST GUST DIRECTION    NW (300)


SKY COVER
  POSSIBLE SUNSHINE  MM
  AVERAGE SKY COVER 0.2


WEATHER CONDITIONS
 THE FOLLOWING WEATHER WAS RECORDED YESTERDAY.
  LIGHT RAIN
  FOG


RELATIVE HUMIDITY (PERCENT)
 HIGHEST   100          1200 AM
 LOWEST     52           300 PM
 AVERAGE    76

..........................................................


THE STOCKTON AIRPORT CA CLIMATE NORMALS FOR TODAY
                         NORMAL    RECORD    YEAR
 MAXIMUM TEMPERATURE (F)   63        77      2005
 MINIMUM TEMPERATURE (F)   41        27      1964


SUNRISE AND SUNSET
NOVEMBER 18 2017......SUNRISE   649 AM PST   SUNSET   451 PM PST
NOVEMBER 19 2017......SUNRISE   650 AM PST   SUNSET   451 PM PST


-  INDICATES NEGATIVE NUMBERS.
R  INDICATES RECORD WAS SET OR TIED.
MM INDICATES DATA IS MISSING.
T  INDICATES TRACE AMOUNT.




$$
