000
CDUS46 KSTO 070035
CLISCK


CLIMATE REPORT
NATIONAL WEATHER SERVICE SACRAMENTO, CA
435 PM PST FRI MAR 6 2015


...................................

...THE STOCKTON AIRPORT CA CLIMATE SUMMARY FOR MARCH 6 2015...
VALID TODAY AS OF 0400 PM LOCAL TIME.

CLIMATE NORMAL PERIOD 1981 TO 2010
CLIMATE RECORD PERIOD 1948 TO 2015


WEATHER ITEM   OBSERVED TIME   RECORD YEAR NORMAL DEPARTURE LAST
                VALUE   (LST)  VALUE       VALUE  FROM      YEAR
                                                  NORMAL
..................................................................
TEMPERATURE (F)
 TODAY
  MAXIMUM         73    353 PM  80    1972  65      8       67
  MINIMUM         39    631 AM  30    1956  42     -3       52
  AVERAGE         56

PRECIPITATION (IN)
  TODAY            0.00          0.99 1952   0.08  -0.08     0.18
  MONTH TO DATE    0.01                      0.49  -0.48     0.58
  SINCE OCT 1      9.31                     10.50  -1.19     5.09
  SINCE JAN 1      1.47                      5.77  -4.30     3.66

SNOWFALL (IN)
  TODAY            0.0          MM      MM
  MONTH TO DATE    0.0
  SINCE MAR 1      0.0
  SINCE JUL 1      0.0

DEGREE DAYS
 HEATING
  TODAY            9                        11     -2        5
  MONTH TO DATE   76                        71      5       44
  SINCE MAR 1     76                        71      5       44
  SINCE JUL 1   1515                      2133   -618     1877

 COOLING
  TODAY            0                         0      0        0
  MONTH TO DATE    0                         0      0        0
  SINCE MAR 1      0                         0      0        0
  SINCE JAN 1      0                         0      0        0
..................................................................


WIND (MPH)
  RESULTANT WIND SPEED   2   RESULTANT WIND DIRECTION   W (280)
  HIGHEST WIND SPEED    12   HIGHEST WIND DIRECTION     W (290)
  HIGHEST GUST SPEED    14   HIGHEST GUST DIRECTION    NW (300)


SKY COVER
  POSSIBLE SUNSHINE  MM
  AVERAGE SKY COVER 0.0


WEATHER CONDITIONS
 THE FOLLOWING WEATHER WAS RECORDED TODAY.
  NO SIGNIFICANT WEATHER WAS OBSERVED.


RELATIVE HUMIDITY (PERCENT)
 HIGHEST    92           500 AM
 LOWEST     29           300 PM
 AVERAGE    61

..........................................................


THE STOCKTON AIRPORT CA CLIMATE NORMALS FOR TOMORROW
                         NORMAL    RECORD    YEAR
 MAXIMUM TEMPERATURE (F)   65        82      1953
 MINIMUM TEMPERATURE (F)   42        29      1956


SUNRISE AND SUNSET
MARCH  6 2015.........SUNRISE   630 AM PST   SUNSET   603 PM PST
MARCH  7 2015.........SUNRISE   628 AM PST   SUNSET   604 PM PST


-  INDICATES NEGATIVE NUMBERS.
R  INDICATES RECORD WAS SET OR TIED.
MM INDICATES DATA IS MISSING.
T  INDICATES TRACE AMOUNT.




$$
