000
CDUS46 KSTO 070835
CLISCK


CLIMATE REPORT
NATIONAL WEATHER SERVICE SACRAMENTO, CA
1235 AM PST WED DEC 7 2016


...................................

...THE STOCKTON AIRPORT CA CLIMATE SUMMARY FOR DECEMBER 6 2016...

CLIMATE NORMAL PERIOD 1981 TO 2010
CLIMATE RECORD PERIOD 1948 TO 2016


WEATHER ITEM   OBSERVED TIME   RECORD YEAR NORMAL DEPARTURE LAST
                VALUE   (LST)  VALUE       VALUE  FROM      YEAR
                                                  NORMAL
..................................................................
TEMPERATURE (F)
 YESTERDAY
  MAXIMUM         58    234 PM  71    2014  56      2       70
  MINIMUM         35    719 AM  23    2013  38     -3       42
                                      2009
  AVERAGE         47

PRECIPITATION (IN)
  YESTERDAY        0.00          0.87 1950   0.06  -0.06     0.00
  MONTH TO DATE    0.00                      0.37  -0.37     0.22
  SINCE OCT 1      4.05                      2.88   1.17     2.33
  SINCE JAN 1     16.17                     12.21   3.96     5.23

SNOWFALL (IN)
  YESTERDAY        0.0           0.0  2001
  MONTH TO DATE    0.0
  SINCE DEC 1      0.0
  SINCE JUL 1      0.0
  SNOW DEPTH       0

DEGREE DAYS
 HEATING
  YESTERDAY       18                        18      0        9
  MONTH TO DATE  107                       106      1       94
  SINCE DEC 1    107                       106      1       94
  SINCE JUL 1    376                       563   -187      499

 COOLING
  YESTERDAY        0                         0      0        0
  MONTH TO DATE    0                         0      0        0
  SINCE DEC 1      0                         0      0        0
  SINCE JAN 1   1445                      1320    125     1681
..................................................................


WIND (MPH)
  RESULTANT WIND SPEED   6   RESULTANT WIND DIRECTION   W (280)
  HIGHEST WIND SPEED    16   HIGHEST WIND DIRECTION     W (260)
  HIGHEST GUST SPEED    19   HIGHEST GUST DIRECTION     W (260)


SKY COVER
  POSSIBLE SUNSHINE  MM
  AVERAGE SKY COVER 0.4


WEATHER CONDITIONS
 THE FOLLOWING WEATHER WAS RECORDED YESTERDAY.
  FOG


RELATIVE HUMIDITY (PERCENT)
 HIGHEST   100           100 AM
 LOWEST     47           200 PM
 AVERAGE    74

..........................................................


THE STOCKTON AIRPORT CA CLIMATE NORMALS FOR TODAY
                         NORMAL    RECORD    YEAR
 MAXIMUM TEMPERATURE (F)   56        68      1988
                                             1979
 MINIMUM TEMPERATURE (F)   38        28      2011


SUNRISE AND SUNSET
DECEMBER  7 2016......SUNRISE   708 AM PST   SUNSET   446 PM PST
DECEMBER  8 2016......SUNRISE   709 AM PST   SUNSET   446 PM PST


-  INDICATES NEGATIVE NUMBERS.
R  INDICATES RECORD WAS SET OR TIED.
MM INDICATES DATA IS MISSING.
T  INDICATES TRACE AMOUNT.




$$
