000
CDUS46 KLOX 300903
CLISDB


CLIMATE REPORT
NATIONAL WEATHER SERVICE LOS ANGELES/OXNARD CA
203 AM PDT SUN AUG 30 2015


...................................

...THE SANDBERG CA CLIMATE SUMMARY FOR AUGUST 29 2015...

CLIMATE NORMAL PERIOD 1981 TO 2010
CLIMATE RECORD PERIOD 1934 TO 2015


WEATHER ITEM   OBSERVED TIME   RECORD YEAR NORMAL DEPARTURE LAST
                VALUE   (LST)  VALUE       VALUE  FROM      YEAR
                                                  NORMAL
..................................................................
TEMPERATURE (F)
 YESTERDAY
  MAXIMUM         87    223 PM  97    2007  83      4       95
  MINIMUM         68   1159 PM  42    1942  63      5       69
  AVERAGE         78                        73      5       82

PRECIPITATION (IN)
  YESTERDAY        0.00          0.05 2000   0.00   0.00     0.00
  MONTH TO DATE    0.00                      0.03  -0.03     0.16
  SINCE OCT 1      8.65                     12.16  -3.51     4.45
  SINCE JAN 1      3.75                      8.53  -4.78     3.75

DEGREE DAYS
 HEATING
  YESTERDAY        0                         1     -1        0
  MONTH TO DATE    0                         3     -3        0
  SINCE JUN 1     29                        95    -66        7
  SINCE JUL 1     10                        11     -1        0

 COOLING
  YESTERDAY       13                         9      4       17
  MONTH TO DATE  409                       277    132      334
  SINCE JUN 1    995                       695    300     1004
  SINCE JAN 1   1108                       740    368     1154
..................................................................


WIND (MPH)
  HIGHEST WIND SPEED    24   HIGHEST WIND DIRECTION    NW (330)
  HIGHEST GUST SPEED    34   HIGHEST GUST DIRECTION    NW (330)
  AVERAGE WIND SPEED    15.3


SKY COVER
  POSSIBLE SUNSHINE  MM
  AVERAGE SKY COVER 0.0


WEATHER CONDITIONS
 THE FOLLOWING WEATHER WAS RECORDED YESTERDAY.
  NO SIGNIFICANT WEATHER WAS OBSERVED.


RELATIVE HUMIDITY (PERCENT)
 HIGHEST    47          1100 PM
 LOWEST     21           100 PM
 AVERAGE    34

..........................................................


THE SANDBERG CA CLIMATE NORMALS FOR TODAY
                         NORMAL    RECORD    YEAR
 MAXIMUM TEMPERATURE (F)   83        96      1998
 MINIMUM TEMPERATURE (F)   63        42      1957


SUNRISE AND SUNSET
AUGUST 30 2015........SUNRISE   626 AM PDT   SUNSET   724 PM PDT
AUGUST 31 2015........SUNRISE   627 AM PDT   SUNSET   723 PM PDT


-  INDICATES NEGATIVE NUMBERS.
R  INDICATES RECORD WAS SET OR TIED.
MM INDICATES DATA IS MISSING.
T  INDICATES TRACE AMOUNT.




$$
