000
CDUS46 KLOX 240125
CLISDB


CLIMATE REPORT
NATIONAL WEATHER SERVICE LOS ANGELES/OXNARD CA
625 PM PDT WED AUG 23 2017


...................................

...THE SANDBERG CA CLIMATE SUMMARY FOR AUGUST 23 2017...
VALID TODAY AS OF 0600 PM LOCAL TIME.

CLIMATE NORMAL PERIOD 1981 TO 2010
CLIMATE RECORD PERIOD 1934 TO 2017


WEATHER ITEM   OBSERVED TIME   RECORD YEAR NORMAL DEPARTURE LAST
                VALUE   (LST)  VALUE       VALUE  FROM      YEAR
                                                  NORMAL
..................................................................
TEMPERATURE (F)
 TODAY
  MAXIMUM         88    155 PM  96    1991  84      4       86
  MINIMUM         67    344 AM  44    1963  63      4       68
  AVERAGE         78                        74      4       77

PRECIPITATION (IN)
  TODAY            0.00          T    1959   0.00   0.00     0.00
  MONTH TO DATE    0.29                      0.02   0.27     0.00
  SINCE OCT 1     13.08                     12.15   0.93     6.93
  SINCE JAN 1      9.24                      8.52   0.72     5.23

DEGREE DAYS
 HEATING
  TODAY            0                         0      0        0
  MONTH TO DATE    1                         0      1        0
  SINCE JUN 1     41                        92    -51       21
  SINCE JUL 1      1                         8     -7        0

 COOLING
  TODAY           13                         9      4       12
  MONTH TO DATE  285                       223     62      346
  SINCE JUN 1   1150                       641    509     1148
  SINCE JAN 1   1295                       686    609     1229
..................................................................


WIND (MPH)
  HIGHEST WIND SPEED    22   HIGHEST WIND DIRECTION     S (180)
  HIGHEST GUST SPEED    26   HIGHEST GUST DIRECTION     S (190)
  AVERAGE WIND SPEED     9.0


SKY COVER
  POSSIBLE SUNSHINE  MM
  AVERAGE SKY COVER 0.1


WEATHER CONDITIONS
 THE FOLLOWING WEATHER WAS RECORDED TODAY.
  NO SIGNIFICANT WEATHER WAS OBSERVED.


RELATIVE HUMIDITY (PERCENT)
 HIGHEST    51           400 AM
 LOWEST     16           300 PM
 AVERAGE    34

..........................................................


THE SANDBERG CA CLIMATE NORMALS FOR TOMORROW
                         NORMAL    RECORD    YEAR
 MAXIMUM TEMPERATURE (F)   84        97      1985
 MINIMUM TEMPERATURE (F)   63        45      1973


SUNRISE AND SUNSET
AUGUST 23 2017........SUNRISE   622 AM PDT   SUNSET   733 PM PDT
AUGUST 24 2017........SUNRISE   622 AM PDT   SUNSET   731 PM PDT


-  INDICATES NEGATIVE NUMBERS.
R  INDICATES RECORD WAS SET OR TIED.
MM INDICATES DATA IS MISSING.
T  INDICATES TRACE AMOUNT.




$$
