000
CDUS46 KLOX 220918
CLISDB


CLIMATE REPORT
NATIONAL WEATHER SERVICE LOS ANGELES/OXNARD CA
218 AM PDT THU JUN 22 2017


...................................

...THE SANDBERG CA CLIMATE SUMMARY FOR JUNE 21 2017...

CLIMATE NORMAL PERIOD 1981 TO 2010
CLIMATE RECORD PERIOD 1934 TO 2017


WEATHER ITEM   OBSERVED TIME   RECORD YEAR NORMAL DEPARTURE LAST
                VALUE   (LST)  VALUE       VALUE  FROM      YEAR
                                                  NORMAL
..................................................................
TEMPERATURE (F)
 YESTERDAY
  MAXIMUM         99R  1231 PM  98    2016  79     20       98
  MINIMUM         77   1041 PM  41    1944  58     19       71
  AVERAGE         88                        68     20       85

PRECIPITATION (IN)
  YESTERDAY        0.00          T    1949   0.00   0.00     0.00
  MONTH TO DATE    T                         0.06  -0.06      T
  SINCE OCT 1     12.79                     12.11   0.68     6.93
  SINCE JAN 1      8.95                      8.48   0.47     5.23

DEGREE DAYS
 HEATING
  YESTERDAY        0                         2     -2        0
  MONTH TO DATE   40                        72    -32       21
  SINCE JUN 1     40                        72    -32       21
  SINCE JUL 1   3088                      4100  -1012     3065

 COOLING
  YESTERDAY       23                         5     18       20
  MONTH TO DATE  202                        77    125      214
  SINCE JUN 1    202                        77    125      214
  SINCE JAN 1    347                       122    225      295
..................................................................


WIND (MPH)
  HIGHEST WIND SPEED    21   HIGHEST WIND DIRECTION    NW (320)
  HIGHEST GUST SPEED    27   HIGHEST GUST DIRECTION    NW (330)
  AVERAGE WIND SPEED    11.1


SKY COVER
  POSSIBLE SUNSHINE  MM
  AVERAGE SKY COVER 0.0


WEATHER CONDITIONS
 THE FOLLOWING WEATHER WAS RECORDED YESTERDAY.
  NO SIGNIFICANT WEATHER WAS OBSERVED.


RELATIVE HUMIDITY (PERCENT)
 HIGHEST    39          1200 AM
 LOWEST     17          1000 AM
 AVERAGE    28

..........................................................


THE SANDBERG CA CLIMATE NORMALS FOR TODAY
                         NORMAL    RECORD    YEAR
 MAXIMUM TEMPERATURE (F)   79        97      1937
 MINIMUM TEMPERATURE (F)   58        44      1966


SUNRISE AND SUNSET
JUNE 22 2017..........SUNRISE   542 AM PDT   SUNSET   812 PM PDT
JUNE 23 2017..........SUNRISE   543 AM PDT   SUNSET   812 PM PDT


-  INDICATES NEGATIVE NUMBERS.
R  INDICATES RECORD WAS SET OR TIED.
MM INDICATES DATA IS MISSING.
T  INDICATES TRACE AMOUNT.




$$
