000
CDUS46 KLOX 230917
CLISDB


CLIMATE REPORT
NATIONAL WEATHER SERVICE LOS ANGELES/OXNARD CA
217 AM PDT SAT MAY 23 2015


...................................

...THE SANDBERG CA CLIMATE SUMMARY FOR MAY 22 2015...

CLIMATE NORMAL PERIOD 1981 TO 2010
CLIMATE RECORD PERIOD 1934 TO 2015


WEATHER ITEM   OBSERVED TIME   RECORD YEAR NORMAL DEPARTURE LAST
                VALUE   (LST)  VALUE       VALUE  FROM      YEAR
                                                  NORMAL
..................................................................
TEMPERATURE (F)
 YESTERDAY
  MAXIMUM         57    237 PM  89    2001  69    -12       71
  MINIMUM         44    629 AM  31    1965  50     -6       51
  AVERAGE         51                        60     -9       61

PRECIPITATION (IN)
  YESTERDAY        0.07R         0.07 2006   0.01   0.06      T
  MONTH TO DATE    0.23                      0.34  -0.11      T
  SINCE OCT 1      7.25                     11.98  -4.73     4.28
  SINCE JAN 1      2.35                      8.35  -6.00     3.58

DEGREE DAYS
 HEATING
  YESTERDAY       14                         7      7        4
  MONTH TO DATE  226                       199     27      120
  SINCE MAR 1    732                      1215   -483      728
  SINCE JUL 1   2363                      3974  -1611     2513

 COOLING
  YESTERDAY        0                         1     -1        0
  MONTH TO DATE   10                        20    -10       62
  SINCE MAR 1     65                        28     37       86
  SINCE JAN 1     68                        28     40       93
..................................................................


WIND (MPH)
  HIGHEST WIND SPEED    21   HIGHEST WIND DIRECTION    NW (320)
  HIGHEST GUST SPEED    27   HIGHEST GUST DIRECTION    NW (320)
  AVERAGE WIND SPEED    10.3


SKY COVER
  POSSIBLE SUNSHINE  MM
  AVERAGE SKY COVER 1.0


WEATHER CONDITIONS
 THE FOLLOWING WEATHER WAS RECORDED YESTERDAY.
  RAIN
  LIGHT RAIN
  FOG
  FOG W/VISIBILITY <= 1/4 MILE
  HAZE


RELATIVE HUMIDITY (PERCENT)
 HIGHEST    93           800 PM
 LOWEST     66           300 PM
 AVERAGE    80

..........................................................


THE SANDBERG CA CLIMATE NORMALS FOR TODAY
                         NORMAL    RECORD    YEAR
 MAXIMUM TEMPERATURE (F)   70        90      2001
 MINIMUM TEMPERATURE (F)   50        28      2010


SUNRISE AND SUNSET
MAY 23 2015...........SUNRISE   547 AM PDT   SUNSET   757 PM PDT
MAY 24 2015...........SUNRISE   546 AM PDT   SUNSET   758 PM PDT


-  INDICATES NEGATIVE NUMBERS.
R  INDICATES RECORD WAS SET OR TIED.
MM INDICATES DATA IS MISSING.
T  INDICATES TRACE AMOUNT.




$$
