000
CDUS46 KLOX 290907
CLISDB


CLIMATE REPORT
NATIONAL WEATHER SERVICE LOS ANGELES/OXNARD CA
207 AM PDT SAT APR 29 2017


...................................

...THE SANDBERG CA CLIMATE SUMMARY FOR APRIL 28 2017...

CLIMATE NORMAL PERIOD 1981 TO 2010
CLIMATE RECORD PERIOD 1934 TO 2017


WEATHER ITEM   OBSERVED TIME   RECORD YEAR NORMAL DEPARTURE LAST
                VALUE   (LST)  VALUE       VALUE  FROM      YEAR
                                                  NORMAL
..................................................................
TEMPERATURE (F)
 YESTERDAY
  MAXIMUM         62    322 PM  86    2007  62      0       53
  MINIMUM         43    528 AM  24    1970  45     -2       38
  AVERAGE         53                        53      0       46

PRECIPITATION (IN)
  YESTERDAY        0.00          0.76 2005   0.01  -0.01     0.00
  MONTH TO DATE    0.16                      0.60  -0.44     0.45
  SINCE OCT 1     12.76                     11.61   1.15     6.62
  SINCE JAN 1      8.92                      7.98   0.94     4.92

DEGREE DAYS
 HEATING
  YESTERDAY       12                        12      0       19
  MONTH TO DATE  266                       422   -156      204
  SINCE MAR 1    597                       992   -395      589
  SINCE JUL 1   2854                      3751   -897     2849

 COOLING
  YESTERDAY        0                         0      0        0
  MONTH TO DATE    4                         0      4       18
  SINCE MAR 1     20                         1     19       19
  SINCE JAN 1     20                         1     19       19
..................................................................


WIND (MPH)
  HIGHEST WIND SPEED    33   HIGHEST WIND DIRECTION    NW (330)
  HIGHEST GUST SPEED    42   HIGHEST GUST DIRECTION    NW (330)
  AVERAGE WIND SPEED    12.8


SKY COVER
  POSSIBLE SUNSHINE  MM
  AVERAGE SKY COVER 0.4


WEATHER CONDITIONS
 THE FOLLOWING WEATHER WAS RECORDED YESTERDAY.
  NO SIGNIFICANT WEATHER WAS OBSERVED.


RELATIVE HUMIDITY (PERCENT)
 HIGHEST    76           600 AM
 LOWEST     21           400 PM
 AVERAGE    49

..........................................................


THE SANDBERG CA CLIMATE NORMALS FOR TODAY
                         NORMAL    RECORD    YEAR
 MAXIMUM TEMPERATURE (F)   62        85      2015
 MINIMUM TEMPERATURE (F)   45        25      1967


SUNRISE AND SUNSET
APRIL 29 2017.........SUNRISE   606 AM PDT   SUNSET   739 PM PDT
APRIL 30 2017.........SUNRISE   605 AM PDT   SUNSET   739 PM PDT


-  INDICATES NEGATIVE NUMBERS.
R  INDICATES RECORD WAS SET OR TIED.
MM INDICATES DATA IS MISSING.
T  INDICATES TRACE AMOUNT.




$$
