000
CDUS46 KLOX 270905
CLISDB


CLIMATE REPORT
NATIONAL WEATHER SERVICE LOS ANGELES/OXNARD CA
105 AM PST THU NOV 27 2014


...................................

...THE SANDBERG CA CLIMATE SUMMARY FOR NOVEMBER 26 2014...

CLIMATE NORMAL PERIOD 1981 TO 2010
CLIMATE RECORD PERIOD 1934 TO 2014


WEATHER ITEM   OBSERVED TIME   RECORD YEAR NORMAL DEPARTURE LAST
                VALUE   (LST)  VALUE       VALUE  FROM      YEAR
                                                  NORMAL
..................................................................
TEMPERATURE (F)
 YESTERDAY
  MAXIMUM         73R   120 PM  70    1953  52     21       58
  MINIMUM         55    305 AM  26    1948  39     16       48
  AVERAGE         64                        46     18       53

PRECIPITATION (IN)
  YESTERDAY        0.00          1.54 2008   0.03  -0.03     0.00
  MONTH TO DATE    0.07                      0.64  -0.57     0.39
  SINCE JUL 1      0.73                      1.46  -0.73     0.70
  SINCE JAN 1      4.31                      9.94  -5.63     3.61

DEGREE DAYS
 HEATING
  YESTERDAY        1                        19    -18       12
  MONTH TO DATE  271                       396   -125      279
  SINCE SEP 1    363                       680   -317      496
  SINCE JUL 1    363                       697   -334      496

 COOLING
  YESTERDAY        0                         0      0        0
  MONTH TO DATE   18                         0     18        4
  SINCE SEP 1    507                       239    268      333
  SINCE JAN 1   1687                       996    691     1565
..................................................................


WIND (MPH)
  HIGHEST WIND SPEED    17   HIGHEST WIND DIRECTION     E (70)
  HIGHEST GUST SPEED    22   HIGHEST GUST DIRECTION     E (80)
  AVERAGE WIND SPEED    10.9


SKY COVER
  POSSIBLE SUNSHINE  MM
  AVERAGE SKY COVER 0.0


WEATHER CONDITIONS
 THE FOLLOWING WEATHER WAS RECORDED YESTERDAY.
  NO SIGNIFICANT WEATHER WAS OBSERVED.


RELATIVE HUMIDITY (PERCENT)
 HIGHEST    16          1100 PM
 LOWEST      8          1200 PM
 AVERAGE    12

..........................................................


THE SANDBERG CA CLIMATE NORMALS FOR TODAY
                         NORMAL    RECORD    YEAR
 MAXIMUM TEMPERATURE (F)   51        68      1949
 MINIMUM TEMPERATURE (F)   39        22      1948


SUNRISE AND SUNSET
NOVEMBER 27 2014......SUNRISE   640 AM PST   SUNSET   445 PM PST
NOVEMBER 28 2014......SUNRISE   641 AM PST   SUNSET   444 PM PST


-  INDICATES NEGATIVE NUMBERS.
R  INDICATES RECORD WAS SET OR TIED.
MM INDICATES DATA IS MISSING.
T  INDICATES TRACE AMOUNT.




$$
