000
CDUS46 KLOX 310901
CLISDB


CLIMATE REPORT
NATIONAL WEATHER SERVICE LOS ANGELES/OXNARD CA
200 AM PDT SUN AUG 31 2014


...................................

...THE SANDBERG CA CLIMATE SUMMARY FOR AUGUST 30 2014...

CLIMATE NORMAL PERIOD 1981 TO 2010
CLIMATE RECORD PERIOD 1934 TO 2014


WEATHER ITEM   OBSERVED TIME   RECORD YEAR NORMAL DEPARTURE LAST
                VALUE   (LST)  VALUE       VALUE  FROM      YEAR
                                                  NORMAL
..................................................................
TEMPERATURE (F)
 YESTERDAY
  MAXIMUM         89    212 PM  96    1998  83      6       93
  MINIMUM         69    458 AM  42    1957  63      6       70
  AVERAGE         79                        73      6       82

PRECIPITATION (IN)
  YESTERDAY        0.00          0.01 1972   0.00   0.00     0.00
  MONTH TO DATE    0.16                      0.03   0.13     0.00
  SINCE JUL 1      0.17                      0.05   0.12     0.06
  SINCE JAN 1      3.75                      8.53  -4.78     2.97

DEGREE DAYS
 HEATING
  YESTERDAY        0                         1     -1        0
  MONTH TO DATE    0                         4     -4        0
  SINCE JUN 1      7                        96    -89       16
  SINCE JUL 1      0                        12    -12        0

 COOLING
  YESTERDAY       14                         9      5       17
  MONTH TO DATE  348                       286     62      379
  SINCE JUN 1   1018                       704    314     1088
  SINCE JAN 1   1168                       749    419     1218
..................................................................


WIND (MPH)
  HIGHEST WIND SPEED    32   HIGHEST WIND DIRECTION     N (340)
  HIGHEST GUST SPEED    41   HIGHEST GUST DIRECTION     N (340)
  AVERAGE WIND SPEED    18.0


SKY COVER
  POSSIBLE SUNSHINE  MM
  AVERAGE SKY COVER 0.0


WEATHER CONDITIONS
 THE FOLLOWING WEATHER WAS RECORDED YESTERDAY.
  NO SIGNIFICANT WEATHER WAS OBSERVED.


RELATIVE HUMIDITY (PERCENT)
 HIGHEST    33           400 AM
 LOWEST     11           200 PM
 AVERAGE    22

..........................................................


THE SANDBERG CA CLIMATE NORMALS FOR TODAY
                         NORMAL    RECORD    YEAR
 MAXIMUM TEMPERATURE (F)   83        96      1995
 MINIMUM TEMPERATURE (F)   63        44      1964


SUNRISE AND SUNSET
AUGUST 31 2014........SUNRISE   627 AM PDT   SUNSET   723 PM PDT
SEPTEMBER  1 2014.....SUNRISE   628 AM PDT   SUNSET   721 PM PDT


-  INDICATES NEGATIVE NUMBERS.
R  INDICATES RECORD WAS SET OR TIED.
MM INDICATES DATA IS MISSING.
T  INDICATES TRACE AMOUNT.




$$
