000
CDUS46 KLOX 220859
CLISDB


CLIMATE REPORT
NATIONAL WEATHER SERVICE LOS ANGELES/OXNARD CA
1259 AM PST MON DEC 22 2014


...................................

...THE SANDBERG CA CLIMATE SUMMARY FOR DECEMBER 21 2014...

CLIMATE NORMAL PERIOD 1981 TO 2010
CLIMATE RECORD PERIOD 1934 TO 2014


WEATHER ITEM   OBSERVED TIME   RECORD YEAR NORMAL DEPARTURE LAST
                VALUE   (LST)  VALUE       VALUE  FROM      YEAR
                                                  NORMAL
..................................................................
TEMPERATURE (F)
 YESTERDAY
  MAXIMUM         52   1142 AM  66    2005  47      5       57
  MINIMUM         44    640 AM  13    1990  36      8       39
  AVERAGE         48                        42      6       48

PRECIPITATION (IN)
  YESTERDAY        0.00          2.67 1945   0.08  -0.08     0.00
  MONTH TO DATE    4.28                      1.34   2.94     0.08
  SINCE JUL 1      5.05                      2.94   2.11     0.78
  SINCE JAN 1      8.63                     11.42  -2.79     3.69

DEGREE DAYS
 HEATING
  YESTERDAY       17                        23     -6       17
  MONTH TO DATE  349                       471   -122      417
  SINCE DEC 1    349                       471   -122      417
  SINCE JUL 1    739                      1250   -511      971

 COOLING
  YESTERDAY        0                         0      0        0
  MONTH TO DATE    0                         0      0        0
  SINCE DEC 1      0                         0      0        0
  SINCE JAN 1   1689                       998    691     1565
..................................................................


WIND (MPH)
  HIGHEST WIND SPEED    52   HIGHEST WIND DIRECTION     N (350)
  HIGHEST GUST SPEED    60   HIGHEST GUST DIRECTION    NW (330)
  AVERAGE WIND SPEED    25.5


SKY COVER
  POSSIBLE SUNSHINE  MM
  AVERAGE SKY COVER 0.8


WEATHER CONDITIONS
 THE FOLLOWING WEATHER WAS RECORDED YESTERDAY.
  FOG
  FOG W/VISIBILITY <= 1/4 MILE
  HAZE


RELATIVE HUMIDITY (PERCENT)
 HIGHEST    93           600 PM
 LOWEST     71          1200 PM
 AVERAGE    82

..........................................................


THE SANDBERG CA CLIMATE NORMALS FOR TODAY
                         NORMAL    RECORD    YEAR
 MAXIMUM TEMPERATURE (F)   47        64      2005
 MINIMUM TEMPERATURE (F)   36        11      1990


SUNRISE AND SUNSET
DECEMBER 22 2014......SUNRISE   659 AM PST   SUNSET   448 PM PST
DECEMBER 23 2014......SUNRISE   659 AM PST   SUNSET   449 PM PST


-  INDICATES NEGATIVE NUMBERS.
R  INDICATES RECORD WAS SET OR TIED.
MM INDICATES DATA IS MISSING.
T  INDICATES TRACE AMOUNT.




$$
