000
CDUS43 KLMK 250626
CLISDF


CLIMATE REPORT
NATIONAL WEATHER SERVICE LOUISVILLE KY
226 AM EDT WED MAY 25 2016


...................................

...THE LOUISVILLE KY CLIMATE SUMMARY FOR MAY 24 2016...

CLIMATE NORMAL PERIOD 1981 TO 2010
CLIMATE RECORD PERIOD 1871 TO 2016


WEATHER ITEM   OBSERVED TIME   RECORD YEAR NORMAL DEPARTURE LAST
                VALUE   (LST)  VALUE       VALUE  FROM      YEAR
                                                  NORMAL
..................................................................
TEMPERATURE (F)
 YESTERDAY
  MAXIMUM         84    539 PM  92    1921  79      5       86
  MINIMUM         56    618 AM  40    1925  60     -4       62
  AVERAGE         70                        69      1       74

PRECIPITATION (IN)
  YESTERDAY        0.00          1.66 1997   0.16  -0.16     0.00
  MONTH TO DATE    4.08                      4.14  -0.06     1.54
  SINCE MAR 1     12.76                     12.32   0.44    20.18
  SINCE JAN 1     18.58                     18.74  -0.16    23.28

SNOWFALL (IN)
  YESTERDAY        0.0          MM      MM   0.0    0.0      0.0
  MONTH TO DATE    0.0                       0.0    0.0      0.0
  SINCE MAR 1      0.5                       1.5   -1.0     11.9
  SINCE JUL 1     14.9                      12.5    2.4     27.6
  SNOW DEPTH       0

DEGREE DAYS
 HEATING
  YESTERDAY        0                         1     -1        0
  MONTH TO DATE   91                        61     30       24
  SINCE MAR 1    630                       845   -215      767
  SINCE JUL 1   3252                      4086   -834     4387

 COOLING
  YESTERDAY        5                         6     -1        9
  MONTH TO DATE   47                        85    -38      145
  SINCE MAR 1    110                       128    -18      187
  SINCE JAN 1    110                       128    -18      187
..................................................................


WIND (MPH)
  HIGHEST WIND SPEED    13   HIGHEST WIND DIRECTION    SW (220)
  HIGHEST GUST SPEED    22   HIGHEST GUST DIRECTION     E (100)
  AVERAGE WIND SPEED     5.4


SKY COVER
  POSSIBLE SUNSHINE  MM
  AVERAGE SKY COVER 0.4


WEATHER CONDITIONS
 THE FOLLOWING WEATHER WAS RECORDED YESTERDAY.
  HAZE


RELATIVE HUMIDITY (PERCENT)
 HIGHEST    83           600 AM
 LOWEST     31           300 PM
 AVERAGE    57

..........................................................


THE LOUISVILLE KY CLIMATE NORMALS FOR TODAY
                         NORMAL    RECORD    YEAR
 MAXIMUM TEMPERATURE (F)   79        94      1911
 MINIMUM TEMPERATURE (F)   60        35      1925


SUNRISE AND SUNSET
MAY 25 2016...........SUNRISE   625 AM EDT   SUNSET   856 PM EDT
MAY 26 2016...........SUNRISE   624 AM EDT   SUNSET   856 PM EDT


-  INDICATES NEGATIVE NUMBERS.
R  INDICATES RECORD WAS SET OR TIED.
MM INDICATES DATA IS MISSING.
T  INDICATES TRACE AMOUNT.




$$
