000
CDUS43 KLMK 210626
CLISDF


CLIMATE REPORT
NATIONAL WEATHER SERVICE LOUISVILLE KY
126 AM EST SUN DEC 21 2014


...................................

...THE LOUISVILLE KY CLIMATE SUMMARY FOR DECEMBER 20 2014...

CLIMATE NORMAL PERIOD 1981 TO 2010
CLIMATE RECORD PERIOD 1871 TO 2014


WEATHER ITEM   OBSERVED TIME   RECORD YEAR NORMAL DEPARTURE LAST
                VALUE   (LST)  VALUE       VALUE  FROM      YEAR
                                                  NORMAL
..................................................................
TEMPERATURE (F)
 YESTERDAY
  MAXIMUM         39    324 PM  70    1949  44     -5       64
  MINIMUM         29   1128 PM   0    1901  29      0       52
  AVERAGE         34                        37     -3       58

PRECIPITATION (IN)
  YESTERDAY        T             1.42 1951   0.12  -0.12     0.03
  MONTH TO DATE    2.83                      2.47   0.36     2.15
  SINCE DEC 1      2.83                      2.47   0.36     2.15
  SINCE JAN 1     42.53                     43.55  -1.02    50.32

SNOWFALL (IN)
  YESTERDAY        T             3.7  1942   0.1   -0.1      0.0
  MONTH TO DATE    T                         1.4   -1.4      5.3
  SINCE DEC 1      T                         1.4   -1.4      5.3
  SINCE JUL 1      3.7                       1.6    2.1      5.8
  SNOW DEPTH       0

DEGREE DAYS
 HEATING
  YESTERDAY       31                        28      3        7
  MONTH TO DATE  476                       519    -43      517
  SINCE DEC 1    476                       519    -43      517
  SINCE JUL 1   1362                      1254    108     1347

 COOLING
  YESTERDAY        0                         0      0        0
  MONTH TO DATE    0                         0      0        0
  SINCE DEC 1      0                         0      0        0
  SINCE JAN 1   1626                      1613     13     1628
..................................................................


WIND (MPH)
  HIGHEST WIND SPEED     9   HIGHEST WIND DIRECTION     N (10)
  HIGHEST GUST SPEED    10   HIGHEST GUST DIRECTION     N (20)
  AVERAGE WIND SPEED     4.1


SKY COVER
  POSSIBLE SUNSHINE  MM
  AVERAGE SKY COVER 0.9


WEATHER CONDITIONS
 THE FOLLOWING WEATHER WAS RECORDED YESTERDAY.
  LIGHT SNOW
  FOG
  HAZE


RELATIVE HUMIDITY (PERCENT)
 HIGHEST    78           500 AM
 LOWEST     54           300 PM
 AVERAGE    66

..........................................................


THE LOUISVILLE KY CLIMATE NORMALS FOR TODAY
                         NORMAL    RECORD    YEAR
 MAXIMUM TEMPERATURE (F)   44        70      2013
 MINIMUM TEMPERATURE (F)   29        -9      1989


SUNRISE AND SUNSET
DECEMBER 21 2014......SUNRISE   756 AM EST   SUNSET   526 PM EST
DECEMBER 22 2014......SUNRISE   756 AM EST   SUNSET   527 PM EST


-  INDICATES NEGATIVE NUMBERS.
R  INDICATES RECORD WAS SET OR TIED.
MM INDICATES DATA IS MISSING.
T  INDICATES TRACE AMOUNT.




$$
