000
CDUS46 KSEW 110830
CLISEW


CLIMATE REPORT
NATIONAL WEATHER SERVICE SEATTLE WA
1230 AM PST SUN DEC 11 2016


...................................

...THE SEATTLE WA WFO CLIMATE SUMMARY FOR DECEMBER 10 2016...

CLIMATE NORMAL PERIOD 1981 TO 2010
CLIMATE RECORD PERIOD 1986 TO 2016


WEATHER ITEM   OBSERVED TIME   RECORD YEAR     LAST
                VALUE   (LST)  VALUE           YEAR
....................................................
TEMPERATURE (F)
 YESTERDAY
  MAXIMUM         43        MM  65    2014    54
  MINIMUM         38        MM  19    2009    44
  AVERAGE         41                          49

PRECIPITATION (IN)
  YESTERDAY        0.16          1.45 1992     0.78
  MONTH TO DATE    1.44                        5.83
  SINCE OCT 1     19.45                       16.82
  SINCE JAN 1     42.76                       35.77

SNOWFALL (IN)
  YESTERDAY        0.0                         0.0
  MONTH TO DATE    1.4                         0.0
  SINCE OCT 1      1.4                         0.0
  SINCE JUL 1      1.4                         0.0
  SNOW DEPTH       0

DEGREE DAYS
 HEATING
  YESTERDAY       24                          16
  MONTH TO DATE  254                         158
  SINCE DEC 1    254                         158
  SINCE JUL 1   1065                        1142

 COOLING
  YESTERDAY        0                           0
  MONTH TO DATE    0                           0
  SINCE DEC 1      0                           0
  SINCE JAN 1    260                         430
....................................................


WIND (MPH)
  HIGHEST WIND SPEED    MM   HIGHEST WIND DIRECTION    MM
  HIGHEST GUST SPEED    MM   HIGHEST GUST DIRECTION    MM
  AVERAGE WIND SPEED    MM



WEATHER CONDITIONS
 THE FOLLOWING WEATHER WAS RECORDED YESTERDAY.
  LIGHT RAIN






-  INDICATES NEGATIVE NUMBERS.
R  INDICATES RECORD WAS SET OR TIED.
MM INDICATES DATA IS MISSING.
T  INDICATES TRACE AMOUNT.




$$
