000
CDUS43 KSGF 282226
CLISGF


CLIMATE REPORT
NATIONAL WEATHER SERVICE SPRINGFIELD MO
526 PM CDT TUE MAR 28 2017


...................................

...THE SPRINGFIELD MO CLIMATE SUMMARY FOR MARCH 28 2017...
VALID TODAY AS OF 0500 PM LOCAL TIME.

CLIMATE NORMAL PERIOD 1981 TO 2010
CLIMATE RECORD PERIOD 1888 TO 2017


WEATHER ITEM   OBSERVED TIME   RECORD YEAR NORMAL DEPARTURE LAST
                VALUE   (LST)  VALUE       VALUE  FROM      YEAR
                                                  NORMAL
..................................................................
TEMPERATURE (F)
 TODAY
  MAXIMUM         68    359 PM  86    1963  61      7       65
                                      1895
  MINIMUM         50    643 AM  19    1899  39     11       26
  AVERAGE         59                        50      9       46

PRECIPITATION (IN)
  TODAY            0.00          1.45 1924   0.13  -0.13     0.00
  MONTH TO DATE    4.68                      3.22   1.46     2.10
  SINCE MAR 1      4.68                      3.22   1.46     2.10
  SINCE JAN 1      9.14                      8.21   0.93     3.38

SNOWFALL (IN)
  TODAY            0.0
  MONTH TO DATE    0.1
  SINCE MAR 1      0.1
  SINCE JUL 1      1.8
  SNOW DEPTH       0

DEGREE DAYS
 HEATING
  TODAY            6                        15     -9       19
  MONTH TO DATE  387                       536   -149      375
  SINCE MAR 1    387                       536   -149      375
  SINCE JUL 1   3076                      4129  -1053     3288

 COOLING
  TODAY            0                         0      0        0
  MONTH TO DATE    6                         0      6        2
  SINCE MAR 1      6                         0      6        2
  SINCE JAN 1     15                         0     15        2
..................................................................


WIND (MPH)
  HIGHEST WIND SPEED    16   HIGHEST WIND DIRECTION     E (110)
  HIGHEST GUST SPEED    19   HIGHEST GUST DIRECTION     E (110)


SKY COVER
  AVERAGE SKY COVER 0.9


WEATHER CONDITIONS
 THE FOLLOWING WEATHER WAS RECORDED TODAY.
  FOG


RELATIVE HUMIDITY (PERCENT)
 HIGHEST    96           800 AM
 LOWEST     53           400 PM
 AVERAGE    75

..........................................................


THE SPRINGFIELD MO CLIMATE NORMALS FOR TOMORROW
                         NORMAL    RECORD    YEAR
 MAXIMUM TEMPERATURE (F)   62        85      1963
 MINIMUM TEMPERATURE (F)   39        18      1964


SUNRISE AND SUNSET
MARCH 28 2017.........SUNRISE   705 AM CDT   SUNSET   733 PM CDT
MARCH 29 2017.........SUNRISE   703 AM CDT   SUNSET   734 PM CDT


-  INDICATES NEGATIVE NUMBERS.
R  INDICATES RECORD WAS SET OR TIED.
MM INDICATES DATA IS MISSING.
T  INDICATES TRACE AMOUNT.




$$
