000
CDUS43 KSGF 302226
CLISGF


CLIMATE REPORT
NATIONAL WEATHER SERVICE SPRINGFIELD MO
526 PM CDT SAT MAY 30 2015


...................................

...THE SPRINGFIELD MO CLIMATE SUMMARY FOR MAY 30 2015...
VALID TODAY AS OF 0500 PM LOCAL TIME.

CLIMATE NORMAL PERIOD 1981 TO 2010
CLIMATE RECORD PERIOD 1888 TO 2015


WEATHER ITEM   OBSERVED TIME   RECORD YEAR NORMAL DEPARTURE LAST
                VALUE   (LST)  VALUE       VALUE  FROM      YEAR
                                                  NORMAL
..................................................................
TEMPERATURE (F)
 TODAY
  MAXIMUM         73   1218 PM  94    1934  79     -6       81
  MINIMUM         65    535 AM  38    1984  59      6       64
                                      1889
  AVERAGE         69                        69      0       73

PRECIPITATION (IN)
  TODAY            0.04          2.50 2013   0.15  -0.11     0.08
  MONTH TO DATE    6.23                      4.95   1.28     5.27
  SINCE MAR 1     12.80                     12.89  -0.09     9.68
  SINCE JAN 1     15.40                     17.88  -2.48    11.47

SNOWFALL (IN)
  TODAY            0.0
  MONTH TO DATE    0.0
  SINCE MAR 1      1.2
  SINCE JUL 1     15.8
  SNOW DEPTH       0

DEGREE DAYS
 HEATING
  TODAY            0                         1     -1        0
  MONTH TO DATE   60                        93    -33      112
  SINCE MAR 1    825                       974   -149     1065
  SINCE JUL 1   4532                      4567    -35     5020

 COOLING
  TODAY            4                         5     -1        8
  MONTH TO DATE  122                        84     38      169
  SINCE MAR 1    144                       109     35      183
  SINCE JAN 1    144                       109     35      183
..................................................................


WIND (MPH)
  HIGHEST WIND SPEED    21   HIGHEST WIND DIRECTION    NW (320)
  HIGHEST GUST SPEED    25   HIGHEST GUST DIRECTION    NW (320)


SKY COVER
  AVERAGE SKY COVER 1.0


WEATHER CONDITIONS
 THE FOLLOWING WEATHER WAS RECORDED TODAY.
  LIGHT RAIN
  FOG


RELATIVE HUMIDITY (PERCENT)
 HIGHEST   100           400 AM
 LOWEST     73          1200 PM
 AVERAGE    87

..........................................................


THE SPRINGFIELD MO CLIMATE NORMALS FOR TOMORROW
                         NORMAL    RECORD    YEAR
 MAXIMUM TEMPERATURE (F)   79        95      1934
 MINIMUM TEMPERATURE (F)   59        40      1889


SUNRISE AND SUNSET
MAY 30 2015...........SUNRISE   556 AM CDT   SUNSET   827 PM CDT
MAY 31 2015...........SUNRISE   555 AM CDT   SUNSET   827 PM CDT


-  INDICATES NEGATIVE NUMBERS.
R  INDICATES RECORD WAS SET OR TIED.
MM INDICATES DATA IS MISSING.
T  INDICATES TRACE AMOUNT.




$$
