000
CDUS43 KSGF 230627
CLISGF


CLIMATE REPORT
NATIONAL WEATHER SERVICE SPRINGFIELD MO
126 AM CDT SAT SEP 23 2017


...................................

...THE SPRINGFIELD MO CLIMATE SUMMARY FOR SEPTEMBER 22 2017...

CLIMATE NORMAL PERIOD 1981 TO 2010
CLIMATE RECORD PERIOD 1888 TO 2017


WEATHER ITEM   OBSERVED TIME   RECORD YEAR NORMAL DEPARTURE LAST
                VALUE   (LST)  VALUE       VALUE  FROM      YEAR
                                                  NORMAL
..................................................................
TEMPERATURE (F)
 YESTERDAY
  MAXIMUM         92    232 PM  93    1937  78     14       89
  MINIMUM         70    505 AM  33    1995  55     15       65
  AVERAGE         81                        66     15       77

PRECIPITATION (IN)
  YESTERDAY        0.00          2.80 1893   0.15  -0.15     0.00
  MONTH TO DATE    0.43                      3.41  -2.98     3.70
  SINCE SEP 1      0.43                      3.41  -2.98     3.70
  SINCE JAN 1     43.01                     33.52   9.49    29.32

SNOWFALL (IN)
  YESTERDAY        0.0
  MONTH TO DATE    0.0
  SINCE SEP 1      0.0
  SINCE JUL 1      0.0
  SNOW DEPTH       0

DEGREE DAYS
 HEATING
  YESTERDAY        0                         3     -3        0
  MONTH TO DATE    6                        23    -17        0
  SINCE SEP 1      6                        23    -17        0
  SINCE JUL 1      6                        25    -19        0

 COOLING
  YESTERDAY       16                         4     12       12
  MONTH TO DATE  160                       148     12      231
  SINCE SEP 1    160                       148     12      231
  SINCE JAN 1   1318                      1334    -16     1663
..................................................................


WIND (MPH)
  HIGHEST WIND SPEED    16   HIGHEST WIND DIRECTION     S (180)
  HIGHEST GUST SPEED    22   HIGHEST GUST DIRECTION     S (180)
  AVERAGE WIND SPEED     8.9


SKY COVER
  AVERAGE SKY COVER 0.0


WEATHER CONDITIONS
 THE FOLLOWING WEATHER WAS RECORDED YESTERDAY.
  NO SIGNIFICANT WEATHER WAS OBSERVED.


RELATIVE HUMIDITY (PERCENT)
 HIGHEST    93           400 AM
 LOWEST     44           300 PM
 AVERAGE    69

..........................................................


THE SPRINGFIELD MO CLIMATE NORMALS FOR TODAY
                         NORMAL    RECORD    YEAR
 MAXIMUM TEMPERATURE (F)   77        92      1960
                                             1939
 MINIMUM TEMPERATURE (F)   55        35      1989
                                             1983


SUNRISE AND SUNSET
SEPTEMBER 23 2017.....SUNRISE   702 AM CDT   SUNSET   708 PM CDT
SEPTEMBER 24 2017.....SUNRISE   703 AM CDT   SUNSET   707 PM CDT


-  INDICATES NEGATIVE NUMBERS.
R  INDICATES RECORD WAS SET OR TIED.
MM INDICATES DATA IS MISSING.
T  INDICATES TRACE AMOUNT.




$$
