000
CDUS45 KBYZ 281032
CLISHR


CLIMATE REPORT
NATIONAL WEATHER SERVICE BILLINGS MT
330 AM MST WED JAN 28 2015


...................................

...THE SHERIDAN WY CLIMATE SUMMARY FOR JANUARY 27 2015...

CLIMATE NORMAL PERIOD 1981 TO 2010
CLIMATE RECORD PERIOD 1907 TO 2015


WEATHER ITEM   OBSERVED TIME   RECORD YEAR NORMAL DEPARTURE LAST
                VALUE   (LST)  VALUE       VALUE  FROM      YEAR
                                                  NORMAL
..................................................................
TEMPERATURE (F)
 YESTERDAY
  MAXIMUM         58R   225 PM  58    1988  37     21       16
  MINIMUM         32    647 AM -28    1918  12     20       -1
  AVERAGE         45                        24     21        8

PRECIPITATION (IN)
  YESTERDAY        0.00          0.72        0.02  -0.02      T
  MONTH TO DATE    0.45                      0.48  -0.03     0.59
  SINCE OCT 1      2.84                      3.16  -0.32     4.35
  SINCE JAN 1      0.45                      0.48  -0.03     0.59

DEGREE DAYS
 HEATING
  YESTERDAY       20                        41    -21       57
  MONTH TO DATE 1079                      1116    -37      993
  SINCE DEC 1   2308                      2421   -113     2408
  SINCE JUL 1   4134                      4299   -165     4213

 COOLING
  YESTERDAY        0                         0      0        0
  MONTH TO DATE    0                         0      0        0
  SINCE DEC 1      0                         0      0        0
  SINCE JAN 1      0                         0      0        0
..................................................................


WIND (MPH)
  HIGHEST WIND SPEED    12   HIGHEST WIND DIRECTION     S (190)
  HIGHEST GUST SPEED    12   HIGHEST GUST DIRECTION     S (200)
  AVERAGE WIND SPEED     3.0


SKY COVER
  POSSIBLE SUNSHINE  MM
  AVERAGE SKY COVER 0.0


WEATHER CONDITIONS
 THE FOLLOWING WEATHER WAS RECORDED YESTERDAY.
  NO SIGNIFICANT WEATHER WAS OBSERVED.


RELATIVE HUMIDITY (PERCENT)
 HIGHEST    75           800 PM
 LOWEST     36           200 PM
 AVERAGE    56

..........................................................


THE SHERIDAN WY CLIMATE NORMALS FOR TODAY
                         NORMAL    RECORD    YEAR
 MAXIMUM TEMPERATURE (F)   37        62      1931
 MINIMUM TEMPERATURE (F)   12       -28      1951


SUNRISE AND SUNSET
JANUARY 28 2015.......SUNRISE   732 AM MST   SUNSET   511 PM MST
JANUARY 29 2015.......SUNRISE   731 AM MST   SUNSET   512 PM MST


-  INDICATES NEGATIVE NUMBERS.
R  INDICATES RECORD WAS SET OR TIED.
MM INDICATES DATA IS MISSING.
T  INDICATES TRACE AMOUNT.




$$
