000
CDUS45 KBYZ 182318
CLISHR


CLIMATE REPORT
NATIONAL WEATHER SERVICE BILLINGS MT
418 PM MST SUN FEB 18 2018


...................................

...THE SHERIDAN WY CLIMATE SUMMARY FOR FEBRUARY 18 2018...
VALID TODAY AS OF 0400 PM LOCAL TIME.

CLIMATE NORMAL PERIOD 1981 TO 2010
CLIMATE RECORD PERIOD 1907 TO 2018


WEATHER ITEM   OBSERVED TIME   RECORD YEAR NORMAL DEPARTURE LAST
                VALUE   (LST)  VALUE       VALUE  FROM      YEAR
                                                  NORMAL
..................................................................
TEMPERATURE (F)
 TODAY
  MAXIMUM         29    451 AM  69    1930  40    -11       54
  MINIMUM          7    359 PM -29    1936  15     -8       30
  AVERAGE         18                        27     -9       42

PRECIPITATION (IN)
  TODAY            0.35          0.60 1912   0.02   0.33     0.00
  MONTH TO DATE    1.39                      0.34   1.05     0.43
  SINCE OCT 1      5.01                      3.58   1.43     5.20
  SINCE JAN 1      2.02                      0.90   1.12     1.47

DEGREE DAYS
 HEATING
  TODAY           47                        38      9       23
  MONTH TO DATE  898                       709    189      673
  SINCE DEC 1   3406                      3291    115     3717
  SINCE JUL 1   5196                      5169     27     5194

 COOLING
  TODAY            0                         0      0        0
  MONTH TO DATE    0                         0      0        0
  SINCE DEC 1      0                         0      0        0
  SINCE JAN 1      0                         0      0        0
..................................................................


WIND (MPH)
  HIGHEST WIND SPEED    38   HIGHEST WIND DIRECTION    NW (310)
  HIGHEST GUST SPEED    47   HIGHEST GUST DIRECTION    NW (310)
  AVERAGE WIND SPEED    16.0


SKY COVER
  POSSIBLE SUNSHINE  MM
  AVERAGE SKY COVER 0.9


WEATHER CONDITIONS
 THE FOLLOWING WEATHER WAS RECORDED TODAY.
  SNOW
  LIGHT SNOW
  FOG
  FOG W/VISIBILITY <= 1/4 MILE


RELATIVE HUMIDITY (PERCENT)
 HIGHEST   100           400 AM
 LOWEST     80          1200 PM
 AVERAGE    90

..........................................................


THE SHERIDAN WY CLIMATE NORMALS FOR TOMORROW
                         NORMAL    RECORD    YEAR
 MAXIMUM TEMPERATURE (F)   40        66      1981
 MINIMUM TEMPERATURE (F)   15       -23      1929


SUNRISE AND SUNSET
FEBRUARY 18 2018......SUNRISE   703 AM MST   SUNSET   541 PM MST
FEBRUARY 19 2018......SUNRISE   702 AM MST   SUNSET   542 PM MST


-  INDICATES NEGATIVE NUMBERS.
R  INDICATES RECORD WAS SET OR TIED.
MM INDICATES DATA IS MISSING.
T  INDICATES TRACE AMOUNT.




$$
