000
CDUS45 KBYZ 240936
CLISHR


CLIMATE REPORT
NATIONAL WEATHER SERVICE BILLINGS MT
335 AM MDT FRI MAR 24 2017


...................................

...THE SHERIDAN WY CLIMATE SUMMARY FOR MARCH 23 2017...

CLIMATE NORMAL PERIOD 1981 TO 2010
CLIMATE RECORD PERIOD 1907 TO 2017


WEATHER ITEM   OBSERVED TIME   RECORD YEAR NORMAL DEPARTURE LAST
                VALUE   (LST)  VALUE       VALUE  FROM      YEAR
                                                  NORMAL
..................................................................
TEMPERATURE (F)
 YESTERDAY
  MAXIMUM         46    934 AM  76    2012  51     -5       43
                                      1993
  MINIMUM         37   1157 PM -16    1965  24     13       29
  AVERAGE         42                        38      4       36

PRECIPITATION (IN)
  YESTERDAY        0.67R         0.57 1947   0.04   0.63      T
  MONTH TO DATE    1.51                      0.67   0.84     0.79
  SINCE OCT 1      6.94                      4.45   2.49     4.39
  SINCE JAN 1      3.21                      1.77   1.44     2.24

DEGREE DAYS
 HEATING
  YESTERDAY       23                        28     -5       29
  MONTH TO DATE  571                       714   -143      556
  SINCE MAR 1    571                       714   -143      556
  SINCE JUL 1   6093                      6249   -156     5302

 COOLING
  YESTERDAY        0                         0      0        0
  MONTH TO DATE    0                         0      0        0
  SINCE MAR 1      0                         0      0        0
  SINCE JAN 1      0                         0      0        0
..................................................................


WIND (MPH)
  HIGHEST WIND SPEED    18   HIGHEST WIND DIRECTION    NW (300)
  HIGHEST GUST SPEED    21   HIGHEST GUST DIRECTION    NW (300)
  AVERAGE WIND SPEED     7.0


SKY COVER
  POSSIBLE SUNSHINE  MM
  AVERAGE SKY COVER 0.8


WEATHER CONDITIONS
 THE FOLLOWING WEATHER WAS RECORDED YESTERDAY.
  RAIN
  LIGHT RAIN
  FOG


RELATIVE HUMIDITY (PERCENT)
 HIGHEST    92           100 AM
 LOWEST     70           900 PM
 AVERAGE    81

..........................................................


THE SHERIDAN WY CLIMATE NORMALS FOR TODAY
                         NORMAL    RECORD    YEAR
 MAXIMUM TEMPERATURE (F)   51        77      1993
 MINIMUM TEMPERATURE (F)   24       -19      1965


SUNRISE AND SUNSET
MARCH 24 2017.........SUNRISE   703 AM MDT   SUNSET   726 PM MDT
MARCH 25 2017.........SUNRISE   701 AM MDT   SUNSET   727 PM MDT


-  INDICATES NEGATIVE NUMBERS.
R  INDICATES RECORD WAS SET OR TIED.
MM INDICATES DATA IS MISSING.
T  INDICATES TRACE AMOUNT.




$$
