000
CDUS45 KBYZ 211031
CLISHR


CLIMATE REPORT
NATIONAL WEATHER SERVICE BILLINGS MT
331 AM MST SAT JAN 21 2017


...................................

...THE SHERIDAN WY CLIMATE SUMMARY FOR JANUARY 20 2017...

CLIMATE NORMAL PERIOD 1981 TO 2010
CLIMATE RECORD PERIOD 1907 TO 2017


WEATHER ITEM   OBSERVED TIME   RECORD YEAR NORMAL DEPARTURE LAST
                VALUE   (LST)  VALUE       VALUE  FROM      YEAR
                                                  NORMAL
..................................................................
TEMPERATURE (F)
 YESTERDAY
  MAXIMUM         39    300 PM  61    2009  36      3       36
  MINIMUM         20   1159 PM -28    1985  12      8       11
  AVERAGE         30                        24      6       24

PRECIPITATION (IN)
  YESTERDAY        0.03          0.64 1915   0.02   0.01     0.03
  MONTH TO DATE    0.35                      0.34   0.01     0.37
  SINCE OCT 1      4.08                      3.02   1.06     2.52
  SINCE JAN 1      0.35                      0.34   0.01     0.37

DEGREE DAYS
 HEATING
  YESTERDAY       35                        41     -6       41
  MONTH TO DATE 1081                       829    252      827
  SINCE DEC 1   2609                      2134    475     2040
  SINCE JUL 1   4086                      4012     74     3592

 COOLING
  YESTERDAY        0                         0      0        0
  MONTH TO DATE    0                         0      0        0
  SINCE DEC 1      0                         0      0        0
  SINCE JAN 1      0                         0      0        0
..................................................................


WIND (MPH)
  HIGHEST WIND SPEED    21   HIGHEST WIND DIRECTION     W (270)
  HIGHEST GUST SPEED    23   HIGHEST GUST DIRECTION     W (270)
  AVERAGE WIND SPEED     8.3


SKY COVER
  POSSIBLE SUNSHINE  MM
  AVERAGE SKY COVER 0.8


WEATHER CONDITIONS
 THE FOLLOWING WEATHER WAS RECORDED YESTERDAY.
  NO SIGNIFICANT WEATHER WAS OBSERVED.


RELATIVE HUMIDITY (PERCENT)
 HIGHEST    89           500 AM
 LOWEST     64           100 AM
 AVERAGE    77

..........................................................


THE SHERIDAN WY CLIMATE NORMALS FOR TODAY
                         NORMAL    RECORD    YEAR
 MAXIMUM TEMPERATURE (F)   37        62      1981
 MINIMUM TEMPERATURE (F)   12       -31      1927


SUNRISE AND SUNSET
JANUARY 21 2017.......SUNRISE   737 AM MST   SUNSET   502 PM MST
JANUARY 22 2017.......SUNRISE   737 AM MST   SUNSET   503 PM MST


-  INDICATES NEGATIVE NUMBERS.
R  INDICATES RECORD WAS SET OR TIED.
MM INDICATES DATA IS MISSING.
T  INDICATES TRACE AMOUNT.




$$
