000
CDUS45 KBYZ 280939
CLISHR


CLIMATE REPORT
NATIONAL WEATHER SERVICE BILLINGS MT
337 AM MDT TUE JUL 28 2015


...................................

...THE SHERIDAN WY CLIMATE SUMMARY FOR JULY 27 2015...

CLIMATE NORMAL PERIOD 1981 TO 2010
CLIMATE RECORD PERIOD 1907 TO 2015


WEATHER ITEM   OBSERVED TIME   RECORD YEAR NORMAL DEPARTURE LAST
                VALUE   (LST)  VALUE       VALUE  FROM      YEAR
                                                  NORMAL
..................................................................
TEMPERATURE (F)
 YESTERDAY
  MAXIMUM         82    332 PM 103    1931  89     -7       88
  MINIMUM         51   1159 PM  45    2014  54     -3       45
                                      1911
  AVERAGE         67                        72     -5       67

PRECIPITATION (IN)
  YESTERDAY        0.15          1.00 1943   0.04   0.11     0.00
  MONTH TO DATE    0.84                      1.05  -0.21     1.01
  SINCE OCT 1     15.26                     11.88   3.38    13.78
  SINCE JAN 1     12.87                      9.20   3.67    10.02

DEGREE DAYS
 HEATING
  YESTERDAY        0                         0      0        0
  MONTH TO DATE   15                        24     -9        9
  SINCE JUN 1     59                       173   -114      191
  SINCE JUL 1     15                        24     -9        9

 COOLING
  YESTERDAY        2                         7     -5        2
  MONTH TO DATE  134                       156    -22      158
  SINCE JUN 1    213                       202     11      166
  SINCE JAN 1    213                       206      7      174
..................................................................


WIND (MPH)
  HIGHEST WIND SPEED    47   HIGHEST WIND DIRECTION    NW (320)
  HIGHEST GUST SPEED    58   HIGHEST GUST DIRECTION    NW (310)
  AVERAGE WIND SPEED    14.4


SKY COVER
  POSSIBLE SUNSHINE  MM
  AVERAGE SKY COVER 0.1


WEATHER CONDITIONS
 THE FOLLOWING WEATHER WAS RECORDED YESTERDAY.
  THUNDERSTORM
  HEAVY RAIN
  LIGHT RAIN
  FOG


RELATIVE HUMIDITY (PERCENT)
 HIGHEST    83           800 PM
 LOWEST     39           100 PM
 AVERAGE    61

..........................................................


THE SHERIDAN WY CLIMATE NORMALS FOR TODAY
                         NORMAL    RECORD    YEAR
 MAXIMUM TEMPERATURE (F)   89       105      1935
 MINIMUM TEMPERATURE (F)   54        38      1911


SUNRISE AND SUNSET
JULY 28 2015..........SUNRISE   549 AM MDT   SUNSET   839 PM MDT
JULY 29 2015..........SUNRISE   550 AM MDT   SUNSET   838 PM MDT


-  INDICATES NEGATIVE NUMBERS.
R  INDICATES RECORD WAS SET OR TIED.
MM INDICATES DATA IS MISSING.
T  INDICATES TRACE AMOUNT.




$$
