000
CDUS45 KBYZ 022232
CLISHR


CLIMATE REPORT
NATIONAL WEATHER SERVICE BILLINGS MT
431 PM MDT MON MAY 2 2016


...................................

...THE SHERIDAN WY CLIMATE SUMMARY FOR MAY 2 2016...
VALID TODAY AS OF 0400 PM LOCAL TIME.

CLIMATE NORMAL PERIOD 1981 TO 2010
CLIMATE RECORD PERIOD 1907 TO 2016


WEATHER ITEM   OBSERVED TIME   RECORD YEAR NORMAL DEPARTURE LAST
                VALUE   (LST)  VALUE       VALUE  FROM      YEAR
                                                  NORMAL
..................................................................
TEMPERATURE (F)
 TODAY
  MAXIMUM         67    328 PM  88    1947  63      4       76
  MINIMUM         31    441 AM  14    1954  34     -3       40
  AVERAGE         49                        48      1       58

PRECIPITATION (IN)
  TODAY            0.00          0.93 1915   0.08  -0.08     0.00
  MONTH TO DATE    0.00                      0.15  -0.15     0.00
  SINCE OCT 1      8.55                      6.51   2.04     5.95
  SINCE JAN 1      6.40                      3.83   2.57     3.56

DEGREE DAYS
 HEATING
  TODAY           16                        17     -1        7
  MONTH TO DATE   34                        34      0       20
  SINCE MAR 1   1351                      1600   -249     1339
  SINCE JUL 1   6097                      7135  -1038     6569

 COOLING
  TODAY            0                         0      0        0
  MONTH TO DATE    0                         0      0        0
  SINCE MAR 1      0                         0      0        0
  SINCE JAN 1      0                         0      0        0
..................................................................


WIND (MPH)
  HIGHEST WIND SPEED    23   HIGHEST WIND DIRECTION    NW (330)
  HIGHEST GUST SPEED    26   HIGHEST GUST DIRECTION    NW (320)
  AVERAGE WIND SPEED     5.3


SKY COVER
  POSSIBLE SUNSHINE  MM
  AVERAGE SKY COVER 0.0


WEATHER CONDITIONS
 THE FOLLOWING WEATHER WAS RECORDED TODAY.
  NO SIGNIFICANT WEATHER WAS OBSERVED.


RELATIVE HUMIDITY (PERCENT)
 HIGHEST    82          1200 AM
 LOWEST     29           300 PM
 AVERAGE    56

..........................................................


THE SHERIDAN WY CLIMATE NORMALS FOR TOMORROW
                         NORMAL    RECORD    YEAR
 MAXIMUM TEMPERATURE (F)   63        87      1986
 MINIMUM TEMPERATURE (F)   34        13      1954


SUNRISE AND SUNSET
MAY  2 2016...........SUNRISE   555 AM MDT   SUNSET   815 PM MDT
MAY  3 2016...........SUNRISE   554 AM MDT   SUNSET   816 PM MDT


-  INDICATES NEGATIVE NUMBERS.
R  INDICATES RECORD WAS SET OR TIED.
MM INDICATES DATA IS MISSING.
T  INDICATES TRACE AMOUNT.




$$
