000
CDUS45 KBYZ 230933
CLISHR


CLIMATE REPORT
NATIONAL WEATHER SERVICE BILLINGS MT
332 AM MDT SAT MAY 23 2015


...................................

...THE SHERIDAN WY CLIMATE SUMMARY FOR MAY 22 2015...

CLIMATE NORMAL PERIOD 1981 TO 2010
CLIMATE RECORD PERIOD 1907 TO 2015


WEATHER ITEM   OBSERVED TIME   RECORD YEAR NORMAL DEPARTURE LAST
                VALUE   (LST)  VALUE       VALUE  FROM      YEAR
                                                  NORMAL
..................................................................
TEMPERATURE (F)
 YESTERDAY
  MAXIMUM         65    121 PM  91    2006  68     -3       79
  MINIMUM         40    447 AM  28    1915  40      0       42
  AVERAGE         53                        54     -1       61

PRECIPITATION (IN)
  YESTERDAY        0.00          1.76        0.07  -0.07     0.00
  MONTH TO DATE    2.55                      1.67   0.88     1.58
  SINCE OCT 1      8.50                      8.03   0.47    10.42
  SINCE JAN 1      6.11                      5.35   0.76     6.66

DEGREE DAYS
 HEATING
  YESTERDAY       12                        11      1        4
  MONTH TO DATE  357                       306     51      340
  SINCE MAR 1   1676                      1872   -196     1957
  SINCE JUL 1   6906                      7407   -501     7707

 COOLING
  YESTERDAY        0                         0      0        0
  MONTH TO DATE    0                         0      0        0
  SINCE MAR 1      0                         0      0        0
  SINCE JAN 1      0                         0      0        0
..................................................................


WIND (MPH)
  HIGHEST WIND SPEED    28   HIGHEST WIND DIRECTION    SE (130)
  HIGHEST GUST SPEED    38   HIGHEST GUST DIRECTION    SE (120)
  AVERAGE WIND SPEED    14.2


SKY COVER
  POSSIBLE SUNSHINE  MM
  AVERAGE SKY COVER 0.4


WEATHER CONDITIONS
 THE FOLLOWING WEATHER WAS RECORDED YESTERDAY.
  NO SIGNIFICANT WEATHER WAS OBSERVED.


RELATIVE HUMIDITY (PERCENT)
 HIGHEST    93           500 AM
 LOWEST     48           100 PM
 AVERAGE    71

..........................................................


THE SHERIDAN WY CLIMATE NORMALS FOR TODAY
                         NORMAL    RECORD    YEAR
 MAXIMUM TEMPERATURE (F)   69        88      1951
 MINIMUM TEMPERATURE (F)   40        27      1966


SUNRISE AND SUNSET
MAY 23 2015...........SUNRISE   532 AM MDT   SUNSET   838 PM MDT
MAY 24 2015...........SUNRISE   531 AM MDT   SUNSET   839 PM MDT


-  INDICATES NEGATIVE NUMBERS.
R  INDICATES RECORD WAS SET OR TIED.
MM INDICATES DATA IS MISSING.
T  INDICATES TRACE AMOUNT.




$$
