000
CDUS45 KBYZ 270937
CLISHR


CLIMATE REPORT
NATIONAL WEATHER SERVICE BILLINGS MT
331 AM MDT THU AUG 27 2015


...................................

...THE SHERIDAN WY CLIMATE SUMMARY FOR AUGUST 26 2015...

CLIMATE NORMAL PERIOD 1981 TO 2010
CLIMATE RECORD PERIOD 1907 TO 2015


WEATHER ITEM   OBSERVED TIME   RECORD YEAR NORMAL DEPARTURE LAST
                VALUE   (LST)  VALUE       VALUE  FROM      YEAR
                                                  NORMAL
..................................................................
TEMPERATURE (F)
 YESTERDAY
  MAXIMUM         90    147 PM 102    1926  84      6       80
  MINIMUM         55    529 AM  30    1910  49      6       45
  AVERAGE         73                        66      7       63

PRECIPITATION (IN)
  YESTERDAY        T             0.39 1957   0.02  -0.02     0.00
  MONTH TO DATE    0.56                      0.58  -0.02     0.89
  SINCE OCT 1     15.82                     12.59   3.23    14.67
  SINCE JAN 1     13.43                      9.91   3.52    10.91

DEGREE DAYS
 HEATING
  YESTERDAY        0                         2     -2        2
  MONTH TO DATE   44                        23     21       34
  SINCE JUN 1    108                       198    -90      225
  SINCE JUL 1     64                        49     15       43

 COOLING
  YESTERDAY        8                         3      5        0
  MONTH TO DATE  143                       144     -1      123
  SINCE JUN 1    369                       372     -3      306
  SINCE JAN 1    369                       376     -7      314
..................................................................


WIND (MPH)
  HIGHEST WIND SPEED    21   HIGHEST WIND DIRECTION     W (280)
  HIGHEST GUST SPEED    26   HIGHEST GUST DIRECTION     W (280)
  AVERAGE WIND SPEED     8.3


SKY COVER
  POSSIBLE SUNSHINE  MM
  AVERAGE SKY COVER 0.1


WEATHER CONDITIONS
 THE FOLLOWING WEATHER WAS RECORDED YESTERDAY.
  NO SIGNIFICANT WEATHER WAS OBSERVED.


RELATIVE HUMIDITY (PERCENT)
 HIGHEST    67           600 AM
 LOWEST     17           200 PM
 AVERAGE    42

..........................................................


THE SHERIDAN WY CLIMATE NORMALS FOR TODAY
                         NORMAL    RECORD    YEAR
 MAXIMUM TEMPERATURE (F)   84        99      1937
 MINIMUM TEMPERATURE (F)   49        35      1976


SUNRISE AND SUNSET
AUGUST 27 2015........SUNRISE   624 AM MDT   SUNSET   754 PM MDT
AUGUST 28 2015........SUNRISE   625 AM MDT   SUNSET   752 PM MDT


-  INDICATES NEGATIVE NUMBERS.
R  INDICATES RECORD WAS SET OR TIED.
MM INDICATES DATA IS MISSING.
T  INDICATES TRACE AMOUNT.




$$
