000
CDUS44 KSHV 172132
CLISHV


CLIMATE REPORT
NATIONAL WEATHER SERVICE SHREVEPORT, LA
431 PM CDT TUE OCT 17 2017


...................................

...THE SHREVEPORT CLIMATE SUMMARY FOR OCTOBER 17 2017...
VALID TODAY AS OF 0400 PM LOCAL TIME.

CLIMATE NORMAL PERIOD 1981 TO 2010
CLIMATE RECORD PERIOD 1874 TO 2017


WEATHER ITEM   OBSERVED TIME   RECORD YEAR NORMAL DEPARTURE LAST
                VALUE   (LST)  VALUE       VALUE  FROM      YEAR
                                                  NORMAL
..................................................................
TEMPERATURE (F)
 TODAY
  MAXIMUM         75    259 PM  93    1972  78     -3       89
  MINIMUM         45    552 AM  34    1977  54     -9       70
  AVERAGE         60                        66     -6       80

PRECIPITATION (IN)
  TODAY            0.00          2.82 1937   0.17  -0.17     0.00
  MONTH TO DATE    0.03                      2.52  -2.49     0.81
  SINCE DEC 1     33.27                     44.44 -11.17    54.23
  SINCE JAN 1     30.13                     39.67  -9.54    51.34

SNOWFALL (IN)
  TODAY            0.0
  MONTH TO DATE    0.0
  SINCE SEP 1      0.0
  SINCE JUL 1      0.0
  SNOW DEPTH       0

DEGREE DAYS
 HEATING
  TODAY            5                         3      2        0
  MONTH TO DATE    6                        26    -20        0
  SINCE SEP 1      6                        32    -26        0
  SINCE JUL 1      6                        32    -26        0

 COOLING
  TODAY            0                         4     -4       15
  MONTH TO DATE  169                        89     80      158
  SINCE SEP 1    545                       452     93      639
  SINCE JAN 1   2652                      2414    238     2880
..................................................................


WIND (MPH)
  HIGHEST WIND SPEED    10   HIGHEST WIND DIRECTION    NE (30)
  HIGHEST GUST SPEED    14   HIGHEST GUST DIRECTION    NE (60)
  AVERAGE WIND SPEED     6.2


SKY COVER
  POSSIBLE SUNSHINE  MM
  AVERAGE SKY COVER 0.0


WEATHER CONDITIONS
 THE FOLLOWING WEATHER WAS RECORDED TODAY.
  HAZE


RELATIVE HUMIDITY (PERCENT)
 HIGHEST    82           600 AM
 LOWEST     27           300 PM
 AVERAGE    55

..........................................................


THE SHREVEPORT CLIMATE NORMALS FOR TOMORROW
                         NORMAL    RECORD    YEAR
 MAXIMUM TEMPERATURE (F)   78        91      2016
                                             2007
                                             2006
 MINIMUM TEMPERATURE (F)   54        37      1978
                                             1976
                                             1948


SUNRISE AND SUNSET
OCTOBER 17 2017.......SUNRISE   721 AM CDT   SUNSET   640 PM CDT
OCTOBER 18 2017.......SUNRISE   722 AM CDT   SUNSET   639 PM CDT


-  INDICATES NEGATIVE NUMBERS.
R  INDICATES RECORD WAS SET OR TIED.
MM INDICATES DATA IS MISSING.
T  INDICATES TRACE AMOUNT.




$$
