000
CDUS44 KSHV 100914
CLISHV


CLIMATE REPORT
NATIONAL WEATHER SERVICE SHREVEPORT, LA
250 AM CST SAT DEC 10 2016


...................................

...THE SHREVEPORT CLIMATE SUMMARY FOR DECEMBER 9 2016...

CLIMATE NORMAL PERIOD 1981 TO 2010
CLIMATE RECORD PERIOD 1874 TO 2016


WEATHER ITEM   OBSERVED TIME   RECORD YEAR NORMAL DEPARTURE LAST
                VALUE   (LST)  VALUE       VALUE  FROM      YEAR
                                                  NORMAL
..................................................................
TEMPERATURE (F)
 YESTERDAY
  MAXIMUM         47    302 PM  80    2007  60    -13       75
                                      1971
  MINIMUM         29    558 AM  18    1917  39    -10       46
  AVERAGE         38                        49    -11       61

PRECIPITATION (IN)
  YESTERDAY        0.00          2.30 1961   0.16  -0.16     0.00
  MONTH TO DATE    2.62                      1.46   1.16     0.00
  SINCE DEC 1      2.62                      1.46   1.16     0.00
  SINCE JAN 1     58.49                     48.10  10.39    62.37

SNOWFALL (IN)
  YESTERDAY        0.0
  MONTH TO DATE    0.0
  SINCE DEC 1      0.0
  SINCE JUL 1      0.0
  SNOW DEPTH       0

DEGREE DAYS
 HEATING
  YESTERDAY       27                        16     11        4
  MONTH TO DATE  155                       137     18      118
  SINCE DEC 1    155                       137     18      118
  SINCE JUL 1    309                       508   -199      295

 COOLING
  YESTERDAY        0                         0      0        0
  MONTH TO DATE    0                         0      0        0
  SINCE DEC 1      0                         0      0        0
  SINCE JAN 1   3009                      2474    535     2996
..................................................................


WIND (MPH)
  HIGHEST WIND SPEED    16   HIGHEST WIND DIRECTION    NE (60)
  HIGHEST GUST SPEED    19   HIGHEST GUST DIRECTION    NE (60)
  AVERAGE WIND SPEED     7.3


SKY COVER
  POSSIBLE SUNSHINE  MM
  AVERAGE SKY COVER 0.3


WEATHER CONDITIONS
 THE FOLLOWING WEATHER WAS RECORDED YESTERDAY.
  NO SIGNIFICANT WEATHER WAS OBSERVED.


RELATIVE HUMIDITY (PERCENT)
 HIGHEST    69          1200 AM
 LOWEST     31           300 PM
 AVERAGE    50

..........................................................


THE SHREVEPORT CLIMATE NORMALS FOR TODAY
                         NORMAL    RECORD    YEAR
 MAXIMUM TEMPERATURE (F)   59        78      1939
 MINIMUM TEMPERATURE (F)   38        17      1978


SUNRISE AND SUNSET
DECEMBER 10 2016......SUNRISE   706 AM CST   SUNSET   510 PM CST
DECEMBER 11 2016......SUNRISE   707 AM CST   SUNSET   510 PM CST


-  INDICATES NEGATIVE NUMBERS.
R  INDICATES RECORD WAS SET OR TIED.
MM INDICATES DATA IS MISSING.
T  INDICATES TRACE AMOUNT.




$$
