000
CDUS44 KSHV 232136
CLISHV


CLIMATE REPORT
NATIONAL WEATHER SERVICE SHREVEPORT, LA
435 PM CDT TUE SEP 23 2014


...................................

...THE SHREVEPORT CLIMATE SUMMARY FOR SEPTEMBER 23 2014...
VALID TODAY AS OF 0400 PM LOCAL TIME.

CLIMATE NORMAL PERIOD 1981 TO 2010
CLIMATE RECORD PERIOD 1874 TO 2014


WEATHER ITEM   OBSERVED TIME   RECORD YEAR NORMAL DEPARTURE LAST
                VALUE   (LST)  VALUE       VALUE  FROM      YEAR
                                                  NORMAL
..................................................................
TEMPERATURE (F)
 TODAY
  MAXIMUM         85    252 PM  99    2000  86     -1       87
  MINIMUM         58    624 AM  45    1994  63     -5       57
                                      1982
  AVERAGE         72                        74     -2       72

PRECIPITATION (IN)
  TODAY            0.00          2.11 1997   0.10  -0.10     0.00
  MONTH TO DATE    1.21                      2.32  -1.11     4.66
  SINCE DEC 1     32.18                     41.08  -8.90    37.28
  SINCE JAN 1     27.20                     36.31  -9.11    31.62

DEGREE DAYS
 HEATING
  TODAY            0                         0      0        0
  MONTH TO DATE    0                         0      0        0
  SINCE SEP 1      0                         0      0        0
  SINCE JUL 1      0                         0      0        0

 COOLING
  TODAY            7                        10     -3        7
  MONTH TO DATE  362                       304     58      422
  SINCE SEP 1    362                       304     58      422
  SINCE JAN 1   2254                      2266    -12     2467
..................................................................


WIND (MPH)
  HIGHEST WIND SPEED    13   HIGHEST WIND DIRECTION     E (100)
  HIGHEST GUST SPEED    17   HIGHEST GUST DIRECTION     E (90)
  AVERAGE WIND SPEED     7.2


SKY COVER
  POSSIBLE SUNSHINE  MM
  AVERAGE SKY COVER 0.4


WEATHER CONDITIONS
 THE FOLLOWING WEATHER WAS RECORDED TODAY.
  NO SIGNIFICANT WEATHER WAS OBSERVED.


RELATIVE HUMIDITY (PERCENT)
 HIGHEST    78           700 AM
 LOWEST     30           200 PM
 AVERAGE    54

..........................................................


THE SHREVEPORT CLIMATE NORMALS FOR TOMORROW
                         NORMAL    RECORD    YEAR
 MAXIMUM TEMPERATURE (F)   86        98      1931
                                             1907
 MINIMUM TEMPERATURE (F)   63        46      1990


SUNRISE AND SUNSET
SEPTEMBER 23 2014.....SUNRISE   704 AM CDT   SUNSET   711 PM CDT
SEPTEMBER 24 2014.....SUNRISE   705 AM CDT   SUNSET   709 PM CDT


-  INDICATES NEGATIVE NUMBERS.
R  INDICATES RECORD WAS SET OR TIED.
MM INDICATES DATA IS MISSING.
T  INDICATES TRACE AMOUNT.




$$
