000
CDUS44 KSHV 230847
CLISHV


CLIMATE REPORT
NATIONAL WEATHER SERVICE SHREVEPORT, LA
343 AM CDT SAT AUG 23 2014


...................................

...THE SHREVEPORT CLIMATE SUMMARY FOR AUGUST 22 2014...

CLIMATE NORMAL PERIOD 1981 TO 2010
CLIMATE RECORD PERIOD 1874 TO 2014


WEATHER ITEM   OBSERVED TIME   RECORD YEAR NORMAL DEPARTURE LAST
                VALUE   (LST)  VALUE       VALUE  FROM      YEAR
                                                  NORMAL
..................................................................
TEMPERATURE (F)
 YESTERDAY
  MAXIMUM         96    444 PM 104    2011  94      2       99
                                      2005
  MINIMUM         76    514 AM  57    1949  72      4       73
  AVERAGE         86                        83      3       86

PRECIPITATION (IN)
  YESTERDAY        0.00          1.95 1997   0.09  -0.09     0.00
  MONTH TO DATE    0.18                      2.00  -1.82     0.18
  SINCE DEC 1     30.59                     38.03  -7.44    32.62
  SINCE JAN 1     25.61                     33.26  -7.65    26.96

SNOWFALL (IN)
  YESTERDAY        0.0
  MONTH TO DATE    0.0
  SINCE JUN 1      0.0
  SINCE JUL 1      0.0
  SNOW DEPTH       0

DEGREE DAYS
 HEATING
  YESTERDAY        0                         0      0        0
  MONTH TO DATE    0                         0      0        0
  SINCE JUN 1      0                         0      0        0
  SINCE JUL 1      0                         0      0        0

 COOLING
  YESTERDAY       21                        18      3       21
  MONTH TO DATE  392                       409    -17      439
  SINCE JUN 1   1347                      1412    -65     1468
  SINCE JAN 1   1717                      1810    -93     1855
..................................................................


WIND (MPH)
  HIGHEST WIND SPEED    14   HIGHEST WIND DIRECTION    SW (240)
  HIGHEST GUST SPEED    18   HIGHEST GUST DIRECTION    SW (240)
  AVERAGE WIND SPEED     6.3


SKY COVER
  POSSIBLE SUNSHINE  MM
  AVERAGE SKY COVER 0.2


WEATHER CONDITIONS
 THE FOLLOWING WEATHER WAS RECORDED YESTERDAY.
  NO SIGNIFICANT WEATHER WAS OBSERVED.


RELATIVE HUMIDITY (PERCENT)
 HIGHEST    94           100 AM
 LOWEST     38           400 PM
 AVERAGE    66

..........................................................


THE SHREVEPORT CLIMATE NORMALS FOR TODAY
                         NORMAL    RECORD    YEAR
 MAXIMUM TEMPERATURE (F)   94       106      2011
 MINIMUM TEMPERATURE (F)   72        58      1949


SUNRISE AND SUNSET
AUGUST 23 2014........SUNRISE   644 AM CDT   SUNSET   751 PM CDT
AUGUST 24 2014........SUNRISE   645 AM CDT   SUNSET   750 PM CDT


-  INDICATES NEGATIVE NUMBERS.
R  INDICATES RECORD WAS SET OR TIED.
MM INDICATES DATA IS MISSING.
T  INDICATES TRACE AMOUNT.




$$
