000
CDUS44 KSHV 222132
CLISHV


CLIMATE REPORT
NATIONAL WEATHER SERVICE SHREVEPORT, LA
431 PM CDT MON MAY 22 2017


...................................

...THE SHREVEPORT CLIMATE SUMMARY FOR MAY 22 2017...
VALID TODAY AS OF 0400 PM LOCAL TIME.

CLIMATE NORMAL PERIOD 1981 TO 2010
CLIMATE RECORD PERIOD 1874 TO 2017


WEATHER ITEM   OBSERVED TIME   RECORD YEAR NORMAL DEPARTURE LAST
                VALUE   (LST)  VALUE       VALUE  FROM      YEAR
                                                  NORMAL
..................................................................
TEMPERATURE (F)
 TODAY
  MAXIMUM         66    119 AM  96    1875  85    -19       87
  MINIMUM         62    249 PM  46    1892  64     -2       67
  AVERAGE         64                        75    -11       77

PRECIPITATION (IN)
  TODAY            1.01          5.79 1884   0.16   0.85     0.00
  MONTH TO DATE    4.05                      3.50   0.55     1.48
  SINCE DEC 1     17.04                     25.55  -8.51    35.52
  SINCE JAN 1     13.90                     20.78  -6.88    32.63

DEGREE DAYS
 HEATING
  TODAY            1                         0      1        0
  MONTH TO DATE    5                         5      0        2
  SINCE MAR 1    169                       342   -173      148
  SINCE JUL 1   1200                      2224  -1024     1451

 COOLING
  TODAY            0                        10    -10       12
  MONTH TO DATE  131                       164    -33      146
  SINCE MAR 1    387                       289     98      327
  SINCE JAN 1    457                       299    158      345
..................................................................


WIND (MPH)
  HIGHEST WIND SPEED    13   HIGHEST WIND DIRECTION     E (90)
  HIGHEST GUST SPEED    16   HIGHEST GUST DIRECTION     E (100)
  AVERAGE WIND SPEED     7.4


SKY COVER
  POSSIBLE SUNSHINE  MM
  AVERAGE SKY COVER 1.0


WEATHER CONDITIONS
 THE FOLLOWING WEATHER WAS RECORDED TODAY.
  RAIN
  LIGHT RAIN
  FOG


RELATIVE HUMIDITY (PERCENT)
 HIGHEST   100           600 AM
 LOWEST     93          1200 AM
 AVERAGE    97

..........................................................


THE SHREVEPORT CLIMATE NORMALS FOR TOMORROW
                         NORMAL    RECORD    YEAR
 MAXIMUM TEMPERATURE (F)   86        97      1886
 MINIMUM TEMPERATURE (F)   65        48      1963


SUNRISE AND SUNSET
MAY 22 2017...........SUNRISE   613 AM CDT   SUNSET   812 PM CDT
MAY 23 2017...........SUNRISE   612 AM CDT   SUNSET   812 PM CDT


-  INDICATES NEGATIVE NUMBERS.
R  INDICATES RECORD WAS SET OR TIED.
MM INDICATES DATA IS MISSING.
T  INDICATES TRACE AMOUNT.




$$
