000
CDUS44 KSHV 232254
CLISHV


CLIMATE REPORT
NATIONAL WEATHER SERVICE SHREVEPORT, LA
454 PM CST THU FEB 23 2017


...................................

...THE SHREVEPORT CLIMATE SUMMARY FOR FEBRUARY 23 2017...
VALID TODAY AS OF 0400 PM LOCAL TIME.

CLIMATE NORMAL PERIOD 1981 TO 2010
CLIMATE RECORD PERIOD 1874 TO 2017


WEATHER ITEM   OBSERVED TIME   RECORD YEAR NORMAL DEPARTURE LAST
                VALUE   (LST)  VALUE       VALUE  FROM      YEAR
                                                  NORMAL
..................................................................
TEMPERATURE (F)
 TODAY
  MAXIMUM         83    332 PM  87    2012  64     19       55
  MINIMUM         53    706 AM  21    1901  42     11       42
  AVERAGE         68                        52     16       49

PRECIPITATION (IN)
  TODAY            0.00          1.47 1885   0.17  -0.17     0.71
  MONTH TO DATE    1.37                      3.95  -2.58     2.15
  SINCE DEC 1      7.07                     12.92  -5.85     7.91
  SINCE JAN 1      3.93                      8.15  -4.22     5.02

SNOWFALL (IN)
  TODAY            0.0
  MONTH TO DATE    0.0
  SINCE DEC 1      0.0
  SINCE JUL 1      0.0
  SNOW DEPTH       0

DEGREE DAYS
 HEATING
  TODAY            0                        13    -13       16
  MONTH TO DATE  134                       349   -215      232
  SINCE DEC 1    852                      1450   -598     1059
  SINCE JUL 1   1006                      1821   -815     1236

 COOLING
  TODAY            3                         0      3        0
  MONTH TO DATE   36                         0     36       12
  SINCE DEC 1     83                        11     72       54
  SINCE JAN 1     58                         4     54       18
..................................................................


WIND (MPH)
  HIGHEST WIND SPEED    22   HIGHEST WIND DIRECTION     S (180)
  HIGHEST GUST SPEED    27   HIGHEST GUST DIRECTION     S (170)
  AVERAGE WIND SPEED    10.0


SKY COVER
  POSSIBLE SUNSHINE  MM
  AVERAGE SKY COVER 0.0


WEATHER CONDITIONS
 THE FOLLOWING WEATHER WAS RECORDED TODAY.
  FOG


RELATIVE HUMIDITY (PERCENT)
 HIGHEST   100           700 AM
 LOWEST     39           100 PM
 AVERAGE    70

..........................................................


THE SHREVEPORT CLIMATE NORMALS FOR TOMORROW
                         NORMAL    RECORD    YEAR
 MAXIMUM TEMPERATURE (F)   64        85      1918
 MINIMUM TEMPERATURE (F)   42        21      1965


SUNRISE AND SUNSET
FEBRUARY 23 2017......SUNRISE   649 AM CST   SUNSET   608 PM CST
FEBRUARY 24 2017......SUNRISE   648 AM CST   SUNSET   609 PM CST


-  INDICATES NEGATIVE NUMBERS.
R  INDICATES RECORD WAS SET OR TIED.
MM INDICATES DATA IS MISSING.
T  INDICATES TRACE AMOUNT.




$$
