000
CDUS44 KSHV 302137
CLISHV


CLIMATE REPORT
NATIONAL WEATHER SERVICE SHREVEPORT, LA
435 PM CDT SAT MAY 30 2015


...................................

...THE SHREVEPORT CLIMATE SUMMARY FOR MAY 30 2015...
VALID TODAY AS OF 0400 PM LOCAL TIME.

CLIMATE NORMAL PERIOD 1981 TO 2010
CLIMATE RECORD PERIOD 1874 TO 2015


WEATHER ITEM   OBSERVED TIME   RECORD YEAR NORMAL DEPARTURE LAST
                VALUE   (LST)  VALUE       VALUE  FROM      YEAR
                                                  NORMAL
..................................................................
TEMPERATURE (F)
 TODAY
  MAXIMUM         79    255 PM 100    1886  87     -8       84
  MINIMUM         67   1008 AM  49    1984  66      1       69
  AVERAGE         73                        77     -4       77

PRECIPITATION (IN)
  TODAY            0.54          3.30 1990   0.15   0.39     1.10
  MONTH TO DATE   10.53                      4.78   5.75     6.46
  SINCE DEC 1     39.48                     26.83  12.65    22.99
  SINCE JAN 1     35.73                     22.06  13.67    18.01

DEGREE DAYS
 HEATING
  TODAY            0                         0      0        0
  MONTH TO DATE    0                         5     -5       24
  SINCE MAR 1    291                       342    -51      456
  SINCE JUL 1   2291                      2224     67     2567

 COOLING
  TODAY            8                        12     -4       12
  MONTH TO DATE  294                       251     43      234
  SINCE MAR 1    461                       376     85      349
  SINCE JAN 1    461                       386     75      355
..................................................................


WIND (MPH)
  HIGHEST WIND SPEED    35   HIGHEST WIND DIRECTION     W (270)
  HIGHEST GUST SPEED    44   HIGHEST GUST DIRECTION     W (260)
  AVERAGE WIND SPEED     5.9


SKY COVER
  POSSIBLE SUNSHINE  MM
  AVERAGE SKY COVER 0.8


WEATHER CONDITIONS
 THE FOLLOWING WEATHER WAS RECORDED TODAY.
  THUNDERSTORM
  HEAVY RAIN
  LIGHT RAIN
  FOG
  FOG W/VISIBILITY <= 1/4 MILE


RELATIVE HUMIDITY (PERCENT)
 HIGHEST    97          1100 AM
 LOWEST     71           200 PM
 AVERAGE    84

..........................................................


THE SHREVEPORT CLIMATE NORMALS FOR TOMORROW
                         NORMAL    RECORD    YEAR
 MAXIMUM TEMPERATURE (F)   87       102      1998
 MINIMUM TEMPERATURE (F)   67        47      1984


SUNRISE AND SUNSET
MAY 30 2015...........SUNRISE   610 AM CDT   SUNSET   816 PM CDT
MAY 31 2015...........SUNRISE   609 AM CDT   SUNSET   817 PM CDT


-  INDICATES NEGATIVE NUMBERS.
R  INDICATES RECORD WAS SET OR TIED.
MM INDICATES DATA IS MISSING.
T  INDICATES TRACE AMOUNT.




$$
