990
CDUS46 KMFR 270835
CLISIY


CLIMATE REPORT
NATIONAL WEATHER SERVICE MEDFORD, OR
135 AM PDT TUE SEP 27 2016


...................................

...THE MONTAGUE CA CLIMATE SUMMARY FOR SEPTEMBER 26 2016...

CLIMATE NORMAL PERIOD 1981 TO 2010
CLIMATE RECORD PERIOD 1948 TO 2016


WEATHER ITEM   OBSERVED TIME   RECORD YEAR NORMAL DEPARTURE LAST
                VALUE   (LST)  VALUE       VALUE  FROM      YEAR
                                                  NORMAL
..................................................................
TEMPERATURE (F)
 YESTERDAY
  MAXIMUM         94    404 PM  98    1994  78     16       84
  MINIMUM         43    627 AM  31    1948  40      3       49
  AVERAGE         69                        59     10       67

PRECIPITATION (IN)
  YESTERDAY        0.00          0.18 1972   0.03  -0.03     0.00
  MONTH TO DATE    0.18                      0.51  -0.33      T
  SINCE OCT 1     15.32                     18.34  -3.02    13.13
  SINCE JAN 1     10.23                     11.51  -1.28     7.22

SNOWFALL (IN)
  YESTERDAY       MM                        MM     MM       MM
  MONTH TO DATE   MM                        MM     MM       MM
  SINCE JUL 1     MM                        MM     MM       MM
  SNOW DEPTH      MM

DEGREE DAYS
 HEATING
  YESTERDAY        0                         7     -7        0
  MONTH TO DATE   92                        96     -4       79
  SINCE SEP 1     92                        96     -4       79
  SINCE JUL 1    105                       113     -8       80

 COOLING
  YESTERDAY        4                         1      3        2
  MONTH TO DATE   25                        42    -17       76
  SINCE SEP 1     25                        42    -17       76
  SINCE JAN 1    679                       543    136      913
..................................................................


WIND (MPH)
  HIGHEST WIND SPEED    13   HIGHEST WIND DIRECTION     N (10)
  HIGHEST GUST SPEED    13   HIGHEST GUST DIRECTION     N (10)
  AVERAGE WIND SPEED     3.0


SKY COVER
  POSSIBLE SUNSHINE  MM
  AVERAGE SKY COVER 0.0


WEATHER CONDITIONS
 THE FOLLOWING WEATHER WAS RECORDED YESTERDAY.
  NO SIGNIFICANT WEATHER WAS OBSERVED.


RELATIVE HUMIDITY (PERCENT)
 HIGHEST    76           600 AM
 LOWEST     12           300 PM

..........................................................


THE MONTAGUE CA CLIMATE NORMALS FOR TODAY
                         NORMAL    RECORD    YEAR
 MAXIMUM TEMPERATURE (F)   78        96      2003
 MINIMUM TEMPERATURE (F)   40        29      2013


SUNRISE AND SUNSET
SEPTEMBER 27 2016.....SUNRISE   703 AM PDT   SUNSET   657 PM PDT
SEPTEMBER 28 2016.....SUNRISE   704 AM PDT   SUNSET   656 PM PDT


-  INDICATES NEGATIVE NUMBERS.
R  INDICATES RECORD WAS SET OR TIED.
MM INDICATES DATA IS MISSING.
T  INDICATES TRACE AMOUNT.




$$
