000
CDUS46 KMFR 060847
CLISIY


CLIMATE REPORT
NATIONAL WEATHER SERVICE MEDFORD, OR
1246 AM PST TUE DEC 6 2016


...................................

...THE MONTAGUE CA CLIMATE SUMMARY FOR DECEMBER 5 2016...

CLIMATE NORMAL PERIOD 1981 TO 2010
CLIMATE RECORD PERIOD 1948 TO 2016


WEATHER ITEM   OBSERVED TIME   RECORD YEAR NORMAL DEPARTURE LAST
                VALUE   (LST)  VALUE       VALUE  FROM      YEAR
                                                  NORMAL
..................................................................
TEMPERATURE (F)
 YESTERDAY
  MAXIMUM         43    224 PM  60    2014  45     -2       50
                                      1979
  MINIMUM         24    747 AM   2    2013  26     -2       31
  AVERAGE         34                        35     -1       41

PRECIPITATION (IN)
  YESTERDAY        0.00          1.78 1966   0.08  -0.08     0.00
  MONTH TO DATE    0.03                      0.39  -0.36     0.34
  SINCE OCT 1      6.01                      4.56   1.45     1.35
  SINCE JAN 1     16.24                     16.20   0.04     8.57

SNOWFALL (IN)
  YESTERDAY       MM                        MM     MM       MM
  MONTH TO DATE   MM                        MM     MM       MM
  SINCE JUL 1     MM                        MM     MM       MM
  SNOW DEPTH      MM

DEGREE DAYS
 HEATING
  YESTERDAY       31                        30      1       24
  MONTH TO DATE  150                       148      2      127
  SINCE DEC 1    150                       148      2      127
  SINCE JUL 1   1280                      1454   -174     1210

 COOLING
  YESTERDAY        0                         0      0        0
  MONTH TO DATE    0                         0      0        0
  SINCE DEC 1      0                         0      0        0
  SINCE JAN 1    689                       544    145      922
..................................................................


WIND (MPH)
  HIGHEST WIND SPEED    17   HIGHEST WIND DIRECTION     N (360)
  HIGHEST GUST SPEED    20   HIGHEST GUST DIRECTION     N (360)
  AVERAGE WIND SPEED     5.6


SKY COVER
  POSSIBLE SUNSHINE  MM
  AVERAGE SKY COVER 0.4


WEATHER CONDITIONS
 THE FOLLOWING WEATHER WAS RECORDED YESTERDAY.
  NO SIGNIFICANT WEATHER WAS OBSERVED.


RELATIVE HUMIDITY (PERCENT)
 HIGHEST    85           600 AM
 LOWEST     45           400 PM

..........................................................


THE MONTAGUE CA CLIMATE NORMALS FOR TODAY
                         NORMAL    RECORD    YEAR
 MAXIMUM TEMPERATURE (F)   44        57      1988
 MINIMUM TEMPERATURE (F)   26        12      2009


SUNRISE AND SUNSET
DECEMBER  6 2016......SUNRISE   723 AM PST   SUNSET   439 PM PST
DECEMBER  7 2016......SUNRISE   724 AM PST   SUNSET   439 PM PST


-  INDICATES NEGATIVE NUMBERS.
R  INDICATES RECORD WAS SET OR TIED.
MM INDICATES DATA IS MISSING.
T  INDICATES TRACE AMOUNT.




$$
