573
CDUS46 KMFR 240836
CLISIY


CLIMATE REPORT
NATIONAL WEATHER SERVICE MEDFORD, OR
136 AM PDT SAT JUN 24 2017


...................................

...THE MONTAGUE CA CLIMATE SUMMARY FOR JUNE 23 2017...

CLIMATE NORMAL PERIOD 1981 TO 2010
CLIMATE RECORD PERIOD 1948 TO 2017


WEATHER ITEM   OBSERVED TIME   RECORD YEAR NORMAL DEPARTURE LAST
                VALUE   (LST)  VALUE       VALUE  FROM      YEAR
                                                  NORMAL
..................................................................
TEMPERATURE (F)
 YESTERDAY
  MAXIMUM         98    451 PM 105    1992  83     15       83
  MINIMUM         57    515 AM  35    1993  50      7       50
  AVERAGE         78                        66     12       67

PRECIPITATION (IN)
  YESTERDAY        0.00          0.27 1952   0.01  -0.01     0.00
  MONTH TO DATE    0.39                      0.61  -0.22     1.18
  SINCE OCT 1     15.85                     16.94  -1.09    15.07
  SINCE JAN 1      7.64                     10.11  -2.47     9.98

SNOWFALL (IN)
  YESTERDAY       MM                        MM     MM       MM
  MONTH TO DATE   MM                        MM     MM       MM
  SINCE JUL 1     MM                        MM     MM       MM
  SNOW DEPTH      MM

DEGREE DAYS
 HEATING
  YESTERDAY        0                         2     -2        0
  MONTH TO DATE   88                        87      1       70
  SINCE JUN 1     88                        87      1       70
  SINCE JUL 1   5415                      5476    -61     4643

 COOLING
  YESTERDAY       13                         3     10        2
  MONTH TO DATE   80                        32     48       80
  SINCE JUN 1     80                        32     48       80
  SINCE JAN 1     95                        45     50       84
..................................................................


WIND (MPH)
  HIGHEST WIND SPEED    16   HIGHEST WIND DIRECTION     N (350)
  HIGHEST GUST SPEED    19   HIGHEST GUST DIRECTION     N (340)
  AVERAGE WIND SPEED     7.0


SKY COVER
  POSSIBLE SUNSHINE  MM
  AVERAGE SKY COVER 0.0


WEATHER CONDITIONS
 THE FOLLOWING WEATHER WAS RECORDED YESTERDAY.
  NO SIGNIFICANT WEATHER WAS OBSERVED.


RELATIVE HUMIDITY (PERCENT)
 HIGHEST    38           900 PM
 LOWEST     10           300 PM

..........................................................


THE MONTAGUE CA CLIMATE NORMALS FOR TODAY
                         NORMAL    RECORD    YEAR
 MAXIMUM TEMPERATURE (F)   83       101      2006
 MINIMUM TEMPERATURE (F)   50        34      1955


SUNRISE AND SUNSET
JUNE 24 2017..........SUNRISE   536 AM PDT   SUNSET   849 PM PDT
JUNE 25 2017..........SUNRISE   536 AM PDT   SUNSET   849 PM PDT


-  INDICATES NEGATIVE NUMBERS.
R  INDICATES RECORD WAS SET OR TIED.
MM INDICATES DATA IS MISSING.
T  INDICATES TRACE AMOUNT.




$$
