000
CDUS46 KMFR 230841
CLISIY


CLIMATE REPORT
NATIONAL WEATHER SERVICE MEDFORD, OR
1241 AM PST FRI FEB 23 2018


...................................

...THE MONTAGUE CA CLIMATE SUMMARY FOR FEBRUARY 22 2018...

CLIMATE NORMAL PERIOD 1981 TO 2010
CLIMATE RECORD PERIOD 1948 TO 2018


WEATHER ITEM   OBSERVED TIME   RECORD YEAR NORMAL DEPARTURE LAST
                VALUE   (LST)  VALUE       VALUE  FROM      YEAR
                                                  NORMAL
..................................................................
TEMPERATURE (F)
 YESTERDAY
  MAXIMUM         38    318 PM  69    1995  53    -15       41
  MINIMUM         27   1030 PM  19    2010  29     -2       29
                                      2006
  AVERAGE         33                        41     -8       35

PRECIPITATION (IN)
  YESTERDAY        0.11          1.80 1956   0.07   0.04     0.03
  MONTH TO DATE    0.12                      1.54  -1.42     2.68
  SINCE OCT 1      3.68                     10.57  -6.89    12.52
  SINCE JAN 1      1.41                      3.74  -2.33     4.31

SNOWFALL (IN)
  YESTERDAY       MM                        MM     MM       MM
  MONTH TO DATE   MM                        MM     MM       MM
  SINCE JUL 1     MM                        MM     MM       MM
  SNOW DEPTH      MM

DEGREE DAYS
 HEATING
  YESTERDAY       32                        24      8       30
  MONTH TO DATE  601                       583     18      491
  SINCE DEC 1   2397                      2429    -32     2568
  SINCE JUL 1   3627                      3735   -108     3698

 COOLING
  YESTERDAY        0                         0      0        0
  MONTH TO DATE    0                         0      0        0
  SINCE DEC 1      0                         0      0        0
  SINCE JAN 1      0                         0      0        0
..................................................................


WIND (MPH)
  HIGHEST WIND SPEED    23   HIGHEST WIND DIRECTION     N (20)
  HIGHEST GUST SPEED    27   HIGHEST GUST DIRECTION     N (10)
  AVERAGE WIND SPEED     8.6


SKY COVER
  POSSIBLE SUNSHINE  MM
  AVERAGE SKY COVER 0.9


WEATHER CONDITIONS
 THE FOLLOWING WEATHER WAS RECORDED YESTERDAY.
  HEAVY SNOW
  SNOW
  LIGHT SNOW
  FOG
  FOG W/VISIBILITY <= 1/4 MILE


RELATIVE HUMIDITY (PERCENT)
 HIGHEST   100           700 AM
 LOWEST     52           300 PM

..........................................................


THE MONTAGUE CA CLIMATE NORMALS FOR TODAY
                         NORMAL    RECORD    YEAR
 MAXIMUM TEMPERATURE (F)   53        71      1995
 MINIMUM TEMPERATURE (F)   29        14      2007


SUNRISE AND SUNSET
FEBRUARY 23 2018......SUNRISE   654 AM PST   SUNSET   553 PM PST
FEBRUARY 24 2018......SUNRISE   652 AM PST   SUNSET   554 PM PST


-  INDICATES NEGATIVE NUMBERS.
R  INDICATES RECORD WAS SET OR TIED.
MM INDICATES DATA IS MISSING.
T  INDICATES TRACE AMOUNT.




$$
