000
CDUS46 KMFR 080037
CLISIY


CLIMATE REPORT
NATIONAL WEATHER SERVICE MEDFORD, OR
537 PM PDT TUE JUL 7 2015


...................................

...THE MONTAGUE CA CLIMATE SUMMARY FOR JULY 7 2015...
VALID TODAY AS OF 0500 PM LOCAL TIME.

CLIMATE NORMAL PERIOD 1981 TO 2010
CLIMATE RECORD PERIOD 1948 TO 2015


WEATHER ITEM   OBSERVED TIME   RECORD YEAR NORMAL DEPARTURE LAST
                VALUE   (LST)  VALUE       VALUE  FROM      YEAR
                                                  NORMAL
..................................................................
TEMPERATURE (F)
 TODAY
  MAXIMUM         93   1228 PM 106    2014  89      4      106
  MINIMUM         64    523 AM  34    1981  53     11       58
  AVERAGE         79                        71      8       82

PRECIPITATION (IN)
  TODAY            0.00          0.04 1963   0.00   0.00     0.00
  MONTH TO DATE    0.04                      0.06  -0.02     0.02
  SINCE OCT 1     12.36                     17.10  -4.74     6.69
  SINCE JAN 1      6.45                     10.27  -3.82     6.05

SNOWFALL (IN)
  TODAY           MM                        MM     MM       MM
  MONTH TO DATE   MM                        MM     MM       MM
  SINCE JUL 1     MM                        MM     MM       MM
  SNOW DEPTH      MM

DEGREE DAYS
 HEATING
  TODAY            0                         0      0        0
  MONTH TO DATE    0                         1     -1        0
  SINCE JUN 1     17                        94    -77       46
  SINCE JUL 1      0                         1     -1        0

 COOLING
  TODAY           14                         6      8       17
  MONTH TO DATE  122                        39     83       99
  SINCE JUN 1    356                        97    259      182
  SINCE JAN 1    371                       110    261      189
..................................................................


WIND (MPH)
  HIGHEST WIND SPEED    23   HIGHEST WIND DIRECTION     N (10)
  HIGHEST GUST SPEED    30   HIGHEST GUST DIRECTION     N (10)
  AVERAGE WIND SPEED     5.1


SKY COVER
  POSSIBLE SUNSHINE  MM
  AVERAGE SKY COVER 0.0


WEATHER CONDITIONS
 THE FOLLOWING WEATHER WAS RECORDED TODAY.
  NO SIGNIFICANT WEATHER WAS OBSERVED.


RELATIVE HUMIDITY (PERCENT)
 HIGHEST    67           500 AM
 LOWEST     23           200 PM

..........................................................


THE MONTAGUE CA CLIMATE NORMALS FOR TOMORROW
                         NORMAL    RECORD    YEAR
 MAXIMUM TEMPERATURE (F)   90       102      1994
 MINIMUM TEMPERATURE (F)   54        39      1981


SUNRISE AND SUNSET
JULY  7 2015..........SUNRISE   542 AM PDT   SUNSET   847 PM PDT
JULY  8 2015..........SUNRISE   543 AM PDT   SUNSET   847 PM PDT


-  INDICATES NEGATIVE NUMBERS.
R  INDICATES RECORD WAS SET OR TIED.
MM INDICATES DATA IS MISSING.
T  INDICATES TRACE AMOUNT.




$$
