798
CDUS46 KMFR 080838
CLISIY


CLIMATE REPORT
NATIONAL WEATHER SERVICE MEDFORD, OR
1238 AM PST MON FEB 8 2016


...................................

...THE MONTAGUE CA CLIMATE SUMMARY FOR FEBRUARY 7 2016...

CLIMATE NORMAL PERIOD 1981 TO 2010
CLIMATE RECORD PERIOD 1948 TO 2016


WEATHER ITEM   OBSERVED TIME   RECORD YEAR NORMAL DEPARTURE LAST
                VALUE   (LST)  VALUE       VALUE  FROM      YEAR
                                                  NORMAL
..................................................................
TEMPERATURE (F)
 YESTERDAY
  MAXIMUM         60    350 PM  66    1996  48     12       56
  MINIMUM         30    716 AM   2    1989  27      3       40
  AVERAGE         45                        37      8       48

PRECIPITATION (IN)
  YESTERDAY        0.00          1.20 1960   0.07  -0.07     0.06
  MONTH TO DATE    0.01                      0.44  -0.43     2.96
  SINCE OCT 1      8.67                      9.47  -0.80     9.58
  SINCE JAN 1      3.58                      2.64   0.94     3.67

SNOWFALL (IN)
  YESTERDAY       MM                        MM     MM       MM
  MONTH TO DATE   MM                        MM     MM       MM
  SINCE JUL 1     MM                        MM     MM       MM
  SNOW DEPTH      MM

DEGREE DAYS
 HEATING
  YESTERDAY       20                        28     -8       17
  MONTH TO DATE  188                       197     -9      124
  SINCE DEC 1   1881                      2043   -162     1667
  SINCE JUL 1   2964                      3349   -385     2672

 COOLING
  YESTERDAY        0                         0      0        0
  MONTH TO DATE    0                         0      0        0
  SINCE DEC 1      0                         0      0        0
  SINCE JAN 1      0                         0      0        0
..................................................................


WIND (MPH)
  HIGHEST WIND SPEED     8   HIGHEST WIND DIRECTION     S (160)
  HIGHEST GUST SPEED    10   HIGHEST GUST DIRECTION    SE (150)
  AVERAGE WIND SPEED     2.1


SKY COVER
  POSSIBLE SUNSHINE  MM
  AVERAGE SKY COVER 0.0


WEATHER CONDITIONS
 THE FOLLOWING WEATHER WAS RECORDED YESTERDAY.
  NO SIGNIFICANT WEATHER WAS OBSERVED.


RELATIVE HUMIDITY (PERCENT)
 HIGHEST    96           800 AM
 LOWEST     51           200 PM

..........................................................


THE MONTAGUE CA CLIMATE NORMALS FOR TODAY
                         NORMAL    RECORD    YEAR
 MAXIMUM TEMPERATURE (F)   48        64      1996
 MINIMUM TEMPERATURE (F)   27         4      1989


SUNRISE AND SUNSET
FEBRUARY  8 2016......SUNRISE   715 AM PST   SUNSET   534 PM PST
FEBRUARY  9 2016......SUNRISE   714 AM PST   SUNSET   535 PM PST


-  INDICATES NEGATIVE NUMBERS.
R  INDICATES RECORD WAS SET OR TIED.
MM INDICATES DATA IS MISSING.
T  INDICATES TRACE AMOUNT.




$$
