000
CDUS46 KMTR 280030
CLISJC


CLIMATE REPORT
NATIONAL WEATHER SERVICE SAN FRANCISCO BAY AREA
529 PM PDT TUE SEP 27 2016


...................................

...THE SAN JOSE CA CLIMATE SUMMARY FOR SEPTEMBER 27 2016...
VALID TODAY AS OF 0500 PM LOCAL TIME.

CLIMATE NORMAL PERIOD 1981 TO 2010
CLIMATE RECORD PERIOD 1893 TO 2016


WEATHER ITEM   OBSERVED TIME   RECORD YEAR NORMAL DEPARTURE LAST
                VALUE   (LST)  VALUE       VALUE  FROM      YEAR
                                                  NORMAL
..................................................................
TEMPERATURE (F)
 TODAY
  MAXIMUM         95    152 PM  97    1958  79     16       80
  MINIMUM         63    215 AM  41    1893  56      7       59
  AVERAGE         79                        67     12       70

PRECIPITATION (IN)
  TODAY            0.00          0.59 1972   0.00   0.00     0.00
  MONTH TO DATE    T                         0.14  -0.14      T
  SINCE OCT 1     14.91                     15.78  -0.87    13.38
  SINCE JAN 1     10.21                     10.69  -0.48     3.43

SNOWFALL (IN)
  TODAY            0.0           0.0  1947
  MONTH TO DATE    0.0
  SINCE SEP 1      0.0
  SINCE JUL 1      0.0

DEGREE DAYS
 HEATING
  TODAY            0                         1     -1        0
  MONTH TO DATE    0                         7     -7        1
  SINCE SEP 1      0                         7     -7        1
  SINCE JUL 1      0                        13    -13        1

 COOLING
  TODAY           14                         3     11        5
  MONTH TO DATE  141                       108     33      169
  SINCE SEP 1    141                       108     33      169
  SINCE JAN 1    662                       591     71      668
..................................................................


WIND (MPH)
  RESULTANT WIND SPEED   2   RESULTANT WIND DIRECTION  NW (300)
  HIGHEST WIND SPEED    15   HIGHEST WIND DIRECTION    NW (310)
  HIGHEST GUST SPEED    20   HIGHEST GUST DIRECTION    NW (320)
  AVERAGE WIND SPEED     4.8


SKY COVER
  POSSIBLE SUNSHINE  MM
  AVERAGE SKY COVER 0.1


WEATHER CONDITIONS
 THE FOLLOWING WEATHER WAS RECORDED TODAY.
  NO SIGNIFICANT WEATHER WAS OBSERVED.


RELATIVE HUMIDITY (PERCENT)
 HIGHEST    47          1200 AM
 LOWEST     12           100 PM
 AVERAGE    30

..........................................................


THE SAN JOSE CA CLIMATE NORMALS FOR TOMORROW
                         NORMAL    RECORD    YEAR
 MAXIMUM TEMPERATURE (F)   78        99      2010
 MINIMUM TEMPERATURE (F)   56        38      1894


SUNRISE AND SUNSET
SEPTEMBER 27 2016.....SUNRISE   700 AM PDT   SUNSET   656 PM PDT
SEPTEMBER 28 2016.....SUNRISE   701 AM PDT   SUNSET   654 PM PDT


-  INDICATES NEGATIVE NUMBERS.
R  INDICATES RECORD WAS SET OR TIED.
MM INDICATES DATA IS MISSING.
T  INDICATES TRACE AMOUNT.




$$
