000
CDUS46 KMTR 290037
CLISJC


CLIMATE REPORT
NATIONAL WEATHER SERVICE SAN FRANCISCO BAY AREA
537 PM PDT SAT MAY 28 2016


...................................

...THE SAN JOSE CA CLIMATE SUMMARY FOR MAY 28 2016...
VALID TODAY AS OF 0500 PM LOCAL TIME.

CLIMATE NORMAL PERIOD 1981 TO 2010
CLIMATE RECORD PERIOD 1893 TO 2016


WEATHER ITEM   OBSERVED TIME   RECORD YEAR NORMAL DEPARTURE LAST
                VALUE   (LST)  VALUE       VALUE  FROM      YEAR
                                                  NORMAL
..................................................................
TEMPERATURE (F)
 TODAY
  MAXIMUM         87    240 PM  97    1984  77     10       69
  MINIMUM         60    541 AM  45    2010  54      6       55
                                      1900
  AVERAGE         74                        66      8       62

PRECIPITATION (IN)
  TODAY            0.00          0.65 1913   0.00   0.00     0.00
  MONTH TO DATE    0.32                      0.37  -0.05     0.50
  SINCE OCT 1     14.91                     14.56   0.35    13.26
  SINCE JAN 1     10.21                      9.78   0.43     3.31

SNOWFALL (IN)
  TODAY            0.0           0.0  1947
  MONTH TO DATE    0.0
  SINCE MAR 1      0.0
  SINCE JUL 1      0.0

DEGREE DAYS
 HEATING
  TODAY            0                         2     -2        3
  MONTH TO DATE   57                        78    -21      124
  SINCE MAR 1    374                       519   -145      425
  SINCE JUL 1   1744                      1982   -238     1645

 COOLING
  TODAY            9                         2      7        0
  MONTH TO DATE   36                        45     -9        6
  SINCE MAR 1     65                        64      1       27
  SINCE JAN 1     65                        64      1       27
..................................................................


WIND (MPH)
  RESULTANT WIND SPEED   4   RESULTANT WIND DIRECTION  NW (310)
  HIGHEST WIND SPEED    18   HIGHEST WIND DIRECTION    NW (310)
  HIGHEST GUST SPEED    25   HIGHEST GUST DIRECTION    NW (330)
  AVERAGE WIND SPEED     5.5


SKY COVER
  POSSIBLE SUNSHINE  MM
  AVERAGE SKY COVER 0.4


WEATHER CONDITIONS
 THE FOLLOWING WEATHER WAS RECORDED TODAY.
  NO SIGNIFICANT WEATHER WAS OBSERVED.


RELATIVE HUMIDITY (PERCENT)
 HIGHEST    78           300 AM
 LOWEST     22           200 PM
 AVERAGE    50

..........................................................


THE SAN JOSE CA CLIMATE NORMALS FOR TOMORROW
                         NORMAL    RECORD    YEAR
 MAXIMUM TEMPERATURE (F)   77        99      1950
 MINIMUM TEMPERATURE (F)   54        36      1895


SUNRISE AND SUNSET
MAY 28 2016...........SUNRISE   550 AM PDT   SUNSET   820 PM PDT
MAY 29 2016...........SUNRISE   550 AM PDT   SUNSET   821 PM PDT


-  INDICATES NEGATIVE NUMBERS.
R  INDICATES RECORD WAS SET OR TIED.
MM INDICATES DATA IS MISSING.
T  INDICATES TRACE AMOUNT.




$$
