000
CDUS44 KSJT 020653
CLISJT


CLIMATE REPORT
NATIONAL WEATHER SERVICE SAN ANGELO TX
152 AM CDT TUE JUN 2 2015


...................................

...THE SAN ANGELO CLIMATE SUMMARY FOR JUNE 1 2015...

CLIMATE NORMAL PERIOD 1981 TO 2010
CLIMATE RECORD PERIOD 1907 TO 2015


WEATHER ITEM   OBSERVED TIME   RECORD YEAR NORMAL DEPARTURE LAST
                VALUE   (LST)  VALUE       VALUE  FROM      YEAR
                                                  NORMAL
..................................................................
TEMPERATURE (F)
 YESTERDAY
  MAXIMUM         87    454 PM 106    2004  90     -3       95
                                      1998
  MINIMUM         62    619 AM  48    1964  66     -4       70
  AVERAGE         75                        78     -3       83

PRECIPITATION (IN)
  YESTERDAY        0.00          1.15 1979   0.11  -0.11     0.00
  MONTH TO DATE    0.00                      0.11  -0.11     0.00
  SINCE JUN 1      0.00                      0.11  -0.11     0.00
  SINCE JAN 1     14.86                      8.13   6.73     8.27

DEGREE DAYS
 HEATING
  YESTERDAY        0                         0      0        0
  MONTH TO DATE    0                         0      0        0
  SINCE JUN 1      0                         0      0        0
  SINCE JUL 1   2185                      2316   -131     2497

 COOLING
  YESTERDAY       10                        13     -3       18
  MONTH TO DATE   10                        13     -3       18
  SINCE JUN 1     10                        13     -3       18
  SINCE JAN 1    477                       473      4      620
..................................................................


WIND (MPH)
  HIGHEST WIND SPEED    15   HIGHEST WIND DIRECTION    SE (140)
  HIGHEST GUST SPEED    20   HIGHEST GUST DIRECTION    SE (140)
  AVERAGE WIND SPEED     7.4


SKY COVER
  POSSIBLE SUNSHINE  MM
  AVERAGE SKY COVER 0.0


WEATHER CONDITIONS
 THE FOLLOWING WEATHER WAS RECORDED YESTERDAY.
  NO SIGNIFICANT WEATHER WAS OBSERVED.


RELATIVE HUMIDITY (PERCENT)
 HIGHEST    93           400 AM
 LOWEST     40           400 PM
 AVERAGE    67

..........................................................


THE SAN ANGELO CLIMATE NORMALS FOR TODAY
                         NORMAL    RECORD    YEAR
 MAXIMUM TEMPERATURE (F)   90       105      1993
 MINIMUM TEMPERATURE (F)   67        46      1919


SUNRISE AND SUNSET
JUNE  2 2015..........SUNRISE   638 AM CDT   SUNSET   842 PM CDT
JUNE  3 2015..........SUNRISE   638 AM CDT   SUNSET   843 PM CDT


-  INDICATES NEGATIVE NUMBERS.
R  INDICATES RECORD WAS SET OR TIED.
MM INDICATES DATA IS MISSING.
T  INDICATES TRACE AMOUNT.




$$
