000
CDUS44 KSJT 260754
CLISJT


CLIMATE REPORT
NATIONAL WEATHER SERVICE SAN ANGELO TX
253 AM CDT TUE SEP 26 2017


...................................

...THE SAN ANGELO CLIMATE SUMMARY FOR SEPTEMBER 25 2017...

CLIMATE NORMAL PERIOD 1981 TO 2010
CLIMATE RECORD PERIOD 1907 TO 2017


WEATHER ITEM   OBSERVED TIME   RECORD YEAR NORMAL DEPARTURE LAST
                VALUE   (LST)  VALUE       VALUE  FROM      YEAR
                                                  NORMAL
..................................................................
TEMPERATURE (F)
 YESTERDAY
  MAXIMUM         84    503 PM 107    2005  85     -1       71
  MINIMUM         69    133 AM  37    1989  60      9       64
  AVERAGE         77                        73      4       68

PRECIPITATION (IN)
  YESTERDAY        0.07          3.20 1937   0.08  -0.01     2.66
  MONTH TO DATE    0.94                      2.09  -1.15     5.22
  SINCE SEP 1      0.94                      2.09  -1.15     5.22
  SINCE JAN 1     13.04                     16.16  -3.12    30.74

DEGREE DAYS
 HEATING
  YESTERDAY        0                         1     -1        0
  MONTH TO DATE    0                         3     -3        0
  SINCE SEP 1      0                         3     -3        0
  SINCE JUL 1      0                         3     -3        0

 COOLING
  YESTERDAY       12                         8      4        3
  MONTH TO DATE  357                       292     65      383
  SINCE SEP 1    357                       292     65      383
  SINCE JAN 1   2631                      2328    303     2543
..................................................................


WIND (MPH)
  HIGHEST WIND SPEED    15   HIGHEST WIND DIRECTION     S (180)
  HIGHEST GUST SPEED    21   HIGHEST GUST DIRECTION     S (170)
  AVERAGE WIND SPEED     6.3


SKY COVER
  POSSIBLE SUNSHINE  MM
  AVERAGE SKY COVER 0.8


WEATHER CONDITIONS
 THE FOLLOWING WEATHER WAS RECORDED YESTERDAY.
  LIGHT RAIN
  FOG


RELATIVE HUMIDITY (PERCENT)
 HIGHEST    90          1200 AM
 LOWEST     54           600 PM
 AVERAGE    72

..........................................................


THE SAN ANGELO CLIMATE NORMALS FOR TODAY
                         NORMAL    RECORD    YEAR
 MAXIMUM TEMPERATURE (F)   85       106      1977
 MINIMUM TEMPERATURE (F)   60        38      2000


SUNRISE AND SUNSET
SEPTEMBER 26 2017.....SUNRISE   733 AM CDT   SUNSET   733 PM CDT
SEPTEMBER 27 2017.....SUNRISE   733 AM CDT   SUNSET   732 PM CDT


-  INDICATES NEGATIVE NUMBERS.
R  INDICATES RECORD WAS SET OR TIED.
MM INDICATES DATA IS MISSING.
T  INDICATES TRACE AMOUNT.




$$
