000
CDUS44 KSJT 302225
CLISJT


CLIMATE REPORT
NATIONAL WEATHER SERVICE SAN ANGELO TX
525 PM CDT FRI SEP 30 2016


...................................

...THE SAN ANGELO CLIMATE SUMMARY FOR SEPTEMBER 30 2016...
VALID TODAY AS OF 0500 PM LOCAL TIME.

CLIMATE NORMAL PERIOD 1981 TO 2010
CLIMATE RECORD PERIOD 1907 TO 2016


WEATHER ITEM   OBSERVED TIME   RECORD YEAR NORMAL DEPARTURE LAST
                VALUE   (LST)  VALUE       VALUE  FROM      YEAR
                                                  NORMAL
..................................................................
TEMPERATURE (F)
 TODAY
  MAXIMUM         81    247 PM 102    1977  83     -2       92
  MINIMUM         50    650 AM  38    1984  59     -9       57
  AVERAGE         66                        71     -5       75

PRECIPITATION (IN)
  TODAY            0.00          4.41 1959   0.07  -0.07     0.00
  MONTH TO DATE    5.24                      2.46   2.78     0.45
  SINCE SEP 1      5.24                      2.46   2.78     0.45
  SINCE JAN 1     30.76                     16.53  14.23    20.69

DEGREE DAYS
 HEATING
  TODAY            0                         1     -1        0
  MONTH TO DATE    0                         8     -8        0
  SINCE SEP 1      0                         9     -9        0
  SINCE JUL 1      0                         9     -9        0

 COOLING
  TODAY            1                         7     -6       10
  MONTH TO DATE  399                       329     70      485
  SINCE SEP 1    399                       329     70      485
  SINCE JAN 1   2559                      2365    194     2700
..................................................................


WIND (MPH)
  HIGHEST WIND SPEED     9   HIGHEST WIND DIRECTION    NE (50)
  HIGHEST GUST SPEED    14   HIGHEST GUST DIRECTION     E (80)
  AVERAGE WIND SPEED     2.1


SKY COVER
  POSSIBLE SUNSHINE  MM
  AVERAGE SKY COVER 0.0


WEATHER CONDITIONS
 THE FOLLOWING WEATHER WAS RECORDED TODAY.
  NO SIGNIFICANT WEATHER WAS OBSERVED.


RELATIVE HUMIDITY (PERCENT)
 HIGHEST    93           500 AM
 LOWEST     39           300 PM
 AVERAGE    66

..........................................................


THE SAN ANGELO CLIMATE NORMALS FOR TOMORROW
                         NORMAL    RECORD    YEAR
 MAXIMUM TEMPERATURE (F)   83        98      1979
 MINIMUM TEMPERATURE (F)   58        42      1984
                                             1916


SUNRISE AND SUNSET
SEPTEMBER 30 2016.....SUNRISE   735 AM CDT   SUNSET   728 PM CDT
OCTOBER  1 2016.......SUNRISE   736 AM CDT   SUNSET   726 PM CDT


-  INDICATES NEGATIVE NUMBERS.
R  INDICATES RECORD WAS SET OR TIED.
MM INDICATES DATA IS MISSING.
T  INDICATES TRACE AMOUNT.




$$
