000
CDUS44 KSJT 220753
CLISJT


CLIMATE REPORT
NATIONAL WEATHER SERVICE SAN ANGELO TX
153 AM CST MON DEC 22 2014


...................................

...THE SAN ANGELO CLIMATE SUMMARY FOR DECEMBER 21 2014...

CLIMATE NORMAL PERIOD 1981 TO 2010
CLIMATE RECORD PERIOD 1907 TO 2014


WEATHER ITEM   OBSERVED TIME   RECORD YEAR NORMAL DEPARTURE LAST
                VALUE   (LST)  VALUE       VALUE  FROM      YEAR
                                                  NORMAL
..................................................................
TEMPERATURE (F)
 YESTERDAY
  MAXIMUM         63    434 PM  86    2010  59      4       63
  MINIMUM         48    123 AM  10    1983  33     15       38
  AVERAGE         56                        46     10       51

PRECIPITATION (IN)
  YESTERDAY        0.00          1.00 1942   0.03  -0.03     0.33
  MONTH TO DATE    0.04                      0.55  -0.51     1.15
  SINCE DEC 1      0.04                      0.55  -0.51     1.15
  SINCE JAN 1     16.39                     20.95  -4.56    19.80

SNOWFALL (IN)
  YESTERDAY        0.0           2.5  1929   0.0    0.0      0.0
  MONTH TO DATE    0.0                       0.2   -0.2      1.5
  SINCE NOV 1      T                         0.5   -0.5      1.5
  SINCE JUL 1      T                         0.5   -0.5      1.5
  SNOW DEPTH       0

DEGREE DAYS
 HEATING
  YESTERDAY        9                        19    -10       14
  MONTH TO DATE  199                       373   -174      394
  SINCE DEC 1    199                       373   -174      394
  SINCE JUL 1    569                       773   -204      870

 COOLING
  YESTERDAY        0                         0      0        0
  MONTH TO DATE    1                         0      1        3
  SINCE DEC 1      1                         0      1        3
  SINCE JAN 1   2877                      2502    375     2863
..................................................................


WIND (MPH)
  HIGHEST WIND SPEED    23   HIGHEST WIND DIRECTION    SW (210)
  HIGHEST GUST SPEED    27   HIGHEST GUST DIRECTION     S (200)
  AVERAGE WIND SPEED    13.4


SKY COVER
  POSSIBLE SUNSHINE  MM
  AVERAGE SKY COVER 0.5


WEATHER CONDITIONS
 THE FOLLOWING WEATHER WAS RECORDED YESTERDAY.
  NO SIGNIFICANT WEATHER WAS OBSERVED.


RELATIVE HUMIDITY (PERCENT)
 HIGHEST    86           400 AM
 LOWEST     46           300 PM
 AVERAGE    66

..........................................................


THE SAN ANGELO CLIMATE NORMALS FOR TODAY
                         NORMAL    RECORD    YEAR
 MAXIMUM TEMPERATURE (F)   59        81      1971
                                             1970
 MINIMUM TEMPERATURE (F)   33         2      1989


SUNRISE AND SUNSET
DECEMBER 22 2014......SUNRISE   737 AM CST   SUNSET   544 PM CST
DECEMBER 23 2014......SUNRISE   738 AM CST   SUNSET   544 PM CST


-  INDICATES NEGATIVE NUMBERS.
R  INDICATES RECORD WAS SET OR TIED.
MM INDICATES DATA IS MISSING.
T  INDICATES TRACE AMOUNT.




$$
