000
CDUS44 KSJT 290750
CLISJT


CLIMATE REPORT
NATIONAL WEATHER SERVICE SAN ANGELO TX
250 AM CDT SAT APR 29 2017


...................................

...THE SAN ANGELO CLIMATE SUMMARY FOR APRIL 28 2017...

CLIMATE NORMAL PERIOD 1981 TO 2010
CLIMATE RECORD PERIOD 1907 TO 2017


WEATHER ITEM   OBSERVED TIME   RECORD YEAR NORMAL DEPARTURE LAST
                VALUE   (LST)  VALUE       VALUE  FROM      YEAR
                                                  NORMAL
..................................................................
TEMPERATURE (F)
 YESTERDAY
  MAXIMUM         97R   432 PM  96    2002  84     13       86
  MINIMUM         70    643 AM  37    2008  56     14       50
  AVERAGE         84                        70     14       68

PRECIPITATION (IN)
  YESTERDAY        0.00          1.56 1932   0.06  -0.06     0.00
  MONTH TO DATE    1.46                      1.30   0.16     5.10
  SINCE MAR 1      1.71                      2.80  -1.09     8.43
  SINCE JAN 1      4.42                      5.08  -0.66     9.23

SNOWFALL (IN)
  YESTERDAY        0.0           0.0  2002   0.0    0.0      0.0
  MONTH TO DATE    T                         0.0    0.0      0.0
  SINCE NOV 1      T                         2.2   -2.2      3.1
  SINCE JUL 1      T                         2.2   -2.2      3.1
  SNOW DEPTH       0

DEGREE DAYS
 HEATING
  YESTERDAY        0                         1     -1        0
  MONTH TO DATE   48                        86    -38       55
  SINCE MAR 1    168                       343   -175      210
  SINCE JUL 1   1492                      2304   -812     1803

 COOLING
  YESTERDAY       19                         6     13        3
  MONTH TO DATE  157                       105     52       73
  SINCE MAR 1    274                       138    136      115
  SINCE JAN 1    301                       143    158      125
..................................................................


WIND (MPH)
  HIGHEST WIND SPEED    25   HIGHEST WIND DIRECTION     S (180)
  HIGHEST GUST SPEED    36   HIGHEST GUST DIRECTION     S (180)
  AVERAGE WIND SPEED    11.1


SKY COVER
  POSSIBLE SUNSHINE  MM
  AVERAGE SKY COVER 0.0


WEATHER CONDITIONS
 THE FOLLOWING WEATHER WAS RECORDED YESTERDAY.
  HAZE


RELATIVE HUMIDITY (PERCENT)
 HIGHEST    78           600 AM
 LOWEST     17           500 PM
 AVERAGE    48

..........................................................


THE SAN ANGELO CLIMATE NORMALS FOR TODAY
                         NORMAL    RECORD    YEAR
 MAXIMUM TEMPERATURE (F)   84       101      2002
 MINIMUM TEMPERATURE (F)   56        38      1998
                                             1965


SUNRISE AND SUNSET
APRIL 29 2017.........SUNRISE   659 AM CDT   SUNSET   820 PM CDT
APRIL 30 2017.........SUNRISE   658 AM CDT   SUNSET   821 PM CDT


-  INDICATES NEGATIVE NUMBERS.
R  INDICATES RECORD WAS SET OR TIED.
MM INDICATES DATA IS MISSING.
T  INDICATES TRACE AMOUNT.




$$
