000
CDUS44 KSJT 260701
CLISJT


CLIMATE REPORT
NATIONAL WEATHER SERVICE SAN ANGELO TX
200 AM CDT TUE JUL 26 2016


...................................

...THE SAN ANGELO CLIMATE SUMMARY FOR JULY 25 2016...

CLIMATE NORMAL PERIOD 1981 TO 2010
CLIMATE RECORD PERIOD 1907 TO 2016


WEATHER ITEM   OBSERVED TIME   RECORD YEAR NORMAL DEPARTURE LAST
                VALUE   (LST)  VALUE       VALUE  FROM      YEAR
                                                  NORMAL
..................................................................
TEMPERATURE (F)
 YESTERDAY
  MAXIMUM        101    457 PM 106    1912  96      5      102
  MINIMUM         72    605 AM  60    1989  72      0       71
  AVERAGE         87                        84      3       87

PRECIPITATION (IN)
  YESTERDAY        0.00          1.87 1926   0.03  -0.03     0.00
  MONTH TO DATE    0.00                      0.97  -0.97     0.55
  SINCE JUN 1      7.02                      3.56   3.46     4.10
  SINCE JAN 1     22.65                     11.58  11.07    18.96

DEGREE DAYS
 HEATING
  YESTERDAY        0                         0      0        0
  MONTH TO DATE    0                         0      0        0
  SINCE JUN 1      0                         0      0        0
  SINCE JUL 1      0                         0      0        0

 COOLING
  YESTERDAY       22                        19      3       22
  MONTH TO DATE  575                       450    125      486
  SINCE JUN 1   1021                       914    107      930
  SINCE JAN 1   1432                      1374     58     1397
..................................................................


WIND (MPH)
  HIGHEST WIND SPEED    23   HIGHEST WIND DIRECTION     E (100)
  HIGHEST GUST SPEED    31   HIGHEST GUST DIRECTION     E (110)
  AVERAGE WIND SPEED     7.3


SKY COVER
  POSSIBLE SUNSHINE  MM
  AVERAGE SKY COVER 0.0


WEATHER CONDITIONS
 THE FOLLOWING WEATHER WAS RECORDED YESTERDAY.
  NO SIGNIFICANT WEATHER WAS OBSERVED.


RELATIVE HUMIDITY (PERCENT)
 HIGHEST    73           600 AM
 LOWEST     26           500 PM
 AVERAGE    50

..........................................................


THE SAN ANGELO CLIMATE NORMALS FOR TODAY
                         NORMAL    RECORD    YEAR
 MAXIMUM TEMPERATURE (F)   96       106      1944
 MINIMUM TEMPERATURE (F)   72        61      1987


SUNRISE AND SUNSET
JULY 26 2016..........SUNRISE   655 AM CDT   SUNSET   842 PM CDT
JULY 27 2016..........SUNRISE   656 AM CDT   SUNSET   841 PM CDT


-  INDICATES NEGATIVE NUMBERS.
R  INDICATES RECORD WAS SET OR TIED.
MM INDICATES DATA IS MISSING.
T  INDICATES TRACE AMOUNT.




$$
