000
CDUS44 KSJT 172332
CLISJT


CLIMATE REPORT
NATIONAL WEATHER SERVICE SAN ANGELO TX
530 PM CST FRI NOV 17 2017


...................................

...THE SAN ANGELO CLIMATE SUMMARY FOR NOVEMBER 17 2017...
VALID TODAY AS OF 0500 PM LOCAL TIME.

CLIMATE NORMAL PERIOD 1981 TO 2010
CLIMATE RECORD PERIOD 1907 TO 2017


WEATHER ITEM   OBSERVED TIME   RECORD YEAR NORMAL DEPARTURE LAST
                VALUE   (LST)  VALUE       VALUE  FROM      YEAR
                                                  NORMAL
..................................................................
TEMPERATURE (F)
 TODAY
  MAXIMUM         88R   217 PM  84    1938  68     20       82
  MINIMUM         63   1215 AM  19    1916  42     21       54
  AVERAGE         76                        55     21       68

PRECIPITATION (IN)
  TODAY            0.00          1.58 1995   0.03  -0.03     0.00
  MONTH TO DATE    0.98                      0.77   0.21     2.28
  SINCE SEP 1      5.25                      5.96  -0.71     9.01
  SINCE JAN 1     17.35                     20.03  -2.68    34.53

SNOWFALL (IN)
  TODAY            0.0           0.5  1980   0.0    0.0      0.0
  MONTH TO DATE    0.0                       0.1   -0.1      0.0
  SINCE NOV 1      0.0                       0.1   -0.1      0.0
  SINCE JUL 1      0.0                       0.1   -0.1      0.0

DEGREE DAYS
 HEATING
  TODAY            0                        11    -11        0
  MONTH TO DATE   71                       137    -66       33
  SINCE SEP 1    174                       228    -54       46
  SINCE JUL 1    174                       228    -54       46

 COOLING
  TODAY           11                         0     11        3
  MONTH TO DATE   67                        15     52       37
  SINCE SEP 1    599                       463    136      665
  SINCE JAN 1   2873                      2499    374     2825
..................................................................


WIND (MPH)
  HIGHEST WIND SPEED    22   HIGHEST WIND DIRECTION    SW (220)
  HIGHEST GUST SPEED    27   HIGHEST GUST DIRECTION    SW (230)
  AVERAGE WIND SPEED    14.4


SKY COVER
  POSSIBLE SUNSHINE  MM
  AVERAGE SKY COVER 0.2


WEATHER CONDITIONS
 THE FOLLOWING WEATHER WAS RECORDED TODAY.
  FOG
  HAZE


RELATIVE HUMIDITY (PERCENT)
 HIGHEST    87           400 AM
 LOWEST     30           300 PM
 AVERAGE    59

..........................................................


THE SAN ANGELO CLIMATE NORMALS FOR TOMORROW
                         NORMAL    RECORD    YEAR
 MAXIMUM TEMPERATURE (F)   67        88      1938
 MINIMUM TEMPERATURE (F)   41        22      2014
                                             1959
                                             1916


SUNRISE AND SUNSET
NOVEMBER 17 2017......SUNRISE   711 AM CST   SUNSET   542 PM CST
NOVEMBER 18 2017......SUNRISE   712 AM CST   SUNSET   542 PM CST


-  INDICATES NEGATIVE NUMBERS.
R  INDICATES RECORD WAS SET OR TIED.
MM INDICATES DATA IS MISSING.
T  INDICATES TRACE AMOUNT.




$$
