000
CDUS44 KSJT 210751
CLISJT


CLIMATE REPORT
NATIONAL WEATHER SERVICE SAN ANGELO TX
151 AM CST SUN JAN 21 2018


...................................

...THE SAN ANGELO CLIMATE SUMMARY FOR JANUARY 20 2018...

CLIMATE NORMAL PERIOD 1981 TO 2010
CLIMATE RECORD PERIOD 1907 TO 2018


WEATHER ITEM   OBSERVED TIME   RECORD YEAR NORMAL DEPARTURE LAST
                VALUE   (LST)  VALUE       VALUE  FROM      YEAR
                                                  NORMAL
..................................................................
TEMPERATURE (F)
 YESTERDAY
  MAXIMUM         77    354 PM  85    1999  60     17       74
  MINIMUM         39    722 AM   7    1943  33      6       43
  AVERAGE         58                        46     12       59

PRECIPITATION (IN)
  YESTERDAY        0.00          1.05 1983   0.03  -0.03     0.00
  MONTH TO DATE    T                         0.55  -0.55     1.35
  SINCE DEC 1      1.13                      1.40  -0.27     2.09
  SINCE JAN 1      T                         0.55  -0.55     1.35

SNOWFALL (IN)
  YESTERDAY        0.0           1.4  1978   0.1   -0.1      0.0
  MONTH TO DATE    T                         0.9   -0.9       T
  SINCE NOV 1      T                         1.5   -1.5       T
  SINCE JUL 1      T                         1.5   -1.5       T
  SNOW DEPTH       0

DEGREE DAYS
 HEATING
  YESTERDAY        7                        18    -11        6
  MONTH TO DATE  455                       379     76      319
  SINCE DEC 1   1009                       946     63      793
  SINCE JUL 1   1309                      1346    -37      961

 COOLING
  YESTERDAY        0                         0      0        0
  MONTH TO DATE    0                         0      0        0
  SINCE DEC 1      3                         1      2        1
  SINCE JAN 1      0                         0      0        0
..................................................................


WIND (MPH)
  HIGHEST WIND SPEED    23   HIGHEST WIND DIRECTION     S (200)
  HIGHEST GUST SPEED    29   HIGHEST GUST DIRECTION     S (190)
  AVERAGE WIND SPEED    12.9


SKY COVER
  POSSIBLE SUNSHINE  MM
  AVERAGE SKY COVER 0.1


WEATHER CONDITIONS
 THE FOLLOWING WEATHER WAS RECORDED YESTERDAY.
  FOG


RELATIVE HUMIDITY (PERCENT)
 HIGHEST    89           200 AM
 LOWEST     18           300 PM
 AVERAGE    54

..........................................................


THE SAN ANGELO CLIMATE NORMALS FOR TODAY
                         NORMAL    RECORD    YEAR
 MAXIMUM TEMPERATURE (F)   60        86      1974
 MINIMUM TEMPERATURE (F)   34        12      1935


SUNRISE AND SUNSET
JANUARY 21 2018.......SUNRISE   740 AM CST   SUNSET   607 PM CST
JANUARY 22 2018.......SUNRISE   739 AM CST   SUNSET   608 PM CST


-  INDICATES NEGATIVE NUMBERS.
R  INDICATES RECORD WAS SET OR TIED.
MM INDICATES DATA IS MISSING.
T  INDICATES TRACE AMOUNT.




$$
