000
CDUS44 KSJT 312226
CLISJT


CLIMATE REPORT
NATIONAL WEATHER SERVICE SAN ANGELO TX
526 PM CDT TUE MAY 31 2016


...................................

...THE SAN ANGELO CLIMATE SUMMARY FOR MAY 31 2016...
VALID TODAY AS OF 0500 PM LOCAL TIME.

CLIMATE NORMAL PERIOD 1981 TO 2010
CLIMATE RECORD PERIOD 1907 TO 2016


WEATHER ITEM   OBSERVED TIME   RECORD YEAR NORMAL DEPARTURE LAST
                VALUE   (LST)  VALUE       VALUE  FROM      YEAR
                                                  NORMAL
..................................................................
TEMPERATURE (F)
 TODAY
  MAXIMUM         89    307 PM 104    1927  90     -1       82
  MINIMUM         66    447 AM  51    1909  66      0       60
  AVERAGE         78                        78      0       71

PRECIPITATION (IN)
  TODAY            0.00          3.06 1937   0.11  -0.11     0.00
  MONTH TO DATE    6.19                      2.82   3.37     9.12
  SINCE MAR 1     14.62                      5.74   8.88    12.60
  SINCE JAN 1     15.42                      8.02   7.40    14.86

DEGREE DAYS
 HEATING
  TODAY            0                         0      0        0
  MONTH TO DATE   22                         8     14        8
  SINCE MAR 1    232                       355   -123      338
  SINCE JUL 1   1825                      2316   -491     2185

 COOLING
  TODAY           13                        13      0        6
  MONTH TO DATE  278                       304    -26      271
  SINCE MAR 1    402                       455    -53      465
  SINCE JAN 1    412                       460    -48      467
..................................................................


WIND (MPH)
  HIGHEST WIND SPEED    16   HIGHEST WIND DIRECTION     W (250)
  HIGHEST GUST SPEED    21   HIGHEST GUST DIRECTION    SW (240)
  AVERAGE WIND SPEED     4.3


SKY COVER
  POSSIBLE SUNSHINE  MM
  AVERAGE SKY COVER 0.2


WEATHER CONDITIONS
 THE FOLLOWING WEATHER WAS RECORDED TODAY.
  THUNDERSTORM


RELATIVE HUMIDITY (PERCENT)
 HIGHEST   100           300 AM
 LOWEST     40           400 PM
 AVERAGE    70

..........................................................


THE SAN ANGELO CLIMATE NORMALS FOR TOMORROW
                         NORMAL    RECORD    YEAR
 MAXIMUM TEMPERATURE (F)   90       106      2004
                                             1998
 MINIMUM TEMPERATURE (F)   66        48      1964


SUNRISE AND SUNSET
MAY 31 2016...........SUNRISE   638 AM CDT   SUNSET   841 PM CDT
JUNE  1 2016..........SUNRISE   638 AM CDT   SUNSET   842 PM CDT


-  INDICATES NEGATIVE NUMBERS.
R  INDICATES RECORD WAS SET OR TIED.
MM INDICATES DATA IS MISSING.
T  INDICATES TRACE AMOUNT.




$$
