000
CDUS44 KSJT 162226
CLISJT


CLIMATE REPORT
NATIONAL WEATHER SERVICE SAN ANGELO TX
526 PM CDT TUE SEP 16 2014


...................................

...THE SAN ANGELO CLIMATE SUMMARY FOR SEPTEMBER 16 2014...
VALID TODAY AS OF 0500 PM LOCAL TIME.

CLIMATE NORMAL PERIOD 1981 TO 2010
CLIMATE RECORD PERIOD 1907 TO 2014


WEATHER ITEM   OBSERVED TIME   RECORD YEAR NORMAL DEPARTURE LAST
                VALUE   (LST)  VALUE       VALUE  FROM      YEAR
                                                  NORMAL
..................................................................
TEMPERATURE (F)
 TODAY
  MAXIMUM         90    407 PM 101    1965  88      1       93
                                      1960
  MINIMUM         71    714 AM  47    2008  63      8       72
  AVERAGE         80                        76      4       83

PRECIPITATION (IN)
  TODAY            0.03          1.47 1919   0.08  -0.05      T
  MONTH TO DATE    0.14                      1.41  -1.27     0.26
  SINCE SEP 1      0.14                      1.41  -1.27     0.26
  SINCE JAN 1     12.12                     15.48  -3.36    12.02

DEGREE DAYS
 HEATING
  TODAY            0                         0      0        0
  MONTH TO DATE    5                         0      5        0
  SINCE SEP 1      5                         0      5        0
  SINCE JUL 1      5                         0      5        0

 COOLING
  TODAY           15                        11      4       18
  MONTH TO DATE  237                       208     29      264
  SINCE SEP 1    237                       208     29      264
  SINCE JAN 1   2495                      2244    251     2590
..................................................................


WIND (MPH)
  HIGHEST WIND SPEED    13   HIGHEST WIND DIRECTION     N (20)
  HIGHEST GUST SPEED    15   HIGHEST GUST DIRECTION     N (10)
  AVERAGE WIND SPEED     4.5


SKY COVER
  POSSIBLE SUNSHINE  MM
  AVERAGE SKY COVER 0.4


WEATHER CONDITIONS
 THE FOLLOWING WEATHER WAS RECORDED TODAY.
  LIGHT RAIN


RELATIVE HUMIDITY (PERCENT)
 HIGHEST    93           200 AM
 LOWEST     47           300 PM
 AVERAGE    70

..........................................................


THE SAN ANGELO CLIMATE NORMALS FOR TOMORROW
                         NORMAL    RECORD    YEAR
 MAXIMUM TEMPERATURE (F)   87       100      1997
 MINIMUM TEMPERATURE (F)   63        45      1951


SUNRISE AND SUNSET
SEPTEMBER 16 2014.....SUNRISE   727 AM CDT   SUNSET   746 PM CDT
SEPTEMBER 17 2014.....SUNRISE   727 AM CDT   SUNSET   745 PM CDT


-  INDICATES NEGATIVE NUMBERS.
R  INDICATES RECORD WAS SET OR TIED.
MM INDICATES DATA IS MISSING.
T  INDICATES TRACE AMOUNT.




$$
