000
CDUS44 KSJT 230653
CLISJT


CLIMATE REPORT
NATIONAL WEATHER SERVICE SAN ANGELO TX
151 AM CDT WED JUL 23 2014


...................................

...THE SAN ANGELO CLIMATE SUMMARY FOR JULY 22 2014...

CLIMATE NORMAL PERIOD 1981 TO 2010
CLIMATE RECORD PERIOD 1907 TO 2014


WEATHER ITEM   OBSERVED TIME   RECORD YEAR NORMAL DEPARTURE LAST
                VALUE   (LST)  VALUE       VALUE  FROM      YEAR
                                                  NORMAL
..................................................................
TEMPERATURE (F)
 YESTERDAY
  MAXIMUM         99    409 PM 105    2012  96      3       94
  MINIMUM         73    627 AM  59    1988  72      1       74
  AVERAGE         86                        84      2       84

PRECIPITATION (IN)
  YESTERDAY        0.00          1.20 2009   0.03  -0.03     0.00
  MONTH TO DATE    0.77                      0.87  -0.10     3.14
  SINCE JUN 1      3.06                      3.46  -0.40     4.54
  SINCE JAN 1     11.33                     11.48  -0.15    10.92

DEGREE DAYS
 HEATING
  YESTERDAY        0                         0      0        0
  MONTH TO DATE    0                         0      0        0
  SINCE JUN 1      0                         0      0        0
  SINCE JUL 1      0                         0      0        0

 COOLING
  YESTERDAY       21                        19      2       19
  MONTH TO DATE  389                       393     -4      364
  SINCE JUN 1    873                       857     16      925
  SINCE JAN 1   1475                      1317    158     1521
..................................................................


WIND (MPH)
  HIGHEST WIND SPEED    16   HIGHEST WIND DIRECTION     E (90)
  HIGHEST GUST SPEED    21   HIGHEST GUST DIRECTION     E (80)
  AVERAGE WIND SPEED     5.9


SKY COVER
  POSSIBLE SUNSHINE  MM
  AVERAGE SKY COVER 0.1


WEATHER CONDITIONS
 THE FOLLOWING WEATHER WAS RECORDED YESTERDAY.
  NO SIGNIFICANT WEATHER WAS OBSERVED.


RELATIVE HUMIDITY (PERCENT)
 HIGHEST    84           500 AM
 LOWEST     31           400 PM
 AVERAGE    58

..........................................................


THE SAN ANGELO CLIMATE NORMALS FOR TODAY
                         NORMAL    RECORD    YEAR
 MAXIMUM TEMPERATURE (F)   96       108      1911
 MINIMUM TEMPERATURE (F)   72        56      1915


SUNRISE AND SUNSET
JULY 23 2014..........SUNRISE   653 AM CDT   SUNSET   844 PM CDT
JULY 24 2014..........SUNRISE   654 AM CDT   SUNSET   843 PM CDT


-  INDICATES NEGATIVE NUMBERS.
R  INDICATES RECORD WAS SET OR TIED.
MM INDICATES DATA IS MISSING.
T  INDICATES TRACE AMOUNT.




$$
