000
CDUS44 KSJT 240758
CLISJT


CLIMATE REPORT
NATIONAL WEATHER SERVICE SAN ANGELO TX
258 AM CDT FRI MAR 24 2017


...................................

...THE SAN ANGELO CLIMATE SUMMARY FOR MARCH 23 2017...

CLIMATE NORMAL PERIOD 1981 TO 2010
CLIMATE RECORD PERIOD 1907 TO 2017


WEATHER ITEM   OBSERVED TIME   RECORD YEAR NORMAL DEPARTURE LAST
                VALUE   (LST)  VALUE       VALUE  FROM      YEAR
                                                  NORMAL
..................................................................
TEMPERATURE (F)
 YESTERDAY
  MAXIMUM         82    412 PM  94    1934  73      9       86
  MINIMUM         62    711 AM  24    1952  46     16       59
  AVERAGE         72                        60     12       73

PRECIPITATION (IN)
  YESTERDAY        0.00          0.93 1969   0.05  -0.05     0.00
  MONTH TO DATE    0.04                      1.13  -1.09     3.33
  SINCE MAR 1      0.04                      1.13  -1.09     3.33
  SINCE JAN 1      2.75                      3.41  -0.66     4.13

SNOWFALL (IN)
  YESTERDAY        0.0           0.0  2002   0.0    0.0      0.0
  MONTH TO DATE    0.0                       0.1   -0.1       T
  SINCE NOV 1      T                         2.2   -2.2      3.1
  SINCE JUL 1      T                         2.2   -2.2      3.1
  SNOW DEPTH       0

DEGREE DAYS
 HEATING
  YESTERDAY        0                         7     -7        0
  MONTH TO DATE  105                       211   -106      117
  SINCE MAR 1    105                       211   -106      117
  SINCE JUL 1   1429                      2172   -743     1710

 COOLING
  YESTERDAY        7                         1      6        8
  MONTH TO DATE   98                        20     78       23
  SINCE MAR 1     98                        20     78       23
  SINCE JAN 1    125                        25    100       33
..................................................................


WIND (MPH)
  HIGHEST WIND SPEED    35   HIGHEST WIND DIRECTION     S (170)
  HIGHEST GUST SPEED    50   HIGHEST GUST DIRECTION     S (170)
  AVERAGE WIND SPEED    19.0


SKY COVER
  POSSIBLE SUNSHINE  MM
  AVERAGE SKY COVER 0.3


WEATHER CONDITIONS
 THE FOLLOWING WEATHER WAS RECORDED YESTERDAY.
  NO SIGNIFICANT WEATHER WAS OBSERVED.


RELATIVE HUMIDITY (PERCENT)
 HIGHEST    78           400 AM
 LOWEST     33           500 PM
 AVERAGE    56

..........................................................


THE SAN ANGELO CLIMATE NORMALS FOR TODAY
                         NORMAL    RECORD    YEAR
 MAXIMUM TEMPERATURE (F)   74        93      1988
 MINIMUM TEMPERATURE (F)   46        23      2006


SUNRISE AND SUNSET
MARCH 24 2017.........SUNRISE   740 AM CDT   SUNSET   756 PM CDT
MARCH 25 2017.........SUNRISE   739 AM CDT   SUNSET   757 PM CDT


-  INDICATES NEGATIVE NUMBERS.
R  INDICATES RECORD WAS SET OR TIED.
MM INDICATES DATA IS MISSING.
T  INDICATES TRACE AMOUNT.




$$
