000
CDUS44 KSJT 200652
CLISJT


CLIMATE REPORT
NATIONAL WEATHER SERVICE SAN ANGELO TX
151 AM CDT WED AUG 20 2014


...................................

...THE SAN ANGELO CLIMATE SUMMARY FOR AUGUST 19 2014...

CLIMATE NORMAL PERIOD 1981 TO 2010
CLIMATE RECORD PERIOD 1907 TO 2014


WEATHER ITEM   OBSERVED TIME   RECORD YEAR NORMAL DEPARTURE LAST
                VALUE   (LST)  VALUE       VALUE  FROM      YEAR
                                                  NORMAL
..................................................................
TEMPERATURE (F)
 YESTERDAY
  MAXIMUM         92    337 PM 106    1924  95     -3       98
  MINIMUM         71    700 AM  58    1950  71      0       67
  AVERAGE         82                        83     -1       83

PRECIPITATION (IN)
  YESTERDAY        0.10          2.03 1926   0.08   0.02     0.00
  MONTH TO DATE    0.63                      1.18  -0.55     0.23
  SINCE JUN 1      3.69                      4.97  -1.28     4.80
  SINCE JAN 1     11.96                     12.99  -1.03    11.18

DEGREE DAYS
 HEATING
  YESTERDAY        0                         0      0        0
  MONTH TO DATE    0                         0      0        0
  SINCE JUN 1      0                         0      0        0
  SINCE JUL 1      0                         0      0        0

 COOLING
  YESTERDAY       17                        18     -1       18
  MONTH TO DATE  349                       352     -3      406
  SINCE JUN 1   1412                      1379     33     1521
  SINCE JAN 1   2014                      1839    175     2117
..................................................................


WIND (MPH)
  HIGHEST WIND SPEED    21   HIGHEST WIND DIRECTION    SW (210)
  HIGHEST GUST SPEED    26   HIGHEST GUST DIRECTION    SW (210)
  AVERAGE WIND SPEED     8.4


SKY COVER
  POSSIBLE SUNSHINE  MM
  AVERAGE SKY COVER 0.3


WEATHER CONDITIONS
 THE FOLLOWING WEATHER WAS RECORDED YESTERDAY.
  THUNDERSTORM
  LIGHT RAIN
  FOG


RELATIVE HUMIDITY (PERCENT)
 HIGHEST    90          1200 AM
 LOWEST     45           700 PM
 AVERAGE    68

..........................................................


THE SAN ANGELO CLIMATE NORMALS FOR TODAY
                         NORMAL    RECORD    YEAR
 MAXIMUM TEMPERATURE (F)   95       109      1986
 MINIMUM TEMPERATURE (F)   71        57      1940


SUNRISE AND SUNSET
AUGUST 20 2014........SUNRISE   711 AM CDT   SUNSET   820 PM CDT
AUGUST 21 2014........SUNRISE   711 AM CDT   SUNSET   818 PM CDT


-  INDICATES NEGATIVE NUMBERS.
R  INDICATES RECORD WAS SET OR TIED.
MM INDICATES DATA IS MISSING.
T  INDICATES TRACE AMOUNT.




$$
