000
CDCA42 TJSJ 060428
CLISJU


CLIMATE REPORT
NATIONAL WEATHER SERVICE SAN JUAN, PR
1227 AM AST SAT FEB 6 2016


...................................

...THE SAN JUAN AREA/PR CLIMATE SUMMARY FOR FEBRUARY 5 2016...

CLIMATE NORMAL PERIOD 1981 TO 2010
CLIMATE RECORD PERIOD 1898 TO 2016


WEATHER ITEM   OBSERVED TIME   RECORD YEAR NORMAL DEPARTURE LAST
                VALUE   (LST)  VALUE       VALUE  FROM      YEAR
                                                  NORMAL
..................................................................
TEMPERATURE (F)
 YESTERDAY
  MAXIMUM         83    109 PM  91    1995  83      0       85
  MINIMUM         71    825 PM  62    1968  72     -1       73
  AVERAGE         77                        78     -1       79

PRECIPITATION (IN)
  YESTERDAY        0.61          0.80 1998   0.09   0.52     0.00
  MONTH TO DATE    0.78                      0.46   0.32     0.03
  SINCE DEC 1      5.85                      9.24  -3.39    10.50
  SINCE JAN 1      2.38                      4.22  -1.84     4.99

SNOWFALL (IN)
  YESTERDAY        0.0                       0.0    0.0      0.0
  MONTH TO DATE    0.0                       0.0    0.0      0.0
  SINCE DEC 1      0.0                       0.0    0.0      0.0
  SINCE JUL 1      0.0                       0.0    0.0      0.0

DEGREE DAYS
 HEATING
  YESTERDAY        0                         0      0        0
  MONTH TO DATE    0                         0      0        0
  SINCE DEC 1      0                         0      0        0
  SINCE JUL 1      0                         0      0        0

 COOLING
  YESTERDAY       12                        13     -1       14
  MONTH TO DATE   67                        65      2       70
  SINCE DEC 1    970                       879     91      959
  SINCE JAN 1    498                       456     42      508
..................................................................


WIND (MPH)
  HIGHEST WIND SPEED    10   HIGHEST WIND DIRECTION     W (260)
  HIGHEST GUST SPEED    22   HIGHEST GUST DIRECTION     N (360)
  AVERAGE WIND SPEED     4.5


SKY COVER
  AVERAGE SKY COVER 0.7


WEATHER CONDITIONS
 THE FOLLOWING WEATHER WAS RECORDED YESTERDAY.
  HEAVY RAIN
  LIGHT RAIN
  FOG


RELATIVE HUMIDITY (PERCENT)
 HIGHEST    93
 LOWEST     58
 AVERAGE    76

..........................................................


THE SAN JUAN AREA/PR CLIMATE NORMALS FOR TODAY
                         NORMAL    RECORD    YEAR
 MAXIMUM TEMPERATURE (F)   83        90      1998
 MINIMUM TEMPERATURE (F)   72        62      1968


SUNRISE AND SUNSET
FEBRUARY  6 2016......SUNRISE   656 AM AST   SUNSET   620 PM AST
FEBRUARY  7 2016......SUNRISE   655 AM AST   SUNSET   621 PM AST


-  INDICATES NEGATIVE NUMBERS.
R  INDICATES RECORD WAS SET OR TIED.
MM INDICATES DATA IS MISSING.
T  INDICATES TRACE AMOUNT.




$$
