000
CDCA42 TJSJ 162127
CLISJU


CLIMATE REPORT
NATIONAL WEATHER SERVICE SAN JUAN, PR
527 PM AST WED APR 16 2014


...................................

...THE SAN JUAN/P.R. CLIMATE SUMMARY FOR APRIL 16 2014...
VALID TODAY AS OF 0500 PM LOCAL TIME.

CLIMATE NORMAL PERIOD 1981 TO 2010
CLIMATE RECORD PERIOD 1898 TO 2014


WEATHER ITEM   OBSERVED TIME   RECORD YEAR NORMAL DEPARTURE LAST
                VALUE   (LST)  VALUE       VALUE  FROM      YEAR
                                                  NORMAL
..................................................................
TEMPERATURE (F)
 TODAY
  MAXIMUM         87    311 PM  93    2005  86      1       88
                                      1984
  MINIMUM         77    719 AM  67    1950  74      3       71
  AVERAGE         82                        80      2       80

PRECIPITATION (IN)
  TODAY            T             2.67 1998   0.16  -0.16     1.47
  MONTH TO DATE    1.22                      2.10  -0.88     2.75
  SINCE MAR 1      1.73                      4.05  -2.32     4.67
  SINCE JAN 1      7.77                     10.20  -2.43     8.77

SNOWFALL (IN)
  TODAY            0.0
  MONTH TO DATE    0.0
  SINCE MAR 1      0.0
  SINCE JUL 1      0.0

DEGREE DAYS
 HEATING
  TODAY            0                         0      0        0
  MONTH TO DATE    0                         0      0        0
  SINCE MAR 1      0                         0      0        0
  SINCE JUL 1      0                         0      0        0

 COOLING
  TODAY           17                        15      2       15
  MONTH TO DATE  269                       240     29      275
  SINCE MAR 1    747                       671     76      730
  SINCE JAN 1   1635                      1422    213     1526
..................................................................


WIND (MPH)
  RESULTANT WIND SPEED   7   RESULTANT WIND DIRECTION   E (70)
  HIGHEST WIND SPEED    18   HIGHEST WIND DIRECTION     E (80)
  HIGHEST GUST SPEED    23   HIGHEST GUST DIRECTION     E (80)
  AVERAGE WIND SPEED     7.4


SKY COVER
  POSSIBLE SUNSHINE  MM
  AVERAGE SKY COVER 0.3


WEATHER CONDITIONS
 THE FOLLOWING WEATHER WAS RECORDED TODAY.
  LIGHT RAIN


RELATIVE HUMIDITY (PERCENT)
 HIGHEST    82
 LOWEST     55
 AVERAGE    69

..........................................................


THE SAN JUAN/P.R. CLIMATE NORMALS FOR TOMORROW
                         NORMAL    RECORD    YEAR
 MAXIMUM TEMPERATURE (F)   86        97      1983
 MINIMUM TEMPERATURE (F)   75        67      1965


SUNRISE AND SUNSET
APRIL 16 2014.........SUNRISE   607 AM AST   SUNSET   641 PM AST
APRIL 17 2014.........SUNRISE   606 AM AST   SUNSET   641 PM AST


-  INDICATES NEGATIVE NUMBERS.
R  INDICATES RECORD WAS SET OR TIED.
MM INDICATES DATA IS MISSING.
T  INDICATES TRACE AMOUNT.




$$
