000
CDCA42 TJSJ 202125
CLISJU


CLIMATE REPORT
NATIONAL WEATHER SERVICE SAN JUAN, PR
525 PM AST MON FEB 20 2017


...................................

...THE SAN JUAN AREA/PR CLIMATE SUMMARY FOR FEBRUARY 20 2017...
VALID TODAY AS OF 0500 PM LOCAL TIME.

CLIMATE NORMAL PERIOD 1981 TO 2010
CLIMATE RECORD PERIOD 1898 TO 2017


WEATHER ITEM   OBSERVED TIME   RECORD YEAR NORMAL DEPARTURE LAST
                VALUE   (LST)  VALUE       VALUE  FROM      YEAR
                                                  NORMAL
..................................................................
TEMPERATURE (F)
 TODAY
  MAXIMUM         88   1211 PM  91    1980  84      4       83
  MINIMUM         72    703 AM  65    1959  72      0       72
  AVERAGE         80                        78      2       78

PRECIPITATION (IN)
  TODAY            0.00          1.98 1915   0.08  -0.08     0.07
  MONTH TO DATE    0.97                      1.78  -0.81     3.45
  SINCE DEC 1      7.16                     10.56  -3.40     8.52
  SINCE JAN 1      2.86                      5.54  -2.68     5.05

SNOWFALL (IN)
  TODAY            0.0                       0.0    0.0      0.0
  MONTH TO DATE    0.0                       0.0    0.0      0.0
  SINCE DEC 1      0.0                       0.0    0.0      0.0
  SINCE JUL 1      0.0                       0.0    0.0      0.0

DEGREE DAYS
 HEATING
  TODAY            0                         0      0        0
  MONTH TO DATE    0                         0      0        0
  SINCE DEC 1      0                         0      0        0
  SINCE JUL 1      0                         0      0        0

 COOLING
  TODAY           15                        13      2       13
  MONTH TO DATE  302                       260     42      279
  SINCE DEC 1   1230                      1074    156     1182
  SINCE JAN 1    735                       651     84      710
..................................................................


WIND (MPH)
  HIGHEST WIND SPEED    16   HIGHEST WIND DIRECTION    NW (300)
  HIGHEST GUST SPEED    20   HIGHEST GUST DIRECTION    NW (300)
  AVERAGE WIND SPEED     5.8


SKY COVER
  AVERAGE SKY COVER 0.3


WEATHER CONDITIONS
 THE FOLLOWING WEATHER WAS RECORDED TODAY.
  NO SIGNIFICANT WEATHER WAS OBSERVED.


RELATIVE HUMIDITY (PERCENT)
 HIGHEST    94
 LOWEST     50
 AVERAGE    72

..........................................................


THE SAN JUAN AREA/PR CLIMATE NORMALS FOR TOMORROW
                         NORMAL    RECORD    YEAR
 MAXIMUM TEMPERATURE (F)   84        91      1978
 MINIMUM TEMPERATURE (F)   72        65      1957


SUNRISE AND SUNSET
FEBRUARY 20 2017......SUNRISE   649 AM AST   SUNSET   627 PM AST
FEBRUARY 21 2017......SUNRISE   648 AM AST   SUNSET   627 PM AST


-  INDICATES NEGATIVE NUMBERS.
R  INDICATES RECORD WAS SET OR TIED.
MM INDICATES DATA IS MISSING.
T  INDICATES TRACE AMOUNT.




$$
