000
CDUS45 KSLC 241239
CLISLC


CLIMATE REPORT
NATIONAL WEATHER SERVICE SALT LAKE CITY UT
638 AM MDT THU JUL 24 2014


...................................

...THE SALT LAKE CITY UT CLIMATE SUMMARY FOR JULY 23 2014...

CLIMATE NORMAL PERIOD 1981 TO 2010
CLIMATE RECORD PERIOD 1874 TO 2014


WEATHER ITEM   OBSERVED TIME   RECORD YEAR NORMAL DEPARTURE LAST
                VALUE   (LST)  VALUE       VALUE  FROM      YEAR
                                                  NORMAL
..................................................................
TEMPERATURE (F)
 YESTERDAY
  MAXIMUM        103    525 PM 104    2003  94      9      100
  MINIMUM         73    515 AM  47    1954  66      7       72
  AVERAGE         88                        80      8       86

PRECIPITATION (IN)
  YESTERDAY        0.00          0.77 1893   0.02  -0.02     0.00
  MONTH TO DATE    0.22                      0.44  -0.22     1.15
  SINCE OCT 1     10.90                     14.03  -3.13    11.84
  SINCE JAN 1      7.89                      9.65  -1.76     7.27

SNOWFALL (IN)
  YESTERDAY        0.0          MM      MM   0.0    0.0      0.0
  MONTH TO DATE    0.0                       0.0    0.0      0.0
  SINCE OCT 1     35.5                      56.2  -20.7     69.9
  SINCE JUL 1      0.0                       0.0    0.0      0.0
  SNOW DEPTH       0

DEGREE DAYS
 HEATING
  YESTERDAY        0                         0      0        0
  MONTH TO DATE    0                         0      0        0
  SINCE JUN 1     39                        46     -7        4
  SINCE JUL 1      0                         0      0        0

 COOLING
  YESTERDAY       23                        15      8       21
  MONTH TO DATE  414                       306    108      452
  SINCE JUN 1    594                       493    101      775
  SINCE JAN 1    656                       543    113      845
..................................................................


WIND (MPH)
  RESULTANT WIND SPEED  12   RESULTANT WIND DIRECTION   S (170)
  HIGHEST WIND SPEED    24   HIGHEST WIND DIRECTION     S (180)
  HIGHEST GUST SPEED    37   HIGHEST GUST DIRECTION     S (200)
  AVERAGE WIND SPEED    14.8


SKY COVER
  POSSIBLE SUNSHINE  MM
  AVERAGE SKY COVER 0.1


WEATHER CONDITIONS
 THE FOLLOWING WEATHER WAS RECORDED YESTERDAY.
  NO SIGNIFICANT WEATHER WAS OBSERVED.


RELATIVE HUMIDITY (PERCENT)
 HIGHEST    31           100 AM
 LOWEST      8           500 PM
 AVERAGE    20

..........................................................


THE SALT LAKE CITY UT CLIMATE NORMALS FOR TODAY
                         NORMAL    RECORD    YEAR
 MAXIMUM TEMPERATURE (F)   94       105      1931
 MINIMUM TEMPERATURE (F)   66        50      1954


SUNRISE AND SUNSET
JULY 24 2014..........SUNRISE   617 AM MDT   SUNSET   851 PM MDT
JULY 25 2014..........SUNRISE   618 AM MDT   SUNSET   850 PM MDT


-  INDICATES NEGATIVE NUMBERS.
R  INDICATES RECORD WAS SET OR TIED.
MM INDICATES DATA IS MISSING.
T  INDICATES TRACE AMOUNT.




$$
