000
CDUS45 KSLC 231232
CLISLC


CLIMATE REPORT
NATIONAL WEATHER SERVICE SALT LAKE CITY UT
531 AM MST TUE JAN 23 2018


...................................

...THE SALT LAKE CITY UT CLIMATE SUMMARY FOR JANUARY 22 2018...

CLIMATE NORMAL PERIOD 1981 TO 2010
CLIMATE RECORD PERIOD 1874 TO 2018


WEATHER ITEM   OBSERVED TIME   RECORD YEAR NORMAL DEPARTURE LAST
                VALUE   (LST)  VALUE       VALUE  FROM      YEAR
                                                  NORMAL
..................................................................
TEMPERATURE (F)
 YESTERDAY
  MAXIMUM         35    919 PM  56    1970  38     -3       38
  MINIMUM         24    752 AM -14    1937  22      2       26
                                      1930
  AVERAGE         30                        30      0       32

PRECIPITATION (IN)
  YESTERDAY        T             0.81 1951   0.04  -0.04     0.01
  MONTH TO DATE    0.78                      0.91  -0.13     1.72
  SINCE OCT 1      2.91                      5.29  -2.38     6.36
  SINCE JAN 1      0.78                      0.91  -0.13     1.72

SNOWFALL (IN)
  YESTERDAY        T             5.4  1949   0.4   -0.4       T
  MONTH TO DATE    9.2                       9.3   -0.1     20.5
  SINCE OCT 1     16.9                      31.5  -14.6     37.3
  SINCE JUL 1     16.9                      31.5  -14.6     37.3
  SNOW DEPTH       5

DEGREE DAYS
 HEATING
  YESTERDAY       35                        35      0       33
  MONTH TO DATE  589                       789   -200      808
  SINCE DEC 1   1574                      1865   -291     1901
  SINCE JUL 1   2596                      3083   -487     2700

 COOLING
  YESTERDAY        0                         0      0        0
  MONTH TO DATE    0                         0      0        0
  SINCE DEC 1      0                         0      0        0
  SINCE JAN 1      0                         0      0        0
..................................................................


WIND (MPH)
  RESULTANT WIND SPEED   9   RESULTANT WIND DIRECTION  SE (150)
  HIGHEST WIND SPEED    18   HIGHEST WIND DIRECTION     S (160)
  HIGHEST GUST SPEED    22   HIGHEST GUST DIRECTION     S (170)
  AVERAGE WIND SPEED     9.0


SKY COVER
  POSSIBLE SUNSHINE  MM
  AVERAGE SKY COVER 0.7


WEATHER CONDITIONS
 THE FOLLOWING WEATHER WAS RECORDED YESTERDAY.
  LIGHT SNOW


RELATIVE HUMIDITY (PERCENT)
 HIGHEST    74           100 AM
 LOWEST     47           600 PM
 AVERAGE    61

..........................................................


THE SALT LAKE CITY UT CLIMATE NORMALS FOR TODAY
                         NORMAL    RECORD    YEAR
 MAXIMUM TEMPERATURE (F)   38        60      1970
 MINIMUM TEMPERATURE (F)   22       -14      1962


SUNRISE AND SUNSET
JANUARY 23 2018.......SUNRISE   745 AM MST   SUNSET   535 PM MST
JANUARY 24 2018.......SUNRISE   745 AM MST   SUNSET   536 PM MST


-  INDICATES NEGATIVE NUMBERS.
R  INDICATES RECORD WAS SET OR TIED.
MM INDICATES DATA IS MISSING.
T  INDICATES TRACE AMOUNT.




$$
