000
CDUS45 KSLC 281225
CLISLC


CLIMATE REPORT
NATIONAL WEATHER SERVICE SALT LAKE CITY UT
625 AM MDT SUN MAY 28 2017


...................................

...THE SALT LAKE CITY UT CLIMATE SUMMARY FOR MAY 27 2017...

CLIMATE NORMAL PERIOD 1981 TO 2010
CLIMATE RECORD PERIOD 1874 TO 2017


WEATHER ITEM   OBSERVED TIME   RECORD YEAR NORMAL DEPARTURE LAST
                VALUE   (LST)  VALUE       VALUE  FROM      YEAR
                                                  NORMAL
..................................................................
TEMPERATURE (F)
 YESTERDAY
  MAXIMUM         71    534 PM  93    1951  76     -5       74
  MINIMUM         46    543 AM  33    1929  51     -5       53
  AVERAGE         59                        63     -4       64

PRECIPITATION (IN)
  YESTERDAY        0.00          0.72 1899   0.05  -0.05     0.01
  MONTH TO DATE    0.61                      1.73  -1.12     1.57
  SINCE OCT 1     15.64                     12.39   3.25    10.89
  SINCE JAN 1     11.00                      8.01   2.99     7.64

SNOWFALL (IN)
  YESTERDAY        0.0           T    1995   0.0    0.0      0.0
                                      1929
  MONTH TO DATE    0.1                       0.3   -0.2      0.0
  SINCE OCT 1     51.4                      56.2   -4.8     34.3
  SINCE JUL 1     51.4                      56.2   -4.8     34.3
  SNOW DEPTH       0

DEGREE DAYS
 HEATING
  YESTERDAY        6                         4      2        1
  MONTH TO DATE  141                       190    -49      132
  SINCE MAR 1   1028                      1290   -262      976
  SINCE JUL 1   4781                      5546   -765     4821

 COOLING
  YESTERDAY        0                         2     -2        0
  MONTH TO DATE   43                        36      7       30
  SINCE MAR 1     45                        40      5       40
  SINCE JAN 1     45                        40      5       40
..................................................................


WIND (MPH)
  RESULTANT WIND SPEED   5   RESULTANT WIND DIRECTION  NW (310)
  HIGHEST WIND SPEED    17   HIGHEST WIND DIRECTION     W (290)
  HIGHEST GUST SPEED    23   HIGHEST GUST DIRECTION     W (290)
  AVERAGE WIND SPEED     6.4


SKY COVER
  POSSIBLE SUNSHINE  MM
  AVERAGE SKY COVER 0.0


WEATHER CONDITIONS
 THE FOLLOWING WEATHER WAS RECORDED YESTERDAY.
  NO SIGNIFICANT WEATHER WAS OBSERVED.


RELATIVE HUMIDITY (PERCENT)
 HIGHEST    76           600 AM
 LOWEST     28           300 PM
 AVERAGE    52

..........................................................


THE SALT LAKE CITY UT CLIMATE NORMALS FOR TODAY
                         NORMAL    RECORD    YEAR
 MAXIMUM TEMPERATURE (F)   76        99      2003
 MINIMUM TEMPERATURE (F)   51        32      1954


SUNRISE AND SUNSET
MAY 28 2017...........SUNRISE   601 AM MDT   SUNSET   850 PM MDT
MAY 29 2017...........SUNRISE   600 AM MDT   SUNSET   851 PM MDT


-  INDICATES NEGATIVE NUMBERS.
R  INDICATES RECORD WAS SET OR TIED.
MM INDICATES DATA IS MISSING.
T  INDICATES TRACE AMOUNT.




$$
