000
CDUS45 KSLC 211243
CLISLC


CLIMATE REPORT
NATIONAL WEATHER SERVICE SALT LAKE CITY UT
642 AM MDT MON APR 21 2014


...................................

...THE SALT LAKE CITY UT CLIMATE SUMMARY FOR APRIL 20 2014...

CLIMATE NORMAL PERIOD 1981 TO 2010
CLIMATE RECORD PERIOD 1874 TO 2014


WEATHER ITEM   OBSERVED TIME   RECORD YEAR NORMAL DEPARTURE LAST
                VALUE   (LST)  VALUE       VALUE  FROM      YEAR
                                                  NORMAL
..................................................................
TEMPERATURE (F)
 YESTERDAY
  MAXIMUM         71    243 PM  85    1989  63      8       59
                                      1980
  MINIMUM         51   1159 PM  24    1982  40     11       44
  AVERAGE         61                        52      9       52

PRECIPITATION (IN)
  YESTERDAY        0.01          0.90 1932   0.06  -0.05     0.20
  MONTH TO DATE    0.26                      1.31  -1.05     1.95
  SINCE OCT 1      7.15                      9.98  -2.83     9.43
  SINCE JAN 1      4.14                      5.60  -1.46     4.86

SNOWFALL (IN)
  YESTERDAY        0.0           5.4  1968   0.1   -0.1      0.0
  MONTH TO DATE    T                         3.2   -3.2      0.1
  SINCE OCT 1     35.5                      55.1  -19.6     69.9
  SINCE JUL 1     35.5                      55.1  -19.6     69.9
  SNOW DEPTH       0

DEGREE DAYS
 HEATING
  YESTERDAY        4                        14    -10       13
  MONTH TO DATE  230                       317    -87      344
  SINCE MAR 1    717                       979   -262      970
  SINCE JUL 1   4704                      5235   -531     5202

 COOLING
  YESTERDAY        0                         0      0        0
  MONTH TO DATE    0                         0      0        0
  SINCE MAR 1      0                         0      0        0
  SINCE JAN 1      0                         0      0        0
..................................................................


WIND (MPH)
  RESULTANT WIND SPEED   3   RESULTANT WIND DIRECTION  NW (320)
  HIGHEST WIND SPEED    18   HIGHEST WIND DIRECTION     W (280)
  HIGHEST GUST SPEED    23   HIGHEST GUST DIRECTION     W (280)
  AVERAGE WIND SPEED     7.8


SKY COVER
  POSSIBLE SUNSHINE  MM
  AVERAGE SKY COVER 0.2


WEATHER CONDITIONS
 THE FOLLOWING WEATHER WAS RECORDED YESTERDAY.
  NO SIGNIFICANT WEATHER WAS OBSERVED.


RELATIVE HUMIDITY (PERCENT)
 HIGHEST    72           800 AM
 LOWEST     16           500 PM
 AVERAGE    44

..........................................................


THE SALT LAKE CITY UT CLIMATE NORMALS FOR TODAY
                         NORMAL    RECORD    YEAR
 MAXIMUM TEMPERATURE (F)   63        85      1994
 MINIMUM TEMPERATURE (F)   41        22      1982


SUNRISE AND SUNSET
APRIL 21 2014.........SUNRISE   640 AM MDT   SUNSET   814 PM MDT
APRIL 22 2014.........SUNRISE   639 AM MDT   SUNSET   815 PM MDT


-  INDICATES NEGATIVE NUMBERS.
R  INDICATES RECORD WAS SET OR TIED.
MM INDICATES DATA IS MISSING.
T  INDICATES TRACE AMOUNT.




$$
