531
CDUS45 KSLC 061227
CLISLC


CLIMATE REPORT
NATIONAL WEATHER SERVICE SALT LAKE CITY UT
527 AM MST SAT FEB 6 2016


...................................

...THE SALT LAKE CITY UT CLIMATE SUMMARY FOR FEBRUARY 5 2016...

CLIMATE NORMAL PERIOD 1981 TO 2010
CLIMATE RECORD PERIOD 1874 TO 2016


WEATHER ITEM   OBSERVED TIME   RECORD YEAR NORMAL DEPARTURE LAST
                VALUE   (LST)  VALUE       VALUE  FROM      YEAR
                                                  NORMAL
..................................................................
TEMPERATURE (F)
 YESTERDAY
  MAXIMUM         41    413 PM  65    2015  40      1       65
  MINIMUM         26   1159 PM  -8    1989  23      3       40
  AVERAGE         34                        31      3       53

PRECIPITATION (IN)
  YESTERDAY        0.02          0.66 1884   0.04  -0.02     0.00
  MONTH TO DATE    0.11                      0.20  -0.09     0.04
  SINCE OCT 1      5.30                      5.83  -0.53     2.91
  SINCE JAN 1      2.05                      1.45   0.60     0.90

SNOWFALL (IN)
  YESTERDAY        0.7           6.2  1974   0.4    0.3      0.0
  MONTH TO DATE    1.9                       2.0   -0.1      0.0
  SINCE OCT 1     29.7                      36.7   -7.0      6.8
  SINCE JUL 1     29.7                      36.7   -7.0      6.8
  SNOW DEPTH       3

DEGREE DAYS
 HEATING
  YESTERDAY       31                        34     -3       12
  MONTH TO DATE  198                       170     28       84
  SINCE DEC 1   2298                      2346    -48     1878
  SINCE JUL 1   3240                      3564   -324     2848

 COOLING
  YESTERDAY        0                         0      0        0
  MONTH TO DATE    0                         0      0        0
  SINCE DEC 1      0                         0      0        0
  SINCE JAN 1      0                         0      0        0
..................................................................


WIND (MPH)
  RESULTANT WIND SPEED   5   RESULTANT WIND DIRECTION  SE (150)
  HIGHEST WIND SPEED    10   HIGHEST WIND DIRECTION     S (160)
  HIGHEST GUST SPEED    13   HIGHEST GUST DIRECTION    SE (140)
  AVERAGE WIND SPEED     6.0


SKY COVER
  POSSIBLE SUNSHINE  MM
  AVERAGE SKY COVER 0.5


WEATHER CONDITIONS
 THE FOLLOWING WEATHER WAS RECORDED YESTERDAY.
  LIGHT SNOW
  FOG
  HAZE


RELATIVE HUMIDITY (PERCENT)
 HIGHEST    92           200 AM
 LOWEST     50           400 PM
 AVERAGE    71

..........................................................


THE SALT LAKE CITY UT CLIMATE NORMALS FOR TODAY
                         NORMAL    RECORD    YEAR
 MAXIMUM TEMPERATURE (F)   40        68      2015
 MINIMUM TEMPERATURE (F)   23       -14      1989


SUNRISE AND SUNSET
FEBRUARY  6 2016......SUNRISE   733 AM MST   SUNSET   551 PM MST
FEBRUARY  7 2016......SUNRISE   732 AM MST   SUNSET   552 PM MST


-  INDICATES NEGATIVE NUMBERS.
R  INDICATES RECORD WAS SET OR TIED.
MM INDICATES DATA IS MISSING.
T  INDICATES TRACE AMOUNT.




$$
