000
CDUS45 KSLC 250037
CLISLC


CLIMATE REPORT
NATIONAL WEATHER SERVICE SALT LAKE CITY UT
637 PM MDT THU APR 24 2014


...................................

...THE SALT LAKE CITY UT CLIMATE SUMMARY FOR APRIL 24 2014...
VALID TODAY AS OF 0500 PM LOCAL TIME.

CLIMATE NORMAL PERIOD 1981 TO 2010
CLIMATE RECORD PERIOD 1874 TO 2014


WEATHER ITEM   OBSERVED TIME   RECORD YEAR NORMAL DEPARTURE LAST
                VALUE   (LST)  VALUE       VALUE  FROM      YEAR
                                                  NORMAL
..................................................................
TEMPERATURE (F)
 TODAY
  MAXIMUM         67    453 PM  86    2012  64      3       61
  MINIMUM         39    339 AM  27    1950  41     -2       37
  AVERAGE         53                        53      0       49

PRECIPITATION (IN)
  TODAY            0.00          0.70 1945   0.06  -0.06     0.00
  MONTH TO DATE    0.56                      1.57  -1.01     1.95
  SINCE OCT 1      7.45                     10.24  -2.79     9.43
  SINCE JAN 1      4.44                      5.86  -1.42     4.86

SNOWFALL (IN)
  TODAY            0.0           1.6  1958   0.1   -0.1      0.0
                                      1945
  MONTH TO DATE    T                         3.6   -3.6      0.1
  SINCE OCT 1     35.5                      55.5  -20.0     69.9
  SINCE JUL 1     35.5                      55.5  -20.0     69.9
  SNOW DEPTH       0

DEGREE DAYS
 HEATING
  TODAY           12                        13     -1       16
  MONTH TO DATE  274                       369    -95      414
  SINCE MAR 1    761                      1031   -270     1040
  SINCE JUL 1   4748                      5287   -539     5272

 COOLING
  TODAY            0                         0      0        0
  MONTH TO DATE    0                         0      0        0
  SINCE MAR 1      0                         0      0        0
  SINCE JAN 1      0                         0      0        0
..................................................................


WIND (MPH)
  RESULTANT WIND SPEED  11   RESULTANT WIND DIRECTION   S (160)
  HIGHEST WIND SPEED    24   HIGHEST WIND DIRECTION     S (160)
  HIGHEST GUST SPEED    29   HIGHEST GUST DIRECTION     S (160)
  AVERAGE WIND SPEED    13.3


SKY COVER
  POSSIBLE SUNSHINE  MM
  AVERAGE SKY COVER 0.2


WEATHER CONDITIONS
 THE FOLLOWING WEATHER WAS RECORDED TODAY.
  NO SIGNIFICANT WEATHER WAS OBSERVED.


RELATIVE HUMIDITY (PERCENT)
 HIGHEST    51           600 AM
 LOWEST     16           200 PM
 AVERAGE    34

..........................................................


THE SALT LAKE CITY UT CLIMATE NORMALS FOR TOMORROW
                         NORMAL    RECORD    YEAR
 MAXIMUM TEMPERATURE (F)   64        84      1946
 MINIMUM TEMPERATURE (F)   42        26      1950


SUNRISE AND SUNSET
APRIL 24 2014.........SUNRISE   636 AM MDT   SUNSET   817 PM MDT
APRIL 25 2014.........SUNRISE   634 AM MDT   SUNSET   818 PM MDT


-  INDICATES NEGATIVE NUMBERS.
R  INDICATES RECORD WAS SET OR TIED.
MM INDICATES DATA IS MISSING.
T  INDICATES TRACE AMOUNT.




$$
