000
CDUS45 KSLC 281233
CLISLC


CLIMATE REPORT
NATIONAL WEATHER SERVICE SALT LAKE CITY UT
632 AM MDT TUE JUL 28 2015


...................................

...THE SALT LAKE CITY UT CLIMATE SUMMARY FOR JULY 27 2015...

CLIMATE NORMAL PERIOD 1981 TO 2010
CLIMATE RECORD PERIOD 1874 TO 2015


WEATHER ITEM   OBSERVED TIME   RECORD YEAR NORMAL DEPARTURE LAST
                VALUE   (LST)  VALUE       VALUE  FROM      YEAR
                                                  NORMAL
..................................................................
TEMPERATURE (F)
 YESTERDAY
  MAXIMUM         84    148 AM 105    1994  94    -10       99
  MINIMUM         61   1159 PM  48    1963  66     -5       65
  AVERAGE         73                        80     -7       82

PRECIPITATION (IN)
  YESTERDAY        0.00          0.57 1951   0.02  -0.02     0.00
  MONTH TO DATE    1.22                      0.52   0.70     0.22
  SINCE OCT 1     12.27                     14.11  -1.84    10.90
  SINCE JAN 1     10.26                      9.73   0.53     7.89

SNOWFALL (IN)
  YESTERDAY        0.0          MM      MM   0.0    0.0      0.0
  MONTH TO DATE    0.0                       0.0    0.0      0.0
  SINCE OCT 1     15.4                      56.2  -40.8     35.5
  SINCE JUL 1      0.0                       0.0    0.0      0.0
  SNOW DEPTH       0

DEGREE DAYS
 HEATING
  YESTERDAY        0                         0      0        0
  MONTH TO DATE    0                         0      0        0
  SINCE JUN 1      0                        46    -46       39
  SINCE JUL 1      0                         0      0        0

 COOLING
  YESTERDAY        8                        15     -7       17
  MONTH TO DATE  362                       366     -4      476
  SINCE JUN 1    742                       553    189      656
  SINCE JAN 1    773                       603    170      718
..................................................................


WIND (MPH)
  RESULTANT WIND SPEED   4   RESULTANT WIND DIRECTION  NW (310)
  HIGHEST WIND SPEED    30   HIGHEST WIND DIRECTION     N (350)
  HIGHEST GUST SPEED    36   HIGHEST GUST DIRECTION    NW (320)
  AVERAGE WIND SPEED    15.7


SKY COVER
  POSSIBLE SUNSHINE  MM
  AVERAGE SKY COVER 0.1


WEATHER CONDITIONS
 THE FOLLOWING WEATHER WAS RECORDED YESTERDAY.
  HAZE


RELATIVE HUMIDITY (PERCENT)
 HIGHEST    43          1100 PM
 LOWEST     11           100 AM
 AVERAGE    27

..........................................................


THE SALT LAKE CITY UT CLIMATE NORMALS FOR TODAY
                         NORMAL    RECORD    YEAR
 MAXIMUM TEMPERATURE (F)   94       106      1934
 MINIMUM TEMPERATURE (F)   66        51      1929


SUNRISE AND SUNSET
JULY 28 2015..........SUNRISE   620 AM MDT   SUNSET   848 PM MDT
JULY 29 2015..........SUNRISE   621 AM MDT   SUNSET   847 PM MDT


-  INDICATES NEGATIVE NUMBERS.
R  INDICATES RECORD WAS SET OR TIED.
MM INDICATES DATA IS MISSING.
T  INDICATES TRACE AMOUNT.




$$
