000
CDUS46 KPQR 201143
CLISLE


CLIMATE REPORT
NATIONAL WEATHER SERVICE PORTLAND OREGON
442 AM PDT MON OCT 20 2014


...................................

...THE SALEM OR CLIMATE SUMMARY FOR OCTOBER 19 2014...

CLIMATE NORMAL PERIOD 1981 TO 2010
CLIMATE RECORD PERIOD 1892 TO 2014


WEATHER ITEM   OBSERVED TIME   RECORD YEAR NORMAL DEPARTURE LAST
                VALUE   (LST)  VALUE       VALUE  FROM      YEAR
                                                  NORMAL
..................................................................
TEMPERATURE (F)
 YESTERDAY
  MAXIMUM         75    354 PM  81    1940  63     12       70
  MINIMUM         53    155 AM  27    1982  42     11       36
  AVERAGE         64                        52     12       53

PRECIPITATION (IN)
  YESTERDAY        0.01          1.51 1947   0.11  -0.10     0.00
  MONTH TO DATE    1.48                      1.46   0.02     0.57
  SINCE OCT 1      1.48                      1.46   0.02     0.57
  SINCE JAN 1     25.50                     24.74   0.76    19.57

DEGREE DAYS
 HEATING
  YESTERDAY        1                        13    -12       12
  MONTH TO DATE   69                       190   -121      245
  SINCE SEP 1     97                       299   -202      297
  SINCE JUL 1    101                       355   -254      302

 COOLING
  YESTERDAY        0                         0      0        0
  MONTH TO DATE   14                         0     14        0
  SINCE SEP 1     87                        37     50       75
  SINCE JAN 1    605                       289    316      502
..................................................................


WIND (MPH)
  HIGHEST WIND SPEED    12   HIGHEST WIND DIRECTION    SW (210)
  HIGHEST GUST SPEED    16   HIGHEST GUST DIRECTION     S (190)
  AVERAGE WIND SPEED     4.4


SKY COVER
  POSSIBLE SUNSHINE  MM
  AVERAGE SKY COVER 0.5


WEATHER CONDITIONS
 THE FOLLOWING WEATHER WAS RECORDED YESTERDAY.
  LIGHT RAIN
  FOG


RELATIVE HUMIDITY (PERCENT)
 HIGHEST   100           300 AM
 LOWEST     53           200 PM
 AVERAGE    77

..........................................................


THE SALEM OR CLIMATE NORMALS FOR TODAY
                         NORMAL    RECORD    YEAR
 MAXIMUM TEMPERATURE (F)   62        77      2003
 MINIMUM TEMPERATURE (F)   42        25      1919


SUNRISE AND SUNSET
OCTOBER 20 2014.......SUNRISE   734 AM PDT   SUNSET   619 PM PDT
OCTOBER 21 2014.......SUNRISE   736 AM PDT   SUNSET   617 PM PDT


-  INDICATES NEGATIVE NUMBERS.
R  INDICATES RECORD WAS SET OR TIED.
MM INDICATES DATA IS MISSING.
T  INDICATES TRACE AMOUNT.




$$
