000
CDUS46 KPQR 291143
CLISLE


CLIMATE REPORT
NATIONAL WEATHER SERVICE PORTLAND OREGON
442 AM PDT FRI APR 29 2016


...................................

...THE SALEM OR CLIMATE SUMMARY FOR APRIL 28 2016...

CLIMATE NORMAL PERIOD 1981 TO 2010
CLIMATE RECORD PERIOD 1892 TO 2016


WEATHER ITEM   OBSERVED TIME   RECORD YEAR NORMAL DEPARTURE LAST
                VALUE   (LST)  VALUE       VALUE  FROM      YEAR
                                                  NORMAL
..................................................................
TEMPERATURE (F)
 YESTERDAY
  MAXIMUM         64    323 PM  93    1926  64      0       65
  MINIMUM         45    110 AM  28    1973  41      4       43
  AVERAGE         55                        52      3       54

PRECIPITATION (IN)
  YESTERDAY        0.00          0.69 1969   0.07  -0.07     0.02
  MONTH TO DATE    2.01                      2.67  -0.66     2.10
  SINCE OCT 1     42.65                     33.57   9.08    31.42
  SINCE JAN 1     19.10                     17.18   1.92    13.88

DEGREE DAYS
 HEATING
  YESTERDAY       10                        13     -3       11
  MONTH TO DATE  224                       415   -191      392
  SINCE MAR 1    702                       978   -276      804
  SINCE JUL 1   3358                      4218   -860     3274

 COOLING
  YESTERDAY        0                         0      0        0
  MONTH TO DATE    7                         0      7        0
  SINCE MAR 1      7                         0      7        0
  SINCE JAN 1      7                         0      7        0
..................................................................


WIND (MPH)
  HIGHEST WIND SPEED    13   HIGHEST WIND DIRECTION     W (280)
  HIGHEST GUST SPEED    16   HIGHEST GUST DIRECTION     W (280)
  AVERAGE WIND SPEED     4.0


SKY COVER
  POSSIBLE SUNSHINE  MM
  AVERAGE SKY COVER 0.8


WEATHER CONDITIONS
 THE FOLLOWING WEATHER WAS RECORDED YESTERDAY.
  NO SIGNIFICANT WEATHER WAS OBSERVED.


RELATIVE HUMIDITY (PERCENT)
 HIGHEST    86           200 AM
 LOWEST     51           200 PM
 AVERAGE    69

..........................................................


THE SALEM OR CLIMATE NORMALS FOR TODAY
                         NORMAL    RECORD    YEAR
 MAXIMUM TEMPERATURE (F)   64        88      1957
 MINIMUM TEMPERATURE (F)   41        28      1982
                                             1954
                                             1952


SUNRISE AND SUNSET
APRIL 29 2016.........SUNRISE   604 AM PDT   SUNSET   816 PM PDT
APRIL 30 2016.........SUNRISE   602 AM PDT   SUNSET   817 PM PDT


-  INDICATES NEGATIVE NUMBERS.
R  INDICATES RECORD WAS SET OR TIED.
MM INDICATES DATA IS MISSING.
T  INDICATES TRACE AMOUNT.




$$
