000
CDUS46 KPQR 051141
CLISLE


CLIMATE REPORT
NATIONAL WEATHER SERVICE PORTLAND OREGON
440 AM PDT SUN JUL 5 2015


...................................

...THE SALEM OR CLIMATE SUMMARY FOR JULY 4 2015...

CLIMATE NORMAL PERIOD 1981 TO 2010
CLIMATE RECORD PERIOD 1892 TO 2015


WEATHER ITEM   OBSERVED TIME   RECORD YEAR NORMAL DEPARTURE LAST
                VALUE   (LST)  VALUE       VALUE  FROM      YEAR
                                                  NORMAL
..................................................................
TEMPERATURE (F)
 YESTERDAY
  MAXIMUM         97R   510 PM  95    1958  79     18       83
                                      1926
                                      1922
  MINIMUM         59    417 AM  37    1935  52      7       57
  AVERAGE         78                        66     12       70

PRECIPITATION (IN)
  YESTERDAY        0.00          0.86 1986   0.02  -0.02     0.00
  MONTH TO DATE    0.00                      0.09  -0.09     0.00
  SINCE OCT 1     32.81                     37.57  -4.76    26.59
  SINCE JAN 1     15.27                     21.18  -5.91    22.01

DEGREE DAYS
 HEATING
  YESTERDAY        0                         2     -2        0
  MONTH TO DATE    0                         8     -8        0
  SINCE JUN 1     22                       138   -116       66
  SINCE JUL 1      0                         8     -8        0

 COOLING
  YESTERDAY       13                         2     11        5
  MONTH TO DATE   59                         8     51       27
  SINCE JUN 1    219                        36    183       46
  SINCE JAN 1    232                        45    187       62
..................................................................


WIND (MPH)
  HIGHEST WIND SPEED    13   HIGHEST WIND DIRECTION     W (270)
  HIGHEST GUST SPEED    16   HIGHEST GUST DIRECTION     W (270)
  AVERAGE WIND SPEED     2.7


SKY COVER
  POSSIBLE SUNSHINE  MM
  AVERAGE SKY COVER 0.0


WEATHER CONDITIONS
 THE FOLLOWING WEATHER WAS RECORDED YESTERDAY.
  NO SIGNIFICANT WEATHER WAS OBSERVED.


RELATIVE HUMIDITY (PERCENT)
 HIGHEST    72           600 AM
 LOWEST     16           500 PM
 AVERAGE    44

..........................................................


THE SALEM OR CLIMATE NORMALS FOR TODAY
                         NORMAL    RECORD    YEAR
 MAXIMUM TEMPERATURE (F)   80        99      1960
 MINIMUM TEMPERATURE (F)   52        35      1932


SUNRISE AND SUNSET
JULY  5 2015..........SUNRISE   532 AM PDT   SUNSET   901 PM PDT
JULY  6 2015..........SUNRISE   533 AM PDT   SUNSET   901 PM PDT


-  INDICATES NEGATIVE NUMBERS.
R  INDICATES RECORD WAS SET OR TIED.
MM INDICATES DATA IS MISSING.
T  INDICATES TRACE AMOUNT.




$$
