000
CDUS46 KPQR 301217
CLISLE


CLIMATE REPORT
NATIONAL WEATHER SERVICE PORTLAND OREGON
516 AM PDT SAT JUL 30 2016


...................................

...THE SALEM OR CLIMATE SUMMARY FOR JULY 29 2016...

CLIMATE NORMAL PERIOD 1981 TO 2010
CLIMATE RECORD PERIOD 1892 TO 2016


WEATHER ITEM   OBSERVED TIME   RECORD YEAR NORMAL DEPARTURE LAST
                VALUE   (LST)  VALUE       VALUE  FROM      YEAR
                                                  NORMAL
..................................................................
TEMPERATURE (F)
 YESTERDAY
  MAXIMUM         97    426 PM 106    2009  84     13       99
  MINIMUM         60    536 AM  42    1956  54      6       61
                                      1929
  AVERAGE         79                        69     10       80

PRECIPITATION (IN)
  YESTERDAY        0.00          0.17 2001   0.01  -0.01     0.00
  MONTH TO DATE    0.45                      0.44   0.01     0.01
  SINCE OCT 1     45.30                     37.92   7.38    32.82
  SINCE JAN 1     21.75                     21.53   0.22    15.28

DEGREE DAYS
 HEATING
  YESTERDAY        0                         0      0        0
  MONTH TO DATE    5                        30    -25        2
  SINCE JUN 1     83                       160    -77       24
  SINCE JUL 1      5                        30    -25        2

 COOLING
  YESTERDAY       14                         4     10       15
  MONTH TO DATE  116                        97     19      225
  SINCE JUN 1    207                       125     82      385
  SINCE JAN 1    228                       134     94      398
..................................................................


WIND (MPH)
  HIGHEST WIND SPEED    16   HIGHEST WIND DIRECTION    NW (320)
  HIGHEST GUST SPEED    21   HIGHEST GUST DIRECTION     N (10)
  AVERAGE WIND SPEED     5.5


SKY COVER
  POSSIBLE SUNSHINE  MM
  AVERAGE SKY COVER 0.0


WEATHER CONDITIONS
 THE FOLLOWING WEATHER WAS RECORDED YESTERDAY.
  NO SIGNIFICANT WEATHER WAS OBSERVED.


RELATIVE HUMIDITY (PERCENT)
 HIGHEST    84           300 AM
 LOWEST     25           300 PM
 AVERAGE    55

..........................................................


THE SALEM OR CLIMATE NORMALS FOR TODAY
                         NORMAL    RECORD    YEAR
 MAXIMUM TEMPERATURE (F)   84       105      2015
 MINIMUM TEMPERATURE (F)   54        36      1920


SUNRISE AND SUNSET
JULY 30 2016..........SUNRISE   556 AM PDT   SUNSET   840 PM PDT
JULY 31 2016..........SUNRISE   557 AM PDT   SUNSET   839 PM PDT


-  INDICATES NEGATIVE NUMBERS.
R  INDICATES RECORD WAS SET OR TIED.
MM INDICATES DATA IS MISSING.
T  INDICATES TRACE AMOUNT.




$$
