000
CDUS46 KPQR 230336
CLISLE


CLIMATE REPORT
NATIONAL WEATHER SERVICE PORTLAND OREGON
736 PM PST SAT NOV 22 2014


...................................

...THE SALEM OR CLIMATE SUMMARY FOR NOVEMBER 22 2014...
VALID TODAY AS OF 0700 PM LOCAL TIME.

CLIMATE NORMAL PERIOD 1981 TO 2010
CLIMATE RECORD PERIOD 1892 TO 2014


WEATHER ITEM   OBSERVED TIME   RECORD YEAR NORMAL DEPARTURE LAST
                VALUE   (LST)  VALUE       VALUE  FROM      YEAR
                                                  NORMAL
..................................................................
TEMPERATURE (F)
 TODAY
  MAXIMUM         56    258 PM  65    1933  51      5       51
  MINIMUM         45    559 PM  20    1985  37      8       24
                                      1902
  AVERAGE         51                        44      7       38

PRECIPITATION (IN)
  TODAY            0.27          1.57 2001   0.24   0.03     0.00
  MONTH TO DATE    3.03                      4.55  -1.52     2.68
  SINCE OCT 1      8.83                      7.58   1.25     3.31
  SINCE JAN 1     32.85                     30.86   1.99    22.31

DEGREE DAYS
 HEATING
  TODAY           14                        21     -7       27
  MONTH TO DATE  432                       408     24      371
  SINCE SEP 1    637                       884   -247      836
  SINCE JUL 1    641                       940   -299      841

 COOLING
  TODAY            0                         0      0        0
  MONTH TO DATE    0                         0      0        0
  SINCE SEP 1     87                        38     49       75
  SINCE JAN 1    605                       290    315      502
..................................................................


WIND (MPH)
  HIGHEST WIND SPEED    17   HIGHEST WIND DIRECTION     W (280)
  HIGHEST GUST SPEED    22   HIGHEST GUST DIRECTION    NW (300)
  AVERAGE WIND SPEED     7.5


SKY COVER
  POSSIBLE SUNSHINE  MM
  AVERAGE SKY COVER 0.7


WEATHER CONDITIONS
 THE FOLLOWING WEATHER WAS RECORDED TODAY.
  RAIN
  LIGHT RAIN
  FOG


RELATIVE HUMIDITY (PERCENT)
 HIGHEST    93           100 AM
 LOWEST     55           300 PM
 AVERAGE    74

..........................................................


THE SALEM OR CLIMATE NORMALS FOR TOMORROW
                         NORMAL    RECORD    YEAR
 MAXIMUM TEMPERATURE (F)   50        66      1959
 MINIMUM TEMPERATURE (F)   37        16      1985


SUNRISE AND SUNSET
NOVEMBER 22 2014......SUNRISE   719 AM PST   SUNSET   437 PM PST
NOVEMBER 23 2014......SUNRISE   720 AM PST   SUNSET   436 PM PST


-  INDICATES NEGATIVE NUMBERS.
R  INDICATES RECORD WAS SET OR TIED.
MM INDICATES DATA IS MISSING.
T  INDICATES TRACE AMOUNT.




$$
