000
CDUS46 KPQR 161152
CLISLE


CLIMATE REPORT
NATIONAL WEATHER SERVICE PORTLAND OREGON
351 AM PST TUE JAN 16 2018


...................................

...THE SALEM OR CLIMATE SUMMARY FOR JANUARY 15 2018...

CLIMATE NORMAL PERIOD 1981 TO 2010
CLIMATE RECORD PERIOD 1892 TO 2018


WEATHER ITEM   OBSERVED TIME   RECORD YEAR NORMAL DEPARTURE LAST
                VALUE   (LST)  VALUE       VALUE  FROM      YEAR
                                                  NORMAL
..................................................................
TEMPERATURE (F)
 YESTERDAY
  MAXIMUM         57    212 PM  62    1958  48      9       36
  MINIMUM         35    819 AM  12    1907  35      0       18
  AVERAGE         46                        41      5       27

PRECIPITATION (IN)
  YESTERDAY        0.18          2.63 1974   0.19  -0.01     0.00
  MONTH TO DATE    2.48                      3.06  -0.58     3.16
  SINCE OCT 1     17.58                     19.45  -1.87    26.46
  SINCE JAN 1      2.48                      3.06  -0.58     3.16

DEGREE DAYS
 HEATING
  YESTERDAY       19                        24     -5       38
  MONTH TO DATE  299                       367    -68      506
  SINCE DEC 1   1078                      1139    -61     1372
  SINCE JUL 1   2010                      2256   -246     2176

 COOLING
  YESTERDAY        0                         0      0        0
  MONTH TO DATE    0                         0      0        0
  SINCE DEC 1      0                         0      0        0
  SINCE JAN 1      0                         0      0        0
..................................................................


WIND (MPH)
  HIGHEST WIND SPEED    10   HIGHEST WIND DIRECTION     E (110)
  HIGHEST GUST SPEED    12   HIGHEST GUST DIRECTION     E (110)
  AVERAGE WIND SPEED     4.1


SKY COVER
  POSSIBLE SUNSHINE  MM
  AVERAGE SKY COVER 0.4


WEATHER CONDITIONS
 THE FOLLOWING WEATHER WAS RECORDED YESTERDAY.
  LIGHT RAIN
  FOG


RELATIVE HUMIDITY (PERCENT)
 HIGHEST    93          1100 PM
 LOWEST     55           100 PM
 AVERAGE    74

..........................................................


THE SALEM OR CLIMATE NORMALS FOR TODAY
                         NORMAL    RECORD    YEAR
 MAXIMUM TEMPERATURE (F)   48        60      1944
                                             1899
 MINIMUM TEMPERATURE (F)   35        13      1950


SUNRISE AND SUNSET
JANUARY 16 2018.......SUNRISE   746 AM PST   SUNSET   458 PM PST
JANUARY 17 2018.......SUNRISE   745 AM PST   SUNSET   500 PM PST


-  INDICATES NEGATIVE NUMBERS.
R  INDICATES RECORD WAS SET OR TIED.
MM INDICATES DATA IS MISSING.
T  INDICATES TRACE AMOUNT.




$$
