000
CDUS46 KPQR 020221
CLISLE


CLIMATE REPORT
NATIONAL WEATHER SERVICE PORTLAND OREGON
720 PM PDT MON JUN 1 2015


...................................

...THE SALEM OR CLIMATE SUMMARY FOR JUNE 1 2015...
VALID TODAY AS OF 0700 PM LOCAL TIME.

CLIMATE NORMAL PERIOD 1981 TO 2010
CLIMATE RECORD PERIOD 1892 TO 2015


WEATHER ITEM   OBSERVED TIME   RECORD YEAR NORMAL DEPARTURE LAST
                VALUE   (LST)  VALUE       VALUE  FROM      YEAR
                                                  NORMAL
..................................................................
TEMPERATURE (F)
 TODAY
  MAXIMUM         64   1134 AM  96    1970  71     -7       73
  MINIMUM         54    719 AM  34    1976  48      6       51
                                      1973
  AVERAGE         59                        59      0       62

PRECIPITATION (IN)
  TODAY            0.62          0.73 1993   0.08   0.54     0.00
  MONTH TO DATE    0.62                      0.08   0.54     0.00
  SINCE OCT 1     32.76                     36.01  -3.25    25.95
  SINCE JAN 1     15.22                     19.62  -4.40    21.37

DEGREE DAYS
 HEATING
  TODAY            6                         6      0        3
  MONTH TO DATE    6                         6      0        3
  SINCE JUN 1      6                         6      0        3
  SINCE JUL 1   3462                      4529  -1067     4296

 COOLING
  TODAY            0                         0      0        0
  MONTH TO DATE    0                         0      0        0
  SINCE JUN 1      0                         0      0        0
  SINCE JAN 1     13                         9      4       16
..................................................................


WIND (MPH)
  HIGHEST WIND SPEED    13   HIGHEST WIND DIRECTION    SW (220)
  HIGHEST GUST SPEED    16   HIGHEST GUST DIRECTION     S (160)
  AVERAGE WIND SPEED     6.7


SKY COVER
  POSSIBLE SUNSHINE  MM
  AVERAGE SKY COVER 1.0


WEATHER CONDITIONS
 THE FOLLOWING WEATHER WAS RECORDED TODAY.
  THUNDERSTORM
  RAIN
  LIGHT RAIN
  FOG


RELATIVE HUMIDITY (PERCENT)
 HIGHEST    93           200 AM
 LOWEST     67          1200 PM
 AVERAGE    80

..........................................................


THE SALEM OR CLIMATE NORMALS FOR TOMORROW
                         NORMAL    RECORD    YEAR
 MAXIMUM TEMPERATURE (F)   71        95      1970
 MINIMUM TEMPERATURE (F)   48        34      1976
                                             1935


SUNRISE AND SUNSET
JUNE  1 2015..........SUNRISE   529 AM PDT   SUNSET   851 PM PDT
JUNE  2 2015..........SUNRISE   528 AM PDT   SUNSET   852 PM PDT


-  INDICATES NEGATIVE NUMBERS.
R  INDICATES RECORD WAS SET OR TIED.
MM INDICATES DATA IS MISSING.
T  INDICATES TRACE AMOUNT.




$$
