000
CDUS41 KBTV 250527
CLISLK


CLIMATE REPORT
NATIONAL WEATHER SERVICE BURLINGTON VT
1226 AM EST SUN JAN 25 2015


...................................

...THE SARANAC LAKE NY CLIMATE SUMMARY FOR JANUARY 24 2015...

CLIMATE NORMAL PERIOD 1981 TO 2010
CLIMATE RECORD PERIOD 9999 TO 9999


WEATHER ITEM   OBSERVED TIME   NORMAL DEPARTURE LAST
                VALUE   (LST)  VALUE  FROM      YEAR
                                      NORMAL
......................................................
TEMPERATURE (F)
 YESTERDAY
  MAXIMUM         34    301 PM  25      9       10
  MINIMUM          4    722 AM   1      3      -21
  AVERAGE         19            13      6       -5

PRECIPITATION (IN)
  YESTERDAY        T             0.07  -0.07     0.00
  MONTH TO DATE    0.57          1.62  -1.05     1.55
  SINCE DEC 1      2.51          3.91  -1.40     3.92
  SINCE JAN 1      0.57          1.62  -1.05     1.55

DEGREE DAYS
 HEATING
  YESTERDAY       46            52     -6       70
  MONTH TO DATE 1155          1239    -84     1275
  SINCE DEC 1   2404          2663   -259     2727
  SINCE JUL 1   4568          4938   -370     5113

 COOLING
  YESTERDAY        0             0      0        0
  MONTH TO DATE    0             0      0        0
  SINCE DEC 1      0             0      0        0
  SINCE JAN 1      0             0      0        0
......................................................


WIND (MPH)
  HIGHEST WIND SPEED    13   HIGHEST WIND DIRECTION    SW (230)
  HIGHEST GUST SPEED    16   HIGHEST GUST DIRECTION     W (250)
  AVERAGE WIND SPEED     5.8


SKY COVER
  AVERAGE SKY COVER 0.3


WEATHER CONDITIONS
 THE FOLLOWING WEATHER WAS RECORDED YESTERDAY.
  LIGHT SNOW
  FOG


RELATIVE HUMIDITY (PERCENT)
 HIGHEST    92           200 AM
 LOWEST     51           300 PM
 AVERAGE    72

..........................................................


THE SARANAC LAKE NY CLIMATE NORMALS FOR TODAY
                         NORMAL    RECORD    YEAR
 MAXIMUM TEMPERATURE (F)   25        MM        MM
 MINIMUM TEMPERATURE (F)    1        MM        MM


SUNRISE AND SUNSET
JANUARY 25 2015.......SUNRISE   722 AM EST   SUNSET   456 PM EST
JANUARY 26 2015.......SUNRISE   722 AM EST   SUNSET   458 PM EST


-  INDICATES NEGATIVE NUMBERS.
R  INDICATES RECORD WAS SET OR TIED.
MM INDICATES DATA IS MISSING.
T  INDICATES TRACE AMOUNT.




$$
