978
CDUS41 KBTV 030534
CLISLK


CLIMATE REPORT
NATIONAL WEATHER SERVICE BURLINGTON VT
129 AM EDT TUE MAY 3 2016


...................................

...THE SARANAC LAKE NY CLIMATE SUMMARY FOR MAY 2 2016...

CLIMATE NORMAL PERIOD 1981 TO 2010
CLIMATE RECORD PERIOD 9999 TO 9999


WEATHER ITEM   OBSERVED TIME   NORMAL DEPARTURE LAST
                VALUE   (LST)  VALUE  FROM      YEAR
                                      NORMAL
......................................................
TEMPERATURE (F)
 YESTERDAY
  MAXIMUM         46    350 PM  59    -13       69
  MINIMUM         40   1159 PM  32      8       28
  AVERAGE         43            45     -2       49

PRECIPITATION (IN)
  YESTERDAY        0.35          0.10   0.25     0.00
  MONTH TO DATE    0.60          0.19   0.41     0.00
  SINCE MAR 1      6.30          5.36   0.94     3.33
  SINCE JAN 1     10.18          9.10   1.08     4.20

DEGREE DAYS
 HEATING
  YESTERDAY       22            20      2       16
  MONTH TO DATE   45            40      5       37
  SINCE MAR 1   1977          2106   -129     2258
  SINCE JUL 1   7572          8811  -1239     9041

 COOLING
  YESTERDAY        0             0      0        0
  MONTH TO DATE    0             0      0        0
  SINCE MAR 1      0             0      0        0
  SINCE JAN 1      0             0      0        0
......................................................


WIND (MPH)
  HIGHEST WIND SPEED     8   HIGHEST WIND DIRECTION    NE (30)
  HIGHEST GUST SPEED    11   HIGHEST GUST DIRECTION    NW (320)
  AVERAGE WIND SPEED     3.1


SKY COVER
  AVERAGE SKY COVER 1.0


WEATHER CONDITIONS
 THE FOLLOWING WEATHER WAS RECORDED YESTERDAY.
  RAIN
  LIGHT RAIN
  FOG


RELATIVE HUMIDITY (PERCENT)
 HIGHEST    96           900 AM
 LOWEST     83           600 PM
 AVERAGE    90

..........................................................


THE SARANAC LAKE NY CLIMATE NORMALS FOR TODAY
                         NORMAL    RECORD    YEAR
 MAXIMUM TEMPERATURE (F)   59        82      2001
 MINIMUM TEMPERATURE (F)   32        20      2007


SUNRISE AND SUNSET
MAY  3 2016...........SUNRISE   544 AM EDT   SUNSET   804 PM EDT
MAY  4 2016...........SUNRISE   543 AM EDT   SUNSET   805 PM EDT


-  INDICATES NEGATIVE NUMBERS.
R  INDICATES RECORD WAS SET OR TIED.
MM INDICATES DATA IS MISSING.
T  INDICATES TRACE AMOUNT.




$$
