537
CDUS41 KBTV 220613
CLISLK


CLIMATE REPORT
NATIONAL WEATHER SERVICE BURLINGTON VT
211 AM EDT FRI SEP 22 2017


...................................

...THE SARANAC LAKE NY CLIMATE SUMMARY FOR SEPTEMBER 21 2017...

CLIMATE NORMAL PERIOD 1981 TO 2010
CLIMATE RECORD PERIOD 9999 TO 9999


WEATHER ITEM   OBSERVED TIME   NORMAL DEPARTURE LAST
                VALUE   (LST)  VALUE  FROM      YEAR
                                      NORMAL
......................................................
TEMPERATURE (F)
 YESTERDAY
  MAXIMUM         76    150 PM  64     12       75
  MINIMUM         43   1112 PM  39      4       39
  AVERAGE         60            52      8       57

PRECIPITATION (IN)
  YESTERDAY        0.00          0.11  -0.11     0.00
  MONTH TO DATE    1.65          2.38  -0.73     1.42
  SINCE SEP 1      1.65          2.38  -0.73     1.42
  SINCE JAN 1     33.31         26.92   6.39    23.34

DEGREE DAYS
 HEATING
  YESTERDAY        5            13     -8        8
  MONTH TO DATE  177           206    -29      129
  SINCE SEP 1    177           206    -29      129
  SINCE JUL 1    449           446      3      250

 COOLING
  YESTERDAY        0             0      0        0
  MONTH TO DATE    0             7     -7       15
  SINCE SEP 1      0             7     -7       15
  SINCE JAN 1     53           114    -61      166
......................................................


WIND (MPH)
  HIGHEST WIND SPEED    14   HIGHEST WIND DIRECTION    NE (50)
  HIGHEST GUST SPEED    18   HIGHEST GUST DIRECTION    NE (30)
  AVERAGE WIND SPEED     4.1


SKY COVER
  AVERAGE SKY COVER 0.3


WEATHER CONDITIONS
 THE FOLLOWING WEATHER WAS RECORDED YESTERDAY.
  FOG
  FOG W/VISIBILITY <= 1/4 MILE


RELATIVE HUMIDITY (PERCENT)
 HIGHEST   100          1200 AM
 LOWEST     38           200 PM
 AVERAGE    69

..........................................................


THE SARANAC LAKE NY CLIMATE NORMALS FOR TODAY
                         NORMAL    RECORD    YEAR
 MAXIMUM TEMPERATURE (F)   63        82      2007
 MINIMUM TEMPERATURE (F)   39        26      2008


SUNRISE AND SUNSET
SEPTEMBER 22 2017.....SUNRISE   644 AM EDT   SUNSET   654 PM EDT
SEPTEMBER 23 2017.....SUNRISE   645 AM EDT   SUNSET   652 PM EDT


-  INDICATES NEGATIVE NUMBERS.
R  INDICATES RECORD WAS SET OR TIED.
MM INDICATES DATA IS MISSING.
T  INDICATES TRACE AMOUNT.




$$
