413
CDUS41 KBTV 070547
CLISLK


CLIMATE REPORT
NATIONAL WEATHER SERVICE BURLINGTON VT
1239 AM EST SUN FEB 7 2016


...................................

...THE SARANAC LAKE NY CLIMATE SUMMARY FOR FEBRUARY 6 2016...

CLIMATE NORMAL PERIOD 1981 TO 2010
CLIMATE RECORD PERIOD 9999 TO 9999


WEATHER ITEM   OBSERVED TIME   NORMAL DEPARTURE LAST
                VALUE   (LST)  VALUE  FROM      YEAR
                                      NORMAL
......................................................
TEMPERATURE (F)
 YESTERDAY
  MAXIMUM         29    852 PM  26      3       18
  MINIMUM         11   1208 AM   1     10      -29
  AVERAGE         20            13      7       -5

PRECIPITATION (IN)
  YESTERDAY        T             0.06  -0.06      T
  MONTH TO DATE    0.61          0.35   0.26     0.05
  SINCE DEC 1      5.25          4.77   0.48     2.60
  SINCE JAN 1      1.30          2.48  -1.18     0.66

DEGREE DAYS
 HEATING
  YESTERDAY       45            52     -7       70
  MONTH TO DATE  209           312   -103      387
  SINCE DEC 1   2557          3339   -782     3229
  SINCE JUL 1   4507          5614  -1107     5393

 COOLING
  YESTERDAY        0             0      0        0
  MONTH TO DATE    0             0      0        0
  SINCE DEC 1      0             0      0        0
  SINCE JAN 1      0             0      0        0
......................................................


WIND (MPH)
  HIGHEST WIND SPEED    17   HIGHEST WIND DIRECTION    SW (230)
  HIGHEST GUST SPEED    24   HIGHEST GUST DIRECTION    SW (220)
  AVERAGE WIND SPEED     9.5


SKY COVER
  AVERAGE SKY COVER 1.0


WEATHER CONDITIONS
 THE FOLLOWING WEATHER WAS RECORDED YESTERDAY.
  LIGHT SNOW
  FOG
  HAZE


RELATIVE HUMIDITY (PERCENT)
 HIGHEST    96           700 AM
 LOWEST     69          1100 PM
 AVERAGE    83

..........................................................


THE SARANAC LAKE NY CLIMATE NORMALS FOR TODAY
                         NORMAL    RECORD    YEAR
 MAXIMUM TEMPERATURE (F)   26        49      2005
 MINIMUM TEMPERATURE (F)    1       -16      2000


SUNRISE AND SUNSET
FEBRUARY  7 2016......SUNRISE   708 AM EST   SUNSET   514 PM EST
FEBRUARY  8 2016......SUNRISE   707 AM EST   SUNSET   515 PM EST


-  INDICATES NEGATIVE NUMBERS.
R  INDICATES RECORD WAS SET OR TIED.
MM INDICATES DATA IS MISSING.
T  INDICATES TRACE AMOUNT.




$$
