000
CDUS41 KBTV 280541
CLISLK


CLIMATE REPORT
NATIONAL WEATHER SERVICE BURLINGTON VT
140 AM EDT THU MAY 28 2015


...................................

...THE SARANAC LAKE NY CLIMATE SUMMARY FOR MAY 27 2015...

CLIMATE NORMAL PERIOD 1981 TO 2010
CLIMATE RECORD PERIOD 9999 TO 9999


WEATHER ITEM   OBSERVED TIME   NORMAL DEPARTURE LAST
                VALUE   (LST)  VALUE  FROM      YEAR
                                      NORMAL
......................................................
TEMPERATURE (F)
 YESTERDAY
  MAXIMUM         81   1039 AM  67     14       79
  MINIMUM         57   1128 PM  41     16       50
  AVERAGE         69            54     15       65

PRECIPITATION (IN)
  YESTERDAY        0.23          0.12   0.11     0.00
  MONTH TO DATE    1.95          2.95  -1.00     3.80
  SINCE MAR 1      5.28          8.12  -2.84     9.49
  SINCE JAN 1      6.15         11.86  -5.71    12.11

DEGREE DAYS
 HEATING
  YESTERDAY        0            11    -11        0
  MONTH TO DATE  283           420   -137      361
  SINCE MAR 1   2504          2486     18     2720
  SINCE JUL 1   9287          9191     96     9704

 COOLING
  YESTERDAY        4             0      4        0
  MONTH TO DATE   15             0     15        1
  SINCE MAR 1     15             0     15        1
  SINCE JAN 1     15             0     15        1
......................................................


WIND (MPH)
  HIGHEST WIND SPEED    21   HIGHEST WIND DIRECTION    SW (220)
  HIGHEST GUST SPEED    27   HIGHEST GUST DIRECTION    SW (220)
  AVERAGE WIND SPEED     9.0


SKY COVER
  AVERAGE SKY COVER 0.3


WEATHER CONDITIONS
 THE FOLLOWING WEATHER WAS RECORDED YESTERDAY.
  LIGHT RAIN
  FOG
  HAZE


RELATIVE HUMIDITY (PERCENT)
 HIGHEST    93           900 PM
 LOWEST     57           700 PM
 AVERAGE    75

..........................................................


THE SARANAC LAKE NY CLIMATE NORMALS FOR TODAY
                         NORMAL    RECORD    YEAR
 MAXIMUM TEMPERATURE (F)   67        84      2012
 MINIMUM TEMPERATURE (F)   41        24      2008


SUNRISE AND SUNSET
MAY 28 2015...........SUNRISE   518 AM EDT   SUNSET   830 PM EDT
MAY 29 2015...........SUNRISE   518 AM EDT   SUNSET   831 PM EDT


-  INDICATES NEGATIVE NUMBERS.
R  INDICATES RECORD WAS SET OR TIED.
MM INDICATES DATA IS MISSING.
T  INDICATES TRACE AMOUNT.




$$
