040
CDUS41 KBTV 240539
CLISLK


CLIMATE REPORT
NATIONAL WEATHER SERVICE BURLINGTON VT
136 AM EDT TUE MAY 24 2016


...................................

...THE SARANAC LAKE NY CLIMATE SUMMARY FOR MAY 23 2016...

CLIMATE NORMAL PERIOD 1981 TO 2010
CLIMATE RECORD PERIOD 9999 TO 9999


WEATHER ITEM   OBSERVED TIME   NORMAL DEPARTURE LAST
                VALUE   (LST)  VALUE  FROM      YEAR
                                      NORMAL
......................................................
TEMPERATURE (F)
 YESTERDAY
  MAXIMUM         78    209 PM  66     12       55
  MINIMUM         34    436 AM  39     -5       26
  AVERAGE         56            53      3       41

PRECIPITATION (IN)
  YESTERDAY        0.00          0.13  -0.13     0.00
  MONTH TO DATE    1.81          2.45  -0.64     1.48
  SINCE MAR 1      7.51          7.62  -0.11     4.81
  SINCE JAN 1     11.39         11.36   0.03     5.68

DEGREE DAYS
 HEATING
  YESTERDAY        9            12     -3       24
  MONTH TO DATE  404           374     30      276
  SINCE MAR 1   2336          2440   -104     2497
  SINCE JUL 1   7931          9145  -1214     9280

 COOLING
  YESTERDAY        0             0      0        0
  MONTH TO DATE    0             0      0        5
  SINCE MAR 1      0             0      0        5
  SINCE JAN 1      0             0      0        5
......................................................


WIND (MPH)
  HIGHEST WIND SPEED    17   HIGHEST WIND DIRECTION    NE (40)
  HIGHEST GUST SPEED    24   HIGHEST GUST DIRECTION    NE (40)
  AVERAGE WIND SPEED     3.3


SKY COVER
  AVERAGE SKY COVER 0.3


WEATHER CONDITIONS
 THE FOLLOWING WEATHER WAS RECORDED YESTERDAY.
  FOG
  FOG W/VISIBILITY <= 1/4 MILE


RELATIVE HUMIDITY (PERCENT)
 HIGHEST    96           600 AM
 LOWEST     17           600 PM
 AVERAGE    57

..........................................................


THE SARANAC LAKE NY CLIMATE NORMALS FOR TODAY
                         NORMAL    RECORD    YEAR
 MAXIMUM TEMPERATURE (F)   66        86      2007
 MINIMUM TEMPERATURE (F)   40        34      2008


SUNRISE AND SUNSET
MAY 24 2016...........SUNRISE   521 AM EDT   SUNSET   827 PM EDT
MAY 25 2016...........SUNRISE   520 AM EDT   SUNSET   828 PM EDT


-  INDICATES NEGATIVE NUMBERS.
R  INDICATES RECORD WAS SET OR TIED.
MM INDICATES DATA IS MISSING.
T  INDICATES TRACE AMOUNT.




$$
