268
CDUS41 KBTV 190601
CLISLK


CLIMATE REPORT
NATIONAL WEATHER SERVICE BURLINGTON VT
1259 AM EST SUN NOV 19 2017


...................................

...THE SARANAC LAKE NY CLIMATE SUMMARY FOR NOVEMBER 18 2017...

CLIMATE NORMAL PERIOD 1981 TO 2010
CLIMATE RECORD PERIOD 9999 TO 9999


WEATHER ITEM   OBSERVED TIME   NORMAL DEPARTURE LAST
                VALUE   (LST)  VALUE  FROM      YEAR
                                      NORMAL
......................................................
TEMPERATURE (F)
 YESTERDAY
  MAXIMUM         38    724 PM  41     -3       62
  MINIMUM          8    258 AM  22    -14       29
  AVERAGE         23            32     -9       46

PRECIPITATION (IN)
  YESTERDAY        0.13          0.11   0.02     0.00
  MONTH TO DATE    1.98          2.07  -0.09     1.37
  SINCE SEP 1      9.24          9.41  -0.17     8.17
  SINCE JAN 1     40.90         33.95   6.95    30.09

DEGREE DAYS
 HEATING
  YESTERDAY       42            33      9       19
  MONTH TO DATE  617           544     73      437
  SINCE SEP 1   1335          1596   -261     1312
  SINCE JUL 1   1607          1836   -229     1433

 COOLING
  YESTERDAY        0             0      0        0
  MONTH TO DATE    0             0      0        0
  SINCE SEP 1     16             7      9       15
  SINCE JAN 1     69           114    -45      166
......................................................


WIND (MPH)
  HIGHEST WIND SPEED     9   HIGHEST WIND DIRECTION    SW (230)
  HIGHEST GUST SPEED    14   HIGHEST GUST DIRECTION    SW (220)
  AVERAGE WIND SPEED     1.4


SKY COVER
  AVERAGE SKY COVER 0.7


WEATHER CONDITIONS
 THE FOLLOWING WEATHER WAS RECORDED YESTERDAY.
  RAIN
  LIGHT RAIN
  FOG


RELATIVE HUMIDITY (PERCENT)
 HIGHEST   100           500 AM
 LOWEST     64           100 PM
 AVERAGE    82

..........................................................


THE SARANAC LAKE NY CLIMATE NORMALS FOR TODAY
                         NORMAL    RECORD    YEAR
 MAXIMUM TEMPERATURE (F)   41        67      2016
 MINIMUM TEMPERATURE (F)   21         1      2008


SUNRISE AND SUNSET
NOVEMBER 19 2017......SUNRISE   658 AM EST   SUNSET   426 PM EST
NOVEMBER 20 2017......SUNRISE   700 AM EST   SUNSET   425 PM EST


-  INDICATES NEGATIVE NUMBERS.
R  INDICATES RECORD WAS SET OR TIED.
MM INDICATES DATA IS MISSING.
T  INDICATES TRACE AMOUNT.




$$
