000
CDUS41 KBTV 220526
CLISLK


CLIMATE REPORT
NATIONAL WEATHER SERVICE BURLINGTON VT
123 AM EDT SAT JUL 22 2017


...................................

...THE SARANAC LAKE NY CLIMATE SUMMARY FOR JULY 21 2017...

CLIMATE NORMAL PERIOD 1981 TO 2010
CLIMATE RECORD PERIOD 9999 TO 9999


WEATHER ITEM   OBSERVED TIME   NORMAL DEPARTURE LAST
                VALUE   (LST)  VALUE  FROM      YEAR
                                      NORMAL
......................................................
TEMPERATURE (F)
 YESTERDAY
  MAXIMUM         79    304 PM  76      3       82
  MINIMUM         44    431 AM  51     -7       43
  AVERAGE         62            64     -2       63

PRECIPITATION (IN)
  YESTERDAY        0.00          0.14  -0.14     0.00
  MONTH TO DATE    2.12          2.83  -0.71     2.55
  SINCE JUN 1     10.04          6.68   3.36     5.69
  SINCE JAN 1     26.13         19.03   7.10    18.20

DEGREE DAYS
 HEATING
  YESTERDAY        3             3      0        2
  MONTH TO DATE   37            63    -26       60
  SINCE JUN 1    255           247      8      275
  SINCE JUL 1     37            63    -26       60

 COOLING
  YESTERDAY        0             1     -1        0
  MONTH TO DATE   15            36    -21       36
  SINCE JUN 1     33            62    -29       51
  SINCE JAN 1     39            65    -26       69
......................................................


WIND (MPH)
  HIGHEST WIND SPEED    16   HIGHEST WIND DIRECTION    SW (240)
  HIGHEST GUST SPEED    24   HIGHEST GUST DIRECTION     W (250)
  AVERAGE WIND SPEED     5.8


SKY COVER
  AVERAGE SKY COVER 0.4


WEATHER CONDITIONS
 THE FOLLOWING WEATHER WAS RECORDED YESTERDAY.
  FOG


RELATIVE HUMIDITY (PERCENT)
 HIGHEST   100          1200 AM
 LOWEST     45           300 PM
 AVERAGE    73

..........................................................


THE SARANAC LAKE NY CLIMATE NORMALS FOR TODAY
                         NORMAL    RECORD    YEAR
 MAXIMUM TEMPERATURE (F)   76        87      2011
 MINIMUM TEMPERATURE (F)   51        41      2007


SUNRISE AND SUNSET
JULY 22 2017..........SUNRISE   533 AM EDT   SUNSET   832 PM EDT
JULY 23 2017..........SUNRISE   534 AM EDT   SUNSET   832 PM EDT


-  INDICATES NEGATIVE NUMBERS.
R  INDICATES RECORD WAS SET OR TIED.
MM INDICATES DATA IS MISSING.
T  INDICATES TRACE AMOUNT.




$$
