000
CDUS41 KBTV 260601
CLISLK


CLIMATE REPORT
NATIONAL WEATHER SERVICE BURLINGTON VT
142 AM EDT FRI MAY 26 2017


...................................

...THE SARANAC LAKE NY CLIMATE SUMMARY FOR MAY 25 2017...

CLIMATE NORMAL PERIOD 1981 TO 2010
CLIMATE RECORD PERIOD 9999 TO 9999


WEATHER ITEM   OBSERVED TIME   NORMAL DEPARTURE LAST
                VALUE   (LST)  VALUE  FROM      YEAR
                                      NORMAL
......................................................
TEMPERATURE (F)
 YESTERDAY
  MAXIMUM         60    936 AM  67     -7       82
  MINIMUM         44   1207 AM  40      4       39
  AVERAGE         52            53     -1       61

PRECIPITATION (IN)
  YESTERDAY        0.26          0.12   0.14      T
  MONTH TO DATE    5.15          2.69   2.46     1.81
  SINCE MAR 1     10.28          7.86   2.42     7.51
  SINCE JAN 1     14.82         11.60   3.22    11.39

DEGREE DAYS
 HEATING
  YESTERDAY       13            12      1        4
  MONTH TO DATE  418           398     20      417
  SINCE MAR 1   2451          2464    -13     2349
  SINCE JUL 1   8147          9169  -1022     7944

 COOLING
  YESTERDAY        0             0      0        0
  MONTH TO DATE    6             0      6        0
  SINCE MAR 1      6             0      6        0
  SINCE JAN 1      6             0      6        0
......................................................


WIND (MPH)
  HIGHEST WIND SPEED    20   HIGHEST WIND DIRECTION     E (100)
  HIGHEST GUST SPEED    28   HIGHEST GUST DIRECTION     E (70)
  AVERAGE WIND SPEED     8.0


SKY COVER
  AVERAGE SKY COVER 0.6


WEATHER CONDITIONS
 THE FOLLOWING WEATHER WAS RECORDED YESTERDAY.
  HEAVY RAIN
  RAIN
  LIGHT RAIN
  FOG


RELATIVE HUMIDITY (PERCENT)
 HIGHEST   100          1200 AM
 LOWEST     51           700 AM
 AVERAGE    76

..........................................................


THE SARANAC LAKE NY CLIMATE NORMALS FOR TODAY
                         NORMAL    RECORD    YEAR
 MAXIMUM TEMPERATURE (F)   67        90      2010
 MINIMUM TEMPERATURE (F)   41        26      2009


SUNRISE AND SUNSET
MAY 26 2017...........SUNRISE   519 AM EDT   SUNSET   829 PM EDT
MAY 27 2017...........SUNRISE   519 AM EDT   SUNSET   830 PM EDT


-  INDICATES NEGATIVE NUMBERS.
R  INDICATES RECORD WAS SET OR TIED.
MM INDICATES DATA IS MISSING.
T  INDICATES TRACE AMOUNT.




$$
