000
CDUS41 KBTV 230529
CLISLK


CLIMATE REPORT
NATIONAL WEATHER SERVICE BURLINGTON VT
129 AM EDT WED JUL 23 2014


...................................

...THE SARANAC LAKE NY CLIMATE SUMMARY FOR JULY 22 2014...

CLIMATE NORMAL PERIOD 1981 TO 2010
CLIMATE RECORD PERIOD 9999 TO 9999


WEATHER ITEM   OBSERVED TIME   NORMAL DEPARTURE LAST
                VALUE   (LST)  VALUE  FROM      YEAR
                                      NORMAL
......................................................
TEMPERATURE (F)
 YESTERDAY
  MAXIMUM         82    426 PM  76      6       79
  MINIMUM         53    103 AM  51      2       42
  AVERAGE         68            64      4       61

PRECIPITATION (IN)
  YESTERDAY        0.00          0.14  -0.14     0.01
  MONTH TO DATE    1.82          2.97  -1.15     4.83
  SINCE JUN 1      8.60          6.82   1.78    14.11
  SINCE JAN 1     20.76         19.17   1.59    25.11

DEGREE DAYS
 HEATING
  YESTERDAY        0             3     -3        4
  MONTH TO DATE   69            66      3       18
  SINCE JUN 1    236           250    -14      238
  SINCE JUL 1     69            66      3       18

 COOLING
  YESTERDAY        3             1      2        0
  MONTH TO DATE   36            37     -1       94
  SINCE JUN 1     57            63     -6      130
  SINCE JAN 1     58            66     -8      140
......................................................


WIND (MPH)
  HIGHEST WIND SPEED    14   HIGHEST WIND DIRECTION    SW (230)
  HIGHEST GUST SPEED    20   HIGHEST GUST DIRECTION    SW (240)
  AVERAGE WIND SPEED     4.2


SKY COVER
  AVERAGE SKY COVER 0.5


WEATHER CONDITIONS
 THE FOLLOWING WEATHER WAS RECORDED YESTERDAY.
  FOG
  FOG W/VISIBILITY <= 1/4 MILE


RELATIVE HUMIDITY (PERCENT)
 HIGHEST   100           100 AM
 LOWEST     45           200 PM
 AVERAGE    73

..........................................................


THE SARANAC LAKE NY CLIMATE NORMALS FOR TODAY
                         NORMAL    RECORD    YEAR
 MAXIMUM TEMPERATURE (F)   76        MM        MM
 MINIMUM TEMPERATURE (F)   51        MM        MM


SUNRISE AND SUNSET
JULY 23 2014..........SUNRISE   534 AM EDT   SUNSET   832 PM EDT
JULY 24 2014..........SUNRISE   535 AM EDT   SUNSET   831 PM EDT


-  INDICATES NEGATIVE NUMBERS.
R  INDICATES RECORD WAS SET OR TIED.
MM INDICATES DATA IS MISSING.
T  INDICATES TRACE AMOUNT.




$$
