000
CDUS46 KLOX 230901
CLISMX


CLIMATE REPORT
NATIONAL WEATHER SERVICE LOS ANGELES/OXNARD CA
200 AM PDT SUN APR 23 2017


...................................

...THE SANTA MARIA AIRPORT CA CLIMATE SUMMARY FOR APRIL 22 2017...

CLIMATE NORMAL PERIOD 1981 TO 2010
CLIMATE RECORD PERIOD 1906 TO 2017


WEATHER ITEM   OBSERVED TIME   RECORD YEAR NORMAL DEPARTURE LAST
                VALUE   (LST)  VALUE       VALUE  FROM      YEAR
                                                  NORMAL
..................................................................
TEMPERATURE (F)
 YESTERDAY
  MAXIMUM         73   1112 AM  88    1946  68      5       74
                                      1918
  MINIMUM         46    431 AM  32    1971  45      1       50
                                      1970
                                      1920
  AVERAGE         60                        56      4       62

PRECIPITATION (IN)
  YESTERDAY        0.00          0.65 1924   0.03  -0.03     0.02
  MONTH TO DATE    1.18                      0.80   0.38     0.52
  SINCE OCT 1     18.10                     13.23   4.87     8.76
  SINCE JAN 1     13.30                      9.18   4.12     6.88

SNOWFALL (IN)
  YESTERDAY        0.0
  MONTH TO DATE    0.0
  SINCE MAR 1      0.0
  SINCE JUL 1      0.0

DEGREE DAYS
 HEATING
  YESTERDAY        5                         9     -4
  MONTH TO DATE  149                       214    -65
  SINCE MAR 1    385                       554   -169
  SINCE JUL 1   2109                      2387   -278

 COOLING
  YESTERDAY        0                         0      0
  MONTH TO DATE    4                         0      4
  SINCE MAR 1     10                         1      9
  SINCE JAN 1     10                         2      8
..................................................................


WIND (MPH)
  HIGHEST WIND SPEED    28   HIGHEST WIND DIRECTION     W (290)
  HIGHEST GUST SPEED    32   HIGHEST GUST DIRECTION    NW (300)
  AVERAGE WIND SPEED     7.9


SKY COVER
  POSSIBLE SUNSHINE  MM
  AVERAGE SKY COVER 0.0


WEATHER CONDITIONS
 THE FOLLOWING WEATHER WAS RECORDED YESTERDAY.
  FOG


RELATIVE HUMIDITY (PERCENT)
 HIGHEST   100           500 AM
 LOWEST     40           200 PM
 AVERAGE    70

..........................................................


THE SANTA MARIA AIRPORT CA CLIMATE NORMALS FOR TODAY
                         NORMAL    RECORD    YEAR
 MAXIMUM TEMPERATURE (F)   68        96      1946
 MINIMUM TEMPERATURE (F)   45        33      1970
                                             1921


SUNRISE AND SUNSET
APRIL 23 2017.........SUNRISE   620 AM PDT   SUNSET   741 PM PDT
APRIL 24 2017.........SUNRISE   618 AM PDT   SUNSET   742 PM PDT


-  INDICATES NEGATIVE NUMBERS.
R  INDICATES RECORD WAS SET OR TIED.
MM INDICATES DATA IS MISSING.
T  INDICATES TRACE AMOUNT.




$$
