000
CDUS46 KLOX 102211
CLISMX


CLIMATE REPORT
NATIONAL WEATHER SERVICE LOS ANGELES/OXNARD CA
311 PM PDT THU JUL 10 2014


...................................

...THE SANTA MARIA AIRPORT CA CLIMATE SUMMARY FOR JULY 10 2014...
VALID AS OF 0300 PM LOCAL TIME.

CLIMATE NORMAL PERIOD 1981 TO 2010
CLIMATE RECORD PERIOD 1906 TO 2014


WEATHER ITEM   OBSERVED TIME   RECORD YEAR NORMAL DEPARTURE LAST
                VALUE   (LST)  VALUE       VALUE  FROM      YEAR
                                                  NORMAL
..................................................................
TEMPERATURE (F)
 TODAY
  MAXIMUM         75    151 PM 104    1953  73      2       74
  MINIMUM         60    707 AM  41    1924  54      6       55
  AVERAGE         68                        63      5       65

PRECIPITATION (IN)
  TODAY            0.00          0.01 1992   0.00   0.00     0.01
                                      1992
                                      2013
  MONTH TO DATE    0.00                      0.01  -0.01     0.01
  SINCE JUL 1      0.00                      0.01  -0.01     0.01
  SINCE JAN 1      4.01                      9.72  -5.71     2.50

SNOWFALL (IN)
  TODAY            0.0
  MONTH TO DATE    0.0
  SINCE JUN 1      0.0
  SINCE JUL 1      0.0

DEGREE DAYS
 HEATING
  TODAY            0                         3     -3
  MONTH TO DATE    0                        30    -30
  SINCE JUN 1     60                       171   -111
  SINCE JUL 1      0                        30    -30

 COOLING
  TODAY            3                         1      2
  MONTH TO DATE   18                         5     13
  SINCE JUN 1     26                        11     15
  SINCE JAN 1    132                        21    111
..................................................................


WIND (MPH)
  HIGHEST WIND SPEED    16   HIGHEST WIND DIRECTION    NW (330)
  HIGHEST GUST SPEED    22   HIGHEST GUST DIRECTION    NW (330)
  AVERAGE WIND SPEED     4.2


SKY COVER
  POSSIBLE SUNSHINE  MM
  AVERAGE SKY COVER 0.8


WEATHER CONDITIONS
 THE FOLLOWING WEATHER WAS RECORDED TODAY.
  FOG
  HAZE


RELATIVE HUMIDITY (PERCENT)
 HIGHEST    84          1200 AM
 LOWEST     50           200 PM
 AVERAGE    67

..........................................................


THE SANTA MARIA AIRPORT CA CLIMATE NORMALS FOR TOMORROW
                         NORMAL    RECORD    YEAR
 MAXIMUM TEMPERATURE (F)   73        95      1918
 MINIMUM TEMPERATURE (F)   54        44      1924


SUNRISE AND SUNSET
JULY 10 2014..........SUNRISE   556 AM PDT   SUNSET   818 PM PDT
JULY 11 2014..........SUNRISE   557 AM PDT   SUNSET   817 PM PDT


-  INDICATES NEGATIVE NUMBERS.
R  INDICATES RECORD WAS SET OR TIED.
MM INDICATES DATA IS MISSING.
T  INDICATES TRACE AMOUNT.




$$
