000
CDUS46 KLOX 210915
CLISMX


CLIMATE REPORT
NATIONAL WEATHER SERVICE LOS ANGELES/OXNARD CA
215 AM PDT TUE OCT 21 2014


...................................

...THE SANTA MARIA AIRPORT CA CLIMATE SUMMARY FOR OCTOBER 20 2014...

CLIMATE NORMAL PERIOD 1981 TO 2010
CLIMATE RECORD PERIOD 1906 TO 2014


WEATHER ITEM   OBSERVED TIME   RECORD YEAR NORMAL DEPARTURE LAST
                VALUE   (LST)  VALUE       VALUE  FROM      YEAR
                                                  NORMAL
..................................................................
TEMPERATURE (F)
 YESTERDAY
  MAXIMUM         76    150 PM  96    1964  73      3       71
  MINIMUM         58   1159 PM  32    1949  48     10       50
  AVERAGE         67                        60      7       61

PRECIPITATION (IN)
  YESTERDAY        0.00          0.50 1957   0.02  -0.02     0.00
  MONTH TO DATE    T                         0.28  -0.28     0.01
  SINCE JUL 1      T                         0.47  -0.47     0.02
  SINCE JAN 1      4.01                     10.18  -6.17     2.51

SNOWFALL (IN)
  YESTERDAY        0.0
  MONTH TO DATE    0.0
  SINCE SEP 1      0.0
  SINCE JUL 1      0.0

DEGREE DAYS
 HEATING
  YESTERDAY        0                         5     -5
  MONTH TO DATE    2                        85    -83
  SINCE SEP 1      3                       166   -163
  SINCE JUL 1      3                       302   -299

 COOLING
  YESTERDAY        2                         1      1
  MONTH TO DATE  100                        20     80
  SINCE SEP 1    192                        47    145
  SINCE JAN 1    537                       102    435
..................................................................


WIND (MPH)
  HIGHEST WIND SPEED    23   HIGHEST WIND DIRECTION    NW (300)
  HIGHEST GUST SPEED    37   HIGHEST GUST DIRECTION     W (290)
  AVERAGE WIND SPEED     7.7


SKY COVER
  POSSIBLE SUNSHINE  MM
  AVERAGE SKY COVER 0.6


WEATHER CONDITIONS
 THE FOLLOWING WEATHER WAS RECORDED YESTERDAY.
  FOG
  HAZE


RELATIVE HUMIDITY (PERCENT)
 HIGHEST    90           700 PM
 LOWEST     54          1200 PM
 AVERAGE    72

..........................................................


THE SANTA MARIA AIRPORT CA CLIMATE NORMALS FOR TODAY
                         NORMAL    RECORD    YEAR
 MAXIMUM TEMPERATURE (F)   73        98      1929
 MINIMUM TEMPERATURE (F)   48        34      1949


SUNRISE AND SUNSET
OCTOBER 21 2014.......SUNRISE   713 AM PDT   SUNSET   619 PM PDT
OCTOBER 22 2014.......SUNRISE   714 AM PDT   SUNSET   618 PM PDT


-  INDICATES NEGATIVE NUMBERS.
R  INDICATES RECORD WAS SET OR TIED.
MM INDICATES DATA IS MISSING.
T  INDICATES TRACE AMOUNT.




$$
