000
CDUS46 KLOX 020902
CLISMX


CLIMATE REPORT
NATIONAL WEATHER SERVICE LOS ANGELES/OXNARD CA
202 AM PDT SUN AUG 2 2015


...................................

...THE SANTA MARIA AIRPORT CA CLIMATE SUMMARY FOR AUGUST 1 2015...

CLIMATE NORMAL PERIOD 1981 TO 2010
CLIMATE RECORD PERIOD 1906 TO 2015


WEATHER ITEM   OBSERVED TIME   RECORD YEAR NORMAL DEPARTURE LAST
                VALUE   (LST)  VALUE       VALUE  FROM      YEAR
                                                  NORMAL
..................................................................
TEMPERATURE (F)
 YESTERDAY
  MAXIMUM         77    209 PM  89    1993  73      4       77
  MINIMUM         60   1149 PM  47    1919  54      6       60
  AVERAGE         69                        64      5       69

PRECIPITATION (IN)
  YESTERDAY        0.00          T    1991   0.00   0.00     0.00
                                      1990
                                      1988
  MONTH TO DATE    0.00                      0.00   0.00     0.00
  SINCE OCT 1      7.78                     13.79  -6.01     4.50
  SINCE JAN 1      2.22                      9.74  -7.52     4.01

SNOWFALL (IN)
  YESTERDAY        0.0
  MONTH TO DATE    0.0
  SINCE JUN 1      0.0
  SINCE JUL 1      0.0

DEGREE DAYS
 HEATING
  YESTERDAY        0                         2     -2
  MONTH TO DATE    0                         2     -2
  SINCE JUN 1     43                       218   -175
  SINCE JUL 1      0                        77    -77

 COOLING
  YESTERDAY        4                         1      3
  MONTH TO DATE    4                         1      3
  SINCE JUN 1    143                        26    117
  SINCE JAN 1    171                        36    135
..................................................................


WIND (MPH)
  HIGHEST WIND SPEED    20   HIGHEST WIND DIRECTION    NW (300)
  HIGHEST GUST SPEED    23   HIGHEST GUST DIRECTION    NW (320)
  AVERAGE WIND SPEED     7.9


SKY COVER
  POSSIBLE SUNSHINE  MM
  AVERAGE SKY COVER 0.4


WEATHER CONDITIONS
 THE FOLLOWING WEATHER WAS RECORDED YESTERDAY.
  FOG
  HAZE


RELATIVE HUMIDITY (PERCENT)
 HIGHEST    93           100 AM
 LOWEST     58           100 PM
 AVERAGE    76

..........................................................


THE SANTA MARIA AIRPORT CA CLIMATE NORMALS FOR TODAY
                         NORMAL    RECORD    YEAR
 MAXIMUM TEMPERATURE (F)   73        89      1908
 MINIMUM TEMPERATURE (F)   54        45      1970
                                             1944


SUNRISE AND SUNSET
AUGUST  2 2015........SUNRISE   612 AM PDT   SUNSET   804 PM PDT
AUGUST  3 2015........SUNRISE   613 AM PDT   SUNSET   803 PM PDT


-  INDICATES NEGATIVE NUMBERS.
R  INDICATES RECORD WAS SET OR TIED.
MM INDICATES DATA IS MISSING.
T  INDICATES TRACE AMOUNT.




$$
