000
CDUS46 KLOX 290916
CLISMX


CLIMATE REPORT
NATIONAL WEATHER SERVICE LOS ANGELES/OXNARD CA
115 AM PST SAT NOV 29 2014


...................................

...THE SANTA MARIA AIRPORT CA CLIMATE SUMMARY FOR NOVEMBER 28 2014...

CLIMATE NORMAL PERIOD 1981 TO 2010
CLIMATE RECORD PERIOD 1906 TO 2014


WEATHER ITEM   OBSERVED TIME   RECORD YEAR NORMAL DEPARTURE LAST
                VALUE   (LST)  VALUE       VALUE  FROM      YEAR
                                                  NORMAL
..................................................................
TEMPERATURE (F)
 YESTERDAY
  MAXIMUM         73   1230 PM  85    1929  66      7       74
  MINIMUM         42    604 AM  24    1919  41      1       50
  AVERAGE         58                        53      5       62

PRECIPITATION (IN)
  YESTERDAY        0.00          1.50 1998   0.05  -0.05     0.00
  MONTH TO DATE    0.25                      1.23  -0.98     0.05
  SINCE JUL 1      1.32                      2.02  -0.70     0.24
  SINCE JAN 1      5.33                     11.73  -6.40     2.73

SNOWFALL (IN)
  YESTERDAY        0.0
  MONTH TO DATE    0.0
  SINCE SEP 1      0.0
  SINCE JUL 1      0.0

DEGREE DAYS
 HEATING
  YESTERDAY        7                        12     -5
  MONTH TO DATE   83                       257   -174
  SINCE SEP 1     87                       485   -398
  SINCE JUL 1     87                       621   -534

 COOLING
  YESTERDAY        0                         0      0
  MONTH TO DATE    7                         0      7
  SINCE SEP 1    221                        45    176
  SINCE JAN 1    566                       100    466
..................................................................


WIND (MPH)
  HIGHEST WIND SPEED    12   HIGHEST WIND DIRECTION    NW (300)
  HIGHEST GUST SPEED    MM   HIGHEST GUST DIRECTION    MM
  AVERAGE WIND SPEED     3.5


SKY COVER
  POSSIBLE SUNSHINE  MM
  AVERAGE SKY COVER 0.0


WEATHER CONDITIONS
 THE FOLLOWING WEATHER WAS RECORDED YESTERDAY.
  FOG
  HAZE


RELATIVE HUMIDITY (PERCENT)
 HIGHEST    86           600 PM
 LOWEST     31          1100 AM
 AVERAGE    59

..........................................................


THE SANTA MARIA AIRPORT CA CLIMATE NORMALS FOR TODAY
                         NORMAL    RECORD    YEAR
 MAXIMUM TEMPERATURE (F)   66        86      1924
 MINIMUM TEMPERATURE (F)   41        25      1919


SUNRISE AND SUNSET
NOVEMBER 29 2014......SUNRISE   649 AM PST   SUNSET   451 PM PST
NOVEMBER 30 2014......SUNRISE   650 AM PST   SUNSET   451 PM PST


-  INDICATES NEGATIVE NUMBERS.
R  INDICATES RECORD WAS SET OR TIED.
MM INDICATES DATA IS MISSING.
T  INDICATES TRACE AMOUNT.




$$
