000
CDAK48 PAFC 170054
CLISNP


CLIMATE REPORT
NATIONAL WEATHER SERVICE ANCHORAGE, AK
354 PM AKST MON JAN 16 2017


...................................

...THE SAINT PAUL ISLAND CLIMATE SUMMARY FOR JANUARY 16 2017...
VALID TODAY AS OF 0300 PM LOCAL TIME.

CLIMATE NORMAL PERIOD 1981 TO 2010
CLIMATE RECORD PERIOD 1892 TO 2017


WEATHER ITEM   OBSERVED TIME   RECORD YEAR NORMAL DEPARTURE LAST
                VALUE   (LST)  VALUE       VALUE  FROM      YEAR
                                                  NORMAL
..................................................................
TEMPERATURE (F)
 TODAY
  MAXIMUM         21   1200 AM  42    1963  29     -8       34
  MINIMUM         14        MM  -8    1893  21     -7       25
  AVERAGE         18                        25     -7       30

PRECIPITATION (IN)
  TODAY            0.02          0.71 1965   0.05  -0.03      T
  MONTH TO DATE    0.51                      0.87  -0.36     1.00
  SINCE DEC 1      3.71                      3.12   0.59     5.73
  SINCE JAN 1      0.51                      0.87  -0.36     1.00

SNOWFALL (IN)
  TODAY            0.0          MM      MM   0.4   -0.4     MM
  MONTH TO DATE    5.6                       6.6   -1.0      0.2
  SINCE DEC 1      9.2                      18.7   -9.5     11.7
  SINCE JUL 1     15.8                      29.0  -13.2     23.7
  SNOW DEPTH      40

DEGREE DAYS
 HEATING
  TODAY           47                        40      7       35
  MONTH TO DATE  595                       627    -32      537
  SINCE DEC 1   1551                      1748   -197     1440
  SINCE JUL 1   4120                      5169  -1049     3988

 COOLING
  TODAY            0                         0      0        0
  MONTH TO DATE    0                         0      0        0
  SINCE DEC 1      0                         0      0        0
  SINCE JAN 1      0                         0      0        0
..................................................................


WIND (MPH)
  RESULTANT WIND SPEED  11   RESULTANT WIND DIRECTION   N (0)
  HIGHEST WIND SPEED    17   HIGHEST WIND DIRECTION     N (350)
  HIGHEST GUST SPEED    MM   HIGHEST GUST DIRECTION    MM
  AVERAGE WIND SPEED    11.9



WEATHER CONDITIONS
 THE FOLLOWING WEATHER WAS RECORDED TODAY.
  SNOW
  LIGHT SNOW
  FOG


..........................................................


THE SAINT PAUL ISLAND CLIMATE NORMALS FOR TOMORROW
                         NORMAL    RECORD    YEAR
 MAXIMUM TEMPERATURE (F)   29        41      1963
 MINIMUM TEMPERATURE (F)   21        -9      1893


SUNRISE AND SUNSET
JANUARY 16 2017.......SUNRISE  1047 AM AKST  SUNSET   615 PM AKST
JANUARY 17 2017.......SUNRISE  1045 AM AKST  SUNSET   618 PM AKST


-  INDICATES NEGATIVE NUMBERS.
R  INDICATES RECORD WAS SET OR TIED.
MM INDICATES DATA IS MISSING.
T  INDICATES TRACE AMOUNT.




$$
