000
CDAK48 PASN 231129
CLISNP

CLIMATE REPORT
NATIONAL WEATHER SERVICE ST PAUL, AK
329 AM AKDT TUE SEP 23 2014

...................................
...THE ST PAUL AIRPORT CLIMATE SUMMARY FOR SEPTEMBER 22 2014...

CLIMATE NORMAL PERIOD  1981 TO  2010
CLIMATE RECORD PERIOD  1892 TO  2014

WEATHER ITEM   OBSERVED TIME    RECORD YEAR NORMAL DEPARTURE LAST
               VALUE    (LST)   VALUE       VALUE  FROM      YEAR
                                                   NORMAL
...................................................................
TEMPERATURE
YESTERDAY
 MAXIMUM            53R 0427 PM    53  1995     49       4     47
 MINIMUM            33  0517 AM    29  1964     39      -6     32
 AVERAGE            43                          44      -1     40

PRECIPITATION
(INCHES)
 YESTERDAY        0.01           0.74  1991   0.09   -0.08   0.05
 MONTH TO DATE    2.96                        2.21    0.75   1.48
 SINCE SEP 1      2.96                        2.21    0.75   1.48
 SINCE JAN 1     16.19                       14.64    1.55  15.51

SNOWFALL
(INCHES)
 YESTERDAY         0.0            0.3  1954    0.0     0.0    0.0
 MONTH TO DATE     0.0                         0.0     0.0    0.0
 SINCE SEP 1       0.0                         0.0     0.0    0.0
 SINCE JUL 1       0.0                         0.0     0.0    0.0
 SNOW DEPTH (IN)     0                                          0

DEGREE DAYS
 HEATING
  YESTERDAY         22                          21       1     25
  MONTH TO DATE    319                         413     -94    424
  SINCE SEP 1      319                         413     -94    424
  SINCE JUL 1     1136                        1465    -329   1467

 COOLING
  YESTERDAY          0                           0       0      0
  MONTH TO DATE      0                           0       0      0
  SINCE SEP 1        0                           0       0      0
  SINCE JAN 1        0                           0       0      0
...................................................................

WIND (MPH)
 HIGHEST WIND SPEED    17     HIGHEST WIND DIRECTION    180
 HIGHEST GUST SPEED    20     HIGHEST GUST DIRECTION    180
 AVERAGE WIND SPEED   9.4

SKY COVER
  POSSIBLE SUNSHINE    MM          AVERAGE SKY COVER     MM

WEATHER CONDITIONS
 THE FOLLOWING WEATHER WAS RECORDED YESTERDAY.
FOG
RAIN


RELATIVE HUMIDITY
 HIGHEST RH     MM PERCENT       MM
 LOWEST  RH     MM PERCENT       MM
 AVERAGE RH     MM PERCENT       MM
...................................................................

THE ST PAUL CLIMATE NORMALS FOR TODAY
                           NORMAL    RECORD   YEAR
 MAXIMUM TEMPERATURE (F)     48        54     1977
 MINIMUM TEMPERATURE (F)     39        26     1964

SUNRISE AND SUNSET
 SEP 23 2014..........SUNRISE  9:09 AM      SUNSET  9:17 PM
 SEP 24 2014..........SUNRISE  9:11 AM      SUNSET  9:14 PM

-  INDICATES NEGATIVE NUMBERS.
R  INDICATES RECORD HAS BEEN SET OR TIED.
MM INDICATES DATA IS MISSING.
T  INDICATES TRACE OF PRECIPITATION.

&&
-------------------------------------------------------------------

AMOUNT OF DAYLIGHT TODAY  (HOUR:MIN)........12 HOURS 8 MINUTES
GAIN/LOSS SINCE YESTERDAY (HOUR:MIN:SEC)....-0:04:49

$$
WIW SEP 14
