000
CDAK48 PAFC 210952
CLISNP


CLIMATE REPORT
NATIONAL WEATHER SERVICE ANCHORAGE, AK
152 AM AKDT MON AUG 21 2017


...................................

...THE SAINT PAUL ISLAND CLIMATE SUMMARY FOR AUGUST 20 2017...

CLIMATE NORMAL PERIOD 1981 TO 2010
CLIMATE RECORD PERIOD 1892 TO 2017


WEATHER ITEM   OBSERVED TIME   RECORD YEAR NORMAL DEPARTURE LAST
                VALUE   (LST)  VALUE       VALUE  FROM      YEAR
                                                  NORMAL
..................................................................
TEMPERATURE (F)
 YESTERDAY
  MAXIMUM         54    245 PM  60    2004  52      2       54
                                      1995
  MINIMUM         44    136 AM  32    1979  46     -2       52
  AVERAGE         49                        49      0       53

PRECIPITATION (IN)
  YESTERDAY        0.00          0.99 1971   0.10  -0.10     0.34
  MONTH TO DATE    1.31                      1.90  -0.59     2.32
  SINCE JUN 1      6.07                      5.10   0.97     4.45
  SINCE JAN 1     11.88                     11.26   0.62    10.14

SNOWFALL (IN)
  YESTERDAY        0.0          MM      MM   0.0    0.0      0.0
  MONTH TO DATE    0.0                       0.0    0.0      0.0
  SINCE JUN 1      0.0                       T      0.0      0.0
  SINCE JUL 1      0.0                       0.0    0.0      0.0
  SNOW DEPTH       0

DEGREE DAYS
 HEATING
  YESTERDAY       16                        16      0       12
  MONTH TO DATE  281                       321    -40      211
  SINCE JUN 1   1361                      1551   -190      964
  SINCE JUL 1    807                       873    -66      502

 COOLING
  YESTERDAY        0                         0      0        0
  MONTH TO DATE    0                         0      0        0
  SINCE JUN 1      0                         0      0        0
  SINCE JAN 1      0                         0      0        0
..................................................................


WIND (MPH)
  RESULTANT WIND SPEED  10   RESULTANT WIND DIRECTION   N (350)
  HIGHEST WIND SPEED    20   HIGHEST WIND DIRECTION     N (10)
  HIGHEST GUST SPEED    24   HIGHEST GUST DIRECTION     N (10)
  AVERAGE WIND SPEED    11.1



WEATHER CONDITIONS
 THE FOLLOWING WEATHER WAS RECORDED YESTERDAY.
  NO SIGNIFICANT WEATHER WAS OBSERVED.


..........................................................


THE SAINT PAUL ISLAND CLIMATE NORMALS FOR TODAY
                         NORMAL    RECORD    YEAR
 MAXIMUM TEMPERATURE (F)   52        59      2014
 MINIMUM TEMPERATURE (F)   46        34      1980


SUNRISE AND SUNSET
AUGUST 21 2017........SUNRISE   801 AM AKDT  SUNSET  1045 PM AKDT
AUGUST 22 2017........SUNRISE   803 AM AKDT  SUNSET  1043 PM AKDT


-  INDICATES NEGATIVE NUMBERS.
R  INDICATES RECORD WAS SET OR TIED.
MM INDICATES DATA IS MISSING.
T  INDICATES TRACE AMOUNT.




$$
