000
CDAK48 PAFC 270045 RRA
CLISNP

CLIMATE REPORT
NATIONAL WEATHER SERVICE ANCHORAGE, AK
443 PM AKDT MON SEP 26 2016


...................................

...THE SAINT PAUL ISLAND CLIMATE SUMMARY FOR SEPTEMBER 26 2016...
VALID TODAY AS OF 0400 PM LOCAL TIME.

CLIMATE NORMAL PERIOD 1981 TO 2010
CLIMATE RECORD PERIOD 1892 TO 2016


WEATHER ITEM   OBSERVED TIME   RECORD YEAR NORMAL DEPARTURE LAST
                VALUE   (LST)  VALUE       VALUE  FROM      YEAR
                                                  NORMAL
..................................................................
TEMPERATURE (F)
 TODAY
  MAXIMUM         54R       MM  54    2014  48      6       51
  MINIMUM         46    300 AM  28    2009  38      8       49
                                      1993
  AVERAGE         50                        43      7       50

PRECIPITATION (IN)
  TODAY            0.12          1.29 1961   0.10   0.02     0.11
  MONTH TO DATE    3.73                      2.60   1.13     3.89
  SINCE SEP 1      3.73                      2.60   1.13     3.89
  SINCE JAN 1     14.47                     15.03  -0.56    15.32

SNOWFALL (IN)
  TODAY            0.0          MM      MM   0.0    0.0     MM
  MONTH TO DATE    0.0                       0.0    0.0      0.0
  SINCE SEP 1      0.0                       0.0    0.0      0.0
  SINCE JUL 1      0.0                       0.0    0.0      0.0
  SNOW DEPTH       0

DEGREE DAYS
 HEATING
  TODAY           15                        22     -7       15
  MONTH TO DATE  361                       500   -139      399
  SINCE SEP 1    361                       500   -139      399
  SINCE JUL 1    974                      1553   -579     1259

 COOLING
  TODAY            0                         0      0        0
  MONTH TO DATE    0                         0      0        0
  SINCE SEP 1      0                         0      0        0
  SINCE JAN 1      0                         0      0        0
..................................................................


WIND (MPH)
  RESULTANT WIND SPEED  15   RESULTANT WIND DIRECTION  NW (320)
  HIGHEST WIND SPEED    24   HIGHEST WIND DIRECTION     W (270)
  HIGHEST GUST SPEED    32   HIGHEST GUST DIRECTION     W (270)
  AVERAGE WIND SPEED    16.5



WEATHER CONDITIONS
 THE FOLLOWING WEATHER WAS RECORDED TODAY.
  RAIN
  LIGHT RAIN
  FOG


..........................................................


THE SAINT PAUL ISLAND CLIMATE NORMALS FOR TOMORROW
                         NORMAL    RECORD    YEAR
 MAXIMUM TEMPERATURE (F)   47        54      2014
 MINIMUM TEMPERATURE (F)   38        25      1989


SUNRISE AND SUNSET
SEPTEMBER 26 2016.....SUNRISE   916 AM AKDT  SUNSET   907 PM AKDT
SEPTEMBER 27 2016.....SUNRISE   918 AM AKDT  SUNSET   904 PM AKDT

CIVIL TWILIGHT
SEPTEMBER 26 2016       START   713 AM AKDT     END   828 PM AKDT
SEPTEMBER 27 2016       START   716 AM AKDT     END   825 PM AKDT



-  INDICATES NEGATIVE NUMBERS.
R  INDICATES RECORD WAS SET OR TIED.
MM INDICATES DATA IS MISSING.
T  INDICATES TRACE AMOUNT.




$$
&&
------------------------------------------------------
AMOUNT OF DAYLIGHT TODAY  (HOUR:MIN)........11:49
GAIN/LOSS SINCE YESTERDAY (HOUR:MIN:SEC)....-0:05:39
