000
CDAK48 PASN 281135
CLISNP

CLIMATE REPORT
NATIONAL WEATHER SERVICE ST PAUL, AK
235 AM AKST SAT FEB 28 2015

...................................
...THE ST PAUL AIRPORT CLIMATE SUMMARY FOR FEBRUARY 27 2015...

CLIMATE NORMAL PERIOD  1981 TO  2010
CLIMATE RECORD PERIOD  1892 TO  2015

WEATHER ITEM   OBSERVED TIME    RECORD YEAR NORMAL DEPARTURE LAST
               VALUE    (LST)   VALUE       VALUE  FROM      YEAR
                                                   NORMAL
...................................................................
TEMPERATURE
YESTERDAY
 MAXIMUM            38R 0623 PM    38  1981     29       9     33
 MINIMUM            33  1159 PM   -13  1894     20      13     24
 AVERAGE            36                          25      11     29

PRECIPITATION
(INCHES)
 YESTERDAY        0.04           0.45  1990   0.04    0.00      T
 MONTH TO DATE    1.12                        1.26   -0.14   0.92
 SINCE DEC 1      5.28                        5.09    0.19   7.52
 SINCE JAN 1      2.32                        2.84   -0.52   4.33

SNOWFALL
(INCHES)
 YESTERDAY           T            4.3  1990    0.3    -0.3      T
 MONTH TO DATE    10.5                         9.7     0.8    7.9
 SINCE DEC 1      29.0                        34.4    -5.4   31.6
 SINCE JUL 1      29.7                        44.7   -15.0   34.3
 SNOW DEPTH (IN)     1                                          6

DEGREE DAYS
 HEATING
  YESTERDAY         29                          40     -11     36
  MONTH TO DATE    981                        1100    -119   1063
  SINCE DEC 1     3017                        3459    -442   3128
  SINCE JUL 1     5922                        6879    -957   6410

 COOLING
  YESTERDAY          0                           0       0      0
  MONTH TO DATE      0                           0       0      0
  SINCE DEC 1        0                           0       0      0
  SINCE JAN 1        0                           0       0      0
...................................................................

WIND (MPH)
 HIGHEST WIND SPEED    23     HIGHEST WIND DIRECTION    160
 HIGHEST GUST SPEED    27     HIGHEST GUST DIRECTION    160
 AVERAGE WIND SPEED  11.9

SKY COVER
  POSSIBLE SUNSHINE    MM          AVERAGE SKY COVER     MM

WEATHER CONDITIONS
 THE FOLLOWING WEATHER WAS RECORDED YESTERDAY.
  FOG
  RAIN
  SNOW


RELATIVE HUMIDITY
 HIGHEST RH     MM PERCENT       MM
 LOWEST  RH     MM PERCENT       MM
 AVERAGE RH     MM PERCENT       MM
...................................................................

THE ST PAUL CLIMATE NORMALS FOR TODAY
                           NORMAL    RECORD   YEAR
 MAXIMUM TEMPERATURE (F)     29        39     1952
 MINIMUM TEMPERATURE (F)     20       -11     1971

SUNRISE AND SUNSET
 FEB 28 2015..........SUNRISE  9:17 AM      SUNSET  7:52 PM
 MAR 1 2015..........SUNRISE  9:14 AM      SUNSET  7:54 PM

-  INDICATES NEGATIVE NUMBERS.
R  INDICATES RECORD HAS BEEN SET OR TIED.
MM INDICATES DATA IS MISSING.
T  INDICATES TRACE OF PRECIPITATION.

&&
-------------------------------------------------------------------

AMOUNT OF DAYLIGHT TODAY  (HOUR:MIN)........10 HOURS 35 MINUTES
GAIN/LOSS SINCE YESTERDAY (HOUR:MIN:SEC)....+0:04:50

$$
HCH FEB 15
