000
CDAK48 PASN 011137
CLISNP

CLIMATE REPORT
NATIONAL WEATHER SERVICE ST PAUL, AK
337 AM AKDT SUN MAY 1 2016

...................................
...THE ST PAUL AIRPORT CLIMATE SUMMARY FOR APRIL 30 2016...

CLIMATE NORMAL PERIOD  1981 TO  2010
CLIMATE RECORD PERIOD  1892 TO  2016

WEATHER ITEM   OBSERVED TIME    RECORD YEAR NORMAL DEPARTURE LAST
               VALUE    (LST)   VALUE       VALUE  FROM      YEAR
                                                   NORMAL
...................................................................
TEMPERATURE
YESTERDAY
 MAXIMUM            38  0312 PM    45  1981     37       1     43
 MINIMUM            32  1159 PM    12  1975     29       3     29
 AVERAGE            35                          33       2     36

PRECIPITATION
(INCHES)
 YESTERDAY           T           0.29  1987   0.03   -0.03      T
 MONTH TO DATE    1.20                        1.08    0.12   1.25
 SINCE MAR 1      2.31                        2.15    0.16   1.93
 SINCE JAN 1      5.12                        5.03    0.09   4.25

SNOWFALL
(INCHES)
 YESTERDAY           T            0.6  1987    0.1    -0.1    0.0
 MONTH TO DATE     0.8                         5.7    -4.9    9.2
 SINCE MAR 1      11.7                        13.7    -2.0   18.6
 SINCE JUL 1      52.5                        58.7    -6.2   48.3
 SNOW DEPTH (IN)     0                                          0

DEGREE DAYS
 HEATING
  YESTERDAY         30                          32      -2     29
  MONTH TO DATE    859                        1071    -212   1054
  SINCE MAR 1     1984                        2308    -324   2229
  SINCE JUL 1     8009                        9227   -1218   8186

 COOLING
  YESTERDAY          0                           0       0      0
  MONTH TO DATE      0                           0       0      0
  SINCE MAR 1        0                           0       0      0
  SINCE JAN 1        0                           0       0      0
...................................................................

WIND (MPH)
 HIGHEST WIND SPEED    26     HIGHEST WIND DIRECTION    350
 HIGHEST GUST SPEED    32     HIGHEST GUST DIRECTION    350
 AVERAGE WIND SPEED  17.7

SKY COVER
  POSSIBLE SUNSHINE    MM          AVERAGE SKY COVER     MM

WEATHER CONDITIONS
 THE FOLLOWING WEATHER WAS RECORDED YESTERDAY.
  FOG
  SNOW


RELATIVE HUMIDITY
 HIGHEST RH     MM PERCENT       MM
 LOWEST  RH     MM PERCENT       MM
 AVERAGE RH     MM PERCENT       MM
...................................................................

THE ST PAUL CLIMATE NORMALS FOR TODAY
                           NORMAL    RECORD   YEAR
 MAXIMUM TEMPERATURE (F)     37        44     2015
 MINIMUM TEMPERATURE (F)     29        14     2010

SUNRISE AND SUNSET
 MAY 1 2016..........SUNRISE  7:31 AM      SUNSET 11:07 PM
 MAY 2 2016..........SUNRISE  7:28 AM      SUNSET 11:10 PM

-  INDICATES NEGATIVE NUMBERS.
R  INDICATES RECORD HAS BEEN SET OR TIED.
MM INDICATES DATA IS MISSING.
T  INDICATES TRACE OF PRECIPITATION.

&&
-------------------------------------------------------------------

AMOUNT OF DAYLIGHT TODAY  (HOUR:MIN)........15 HOURS 36 MINUTES
GAIN/LOSS SINCE YESTERDAY (HOUR:MIN:SEC)....+0:04:29

$$
WIW MAY 16
