676
CDAK48 PAFC 251329 RRB
CLISNP

CLIMATE REPORT
NATIONAL WEATHER SERVICE ANCHORAGE, AK
426 AM AKST SAT FEB 25 2017


...................................

...THE SAINT PAUL ISLAND CLIMATE SUMMARY FOR FEBRUARY 24 2017...

CLIMATE NORMAL PERIOD 1981 TO 2010
CLIMATE RECORD PERIOD 1892 TO 2017


WEATHER ITEM   OBSERVED TIME   RECORD YEAR NORMAL DEPARTURE LAST
                VALUE   (LST)  VALUE       VALUE  FROM      YEAR
                                                  NORMAL
..................................................................
TEMPERATURE (F)
 YESTERDAY
  MAXIMUM         37    500 PM  40    1989  29      8       31
  MINIMUM         33   1012 AM -11    1954  20     13       27
  AVERAGE         35                        25     10       29

PRECIPITATION (IN)
  YESTERDAY        T             0.60 1894   0.04  -0.04      T
  MONTH TO DATE    1.18                      1.14   0.04     0.95
  SINCE DEC 1      5.89                      4.97   0.92     7.30
  SINCE JAN 1      2.69                      2.72  -0.03     2.57

SNOWFALL (IN)
  YESTERDAY        T            MM      MM   0.3   -0.3     MM
  MONTH TO DATE    9.9                       8.8    1.1      0.0
  SINCE DEC 1     41.4                      33.5    7.9     11.7
  SINCE JUL 1     48.0                      43.8    4.2     23.7
  SNOW DEPTH       0

DEGREE DAYS
 HEATING
  YESTERDAY       30                        40    -10       36
  MONTH TO DATE  991                       980     11      646
  SINCE DEC 1   3166                      3338   -172     2520
  SINCE JUL 1   5735                      6759  -1024     5068

 COOLING
  YESTERDAY        0                         0      0        0
  MONTH TO DATE    0                         0      0        0
  SINCE DEC 1      0                         0      0        0
  SINCE JAN 1      0                         0      0        0
..................................................................


WIND (MPH)
  RESULTANT WIND SPEED  21   RESULTANT WIND DIRECTION  SW (210)
  HIGHEST WIND SPEED    33   HIGHEST WIND DIRECTION     S (180)
  HIGHEST GUST SPEED    42   HIGHEST GUST DIRECTION     S (180)
  AVERAGE WIND SPEED    21.6



WEATHER CONDITIONS
 THE FOLLOWING WEATHER WAS RECORDED YESTERDAY.
  LIGHT SNOW
  FOG


..........................................................


THE SAINT PAUL ISLAND CLIMATE NORMALS FOR TODAY
                         NORMAL    RECORD    YEAR
 MAXIMUM TEMPERATURE (F)   29        39      1951
 MINIMUM TEMPERATURE (F)   20       -12      2013
                                             1954


SUNRISE AND SUNSET
FEBRUARY 25 2017......SUNRISE   923 AM AKST  SUNSET   746 PM AKST
FEBRUARY 26 2017......SUNRISE   920 AM AKST  SUNSET   748 PM AKST

CIVIL TWILIGHT
FEBRUARY 25 2017        START    845 AM GMT     END    825 PM GMT
FEBRUARY 26 2017        START    842 AM GMT     END    827 PM GMT



-  INDICATES NEGATIVE NUMBERS.
R  INDICATES RECORD WAS SET OR TIED.
MM INDICATES DATA IS MISSING.
T  INDICATES TRACE AMOUNT.




$$
&&
------------------------------------------------------
AMOUNT OF DAYLIGHT TODAY  (HOUR:MIN)........10:23
GAIN/LOSS SINCE YESTERDAY (HOUR:MIN:SEC)....+0:04:50

$$
