000
CDAK48 PASN 161208
CLISNP

CLIMATE REPORT
NATIONAL WEATHER SERVICE ST PAUL, AK
408 AM AKDT WED APR 16 2014

...................................
...THE ST PAUL AIRPORT CLIMATE SUMMARY FOR APRIL 15 2014...

CLIMATE NORMAL PERIOD  1981 TO  2010
CLIMATE RECORD PERIOD  1949 TO  2014

WEATHER ITEM   OBSERVED TIME    RECORD YEAR NORMAL DEPARTURE LAST
               VALUE    (LST)   VALUE       VALUE  FROM      YEAR
                                                   NORMAL
...................................................................
TEMPERATURE
YESTERDAY
 MAXIMUM            39  0219 PM    41  2001     33       6     27
 MINIMUM            33  0205 AM     0  1956     25       8     23
 AVERAGE            36                          29       7     25

PRECIPITATION
(INCHES)
 YESTERDAY        0.11           0.53  1967   0.04    0.07      T
 MONTH TO DATE    0.64                        0.54    0.10   0.24
 SINCE MAR 1      1.84                        1.61    0.23   3.37
 SINCE JAN 1      6.17                        4.49    1.68   6.22

SNOWFALL
(INCHES)
 YESTERDAY           T            2.5  2010    0.2    -0.2      T
 MONTH TO DATE     1.0                         3.5    -2.5    2.3
 SINCE MAR 1       9.4                        11.5    -2.1   29.2
 SINCE JUL 1      43.7                        56.5   -12.8   72.7
 SNOW DEPTH (IN)     T                                         30

DEGREE DAYS
 HEATING
  YESTERDAY         29                          36      -7     40
  MONTH TO DATE    494                         563     -69    670
  SINCE MAR 1     1740                        1800     -60   1948
  SINCE JUL 1     8186                        8719    -533   9408

 COOLING
  YESTERDAY          0                           0       0      0
  MONTH TO DATE      0                           0       0      0
  SINCE MAR 1        0                           0       0      0
  SINCE JAN 1        0                           0       0      0
...................................................................

WIND (MPH)
 HIGHEST WIND SPEED    28     HIGHEST WIND DIRECTION    110
 HIGHEST GUST SPEED    35     HIGHEST GUST DIRECTION    110
 AVERAGE WIND SPEED  14.7

SKY COVER
  POSSIBLE SUNSHINE    MM          AVERAGE SKY COVER     MM

WEATHER CONDITIONS
 THE FOLLOWING WEATHER WAS RECORDED YESTERDAY.
  FOG
  RAIN
  SNOW


RELATIVE HUMIDITY
 HIGHEST RH     MM PERCENT       MM
 LOWEST  RH     MM PERCENT       MM
 AVERAGE RH     MM PERCENT       MM
...................................................................

THE ST PAUL CLIMATE NORMALS FOR TODAY
                           NORMAL    RECORD   YEAR
 MAXIMUM TEMPERATURE (F)     33        41     1979
 MINIMUM TEMPERATURE (F)     25         8     1985

SUNRISE AND SUNSET
 APR 16 2014..........SUNRISE  8:10 AM      SUNSET 10:34 PM
 APR 17 2014..........SUNRISE  8:07 AM      SUNSET 10:36 PM

-  INDICATES NEGATIVE NUMBERS.
R  INDICATES RECORD HAS BEEN SET OR TIED.
MM INDICATES DATA IS MISSING.
T  INDICATES TRACE OF PRECIPITATION.

&&
-------------------------------------------------------------------

AMOUNT OF DAYLIGHT TODAY  (HOUR:MIN)........14 HOURS 24 MINUTES
GAIN/LOSS SINCE YESTERDAY (HOUR:MIN:SEC)....+0:04:46

$$
FONTENOT
